{"id":9415,"date":"2021-04-27T18:46:49","date_gmt":"2021-04-27T16:46:49","guid":{"rendered":"https:\/\/www.dosacordes.es\/web\/?post_type=product&#038;p=9415"},"modified":"2024-04-04T00:50:05","modified_gmt":"2024-04-03T22:50:05","slug":"saudades-dalborada","status":"publish","type":"product","link":"https:\/\/www.dosacordes.es\/web\/producto\/saudades-dalborada\/","title":{"rendered":"Saudades d&#8217;alborada"},"content":{"rendered":"","protected":false},"excerpt":{"rendered":"<h5>Baladas e zarzuelas galegas<\/h5>\n<h6>Loli Crespo, soprano; Alejo Amoedo, piano<\/h6>\n<p>A soprano Loli Crespo e o pianista <a href=\"http:\/\/alejoamoedo.com\/\">Alejo Amoedo<\/a> exploran neste disco os x\u00e9neros da balada galega e a zarzuela galega, nun percorrido hist\u00f3rico que, desde os rom\u00e1nticos Juan Montes ou Jos\u00e9 Castro \u00abChan\u00e9\u00bb, chega \u00e1 produci\u00f3n contempor\u00e1nea da compositora Mar\u00eda Mendoza.<\/p>\n<ol>\n<li>Lonxe d\u2019a terri\u00f1a (Juan Montes)<\/li>\n<li>Meus amores (Jos\u00e9 Baldomir)<\/li>\n<li>Os teus ollos (Jos\u00e9 Castro \u00abChan\u00e9\u00bb)<\/li>\n<li>Veira d\u2019o mar (Reveriano Soutullo)<\/li>\n<li>Primadeira (Reveriano Soutullo)<\/li>\n<li>Durme (Pilar Castillo)<\/li>\n<li>\u00c1goa de mui\u00f1o (Mar\u00eda Mendoza)<\/li>\n<li>Sin ni\u00f1o (\u00c1ngel Rodulfo)<\/li>\n<li>Saudades d\u2019alborada (\u00c1ngel Rodulfo)<\/li>\n<li>Rosa de abril (Andr\u00e9s Gaos)<\/li>\n<li>Cuantas savedes amar (\u00c1ngel Barja)<\/li>\n<li>Aureana d\u2019o Sil (Federico Mompou)<\/li>\n<li>Eu xa non durmo sen verte (Jos\u00e9 Fern\u00e1ndez Vide)<\/li>\n<li>Romanza de Marica, de \u00abA lenda de Montelongo\u00bb (Bernardo del R\u00edo)<\/li>\n<li>Quixen morrer!, de \u00abMi\u00f1atos de vran\u00bb (Jos\u00e9 Fern\u00e1ndez Vide)<\/li>\n<\/ol>\n<p><audio src=\"https:\/\/www.dosacordes.es\/web\/wp-content\/uploads\/2021\/04\/Rosa-de-abril-frag.mp3\" controls=\"controls\"><\/audio><\/p>\n","protected":false},"featured_media":9416,"template":"","meta":{"om_disable_all_campaigns":false,"_monsterinsights_skip_tracking":false,"_monsterinsights_sitenote_active":false,"_monsterinsights_sitenote_note":"","_monsterinsights_sitenote_category":0},"product_cat":[350],"product_tag":[],"aioseo_notices":[],"lang":"es","translations":{"es":9415},"pll_sync_post":[],"_links":{"self":[{"href":"https:\/\/www.dosacordes.es\/web\/wp-json\/wp\/v2\/product\/9415"}],"collection":[{"href":"https:\/\/www.dosacordes.es\/web\/wp-json\/wp\/v2\/product"}],"about":[{"href":"https:\/\/www.dosacordes.es\/web\/wp-json\/wp\/v2\/types\/product"}],"wp:featuredmedia":[{"embeddable":true,"href":"https:\/\/www.dosacordes.es\/web\/wp-json\/wp\/v2\/media\/9416"}],"wp:attachment":[{"href":"https:\/\/www.dosacordes.es\/web\/wp-json\/wp\/v2\/media?parent=9415"}],"wp:term":[{"taxonomy":"product_cat","embeddable":true,"href":"https:\/\/www.dosacordes.es\/web\/wp-json\/wp\/v2\/product_cat?post=9415"},{"taxonomy":"product_tag","embeddable":true,"href":"https:\/\/www.dosacordes.es\/web\/wp-json\/wp\/v2\/product_tag?post=9415"}],"curies":[{"name":"wp","href":"https:\/\/api.w.org\/{rel}","templated":true}]}}

<h5>Baladas e zarzuelas galegas</h5>
<h6>Loli Crespo, soprano; Alejo Amoedo, piano</h6>
<p>A soprano Loli Crespo e o pianista <a href="http://alejoamoedo.com/">Alejo Amoedo</a> exploran neste disco os xéneros da balada galega e a zarzuela galega, nun percorrido histórico que, desde os románticos Juan Montes ou José Castro «Chané», chega á produción contemporánea da compositora María Mendoza.</p>
<ol>
<li>Lonxe d’a terriña (Juan Montes)</li>
<li>Meus amores (José Baldomir)</li>
<li>Os teus ollos (José Castro «Chané»)</li>
<li>Veira d’o mar (Reveriano Soutullo)</li>
<li>Primadeira (Reveriano Soutullo)</li>
<li>Durme (Pilar Castillo)</li>
<li>Ágoa de muiño (María Mendoza)</li>
<li>Sin niño (Ángel Rodulfo)</li>
<li>Saudades d’alborada (Ángel Rodulfo)</li>
<li>Rosa de abril (Andrés Gaos)</li>
<li>Cuantas savedes amar (Ángel Barja)</li>
<li>Aureana d’o Sil (Federico Mompou)</li>
<li>Eu xa non durmo sen verte (José Fernández Vide)</li>
<li>Romanza de Marica, de «A lenda de Montelongo» (Bernardo del Río)</li>
<li>Quixen morrer!, de «Miñatos de vran» (José Fernández Vide)</li>
</ol>
<p><audio src="https://www.dosacordes.es/web/wp-content/uploads/2021/04/Rosa-de-abril-frag.mp3" controls="controls"></audio></p>
