{"id":9318,"date":"2021-03-17T14:30:33","date_gmt":"2021-03-17T12:30:33","guid":{"rendered":"https:\/\/www.dosacordes.es\/web\/?post_type=product&#038;p=9318"},"modified":"2021-03-17T17:58:52","modified_gmt":"2021-03-17T15:58:52","slug":"preludio-y-ocaso","status":"publish","type":"product","link":"https:\/\/www.dosacordes.es\/web\/producto\/preludio-y-ocaso\/","title":{"rendered":"Preludio y ocaso: Para guitarra"},"content":{"rendered":"<p>Si la historia nos ha ense\u00f1ado algo es que se basa en una constante, un concepto en el que, precisamente, tambi\u00e9n descansa gran parte del fen\u00f3meno musical: la repetici\u00f3n. Desde que tenemos conocimiento, somos conscientes de que la naturaleza se replica y de que la historia se repite.<\/p>\n<p>El siglo XX ha sido el siglo de la explosi\u00f3n de la comunicaci\u00f3n y la diversificaci\u00f3n del arte. Sin embargo, sus comienzos han sido tenebrosos y tristes. Este ya no tan nuevo siglo rememora las viejas grandes incertidumbres sobre el futuro. Miramos atr\u00e1s y, por mucho que volvamos la vista, seguimos teniendo los mismos miedos, las mismas ambiciones, la misma incertidumbre.<\/p>\n<p><em>Preludio y ocaso<\/em> es una evocaci\u00f3n, un presentimiento o simplemente una manifestaci\u00f3n m\u00e1s de la inevitable debilidad humana, que nos hace replicarnos a lo largo de la historia.<\/p>\n<p>Como sugerencia, se puede usar una primera de tensi\u00f3n m\u00e1s baja para equilibrar las diferencias de tensi\u00f3n derivadas de la afinaci\u00f3n.<\/p>\n","protected":false},"excerpt":{"rendered":"<h5>Esteban Fragas Rom\u00e1n<\/h5>\n<p>&nbsp;<\/p>\n","protected":false},"featured_media":9319,"template":"","meta":{"om_disable_all_campaigns":false,"_monsterinsights_skip_tracking":false,"_monsterinsights_sitenote_active":false,"_monsterinsights_sitenote_note":"","_monsterinsights_sitenote_category":0},"product_cat":[361],"product_tag":[],"aioseo_notices":[],"lang":"es","translations":{"es":9318},"pll_sync_post":[],"_links":{"self":[{"href":"https:\/\/www.dosacordes.es\/web\/wp-json\/wp\/v2\/product\/9318"}],"collection":[{"href":"https:\/\/www.dosacordes.es\/web\/wp-json\/wp\/v2\/product"}],"about":[{"href":"https:\/\/www.dosacordes.es\/web\/wp-json\/wp\/v2\/types\/product"}],"wp:featuredmedia":[{"embeddable":true,"href":"https:\/\/www.dosacordes.es\/web\/wp-json\/wp\/v2\/media\/9319"}],"wp:attachment":[{"href":"https:\/\/www.dosacordes.es\/web\/wp-json\/wp\/v2\/media?parent=9318"}],"wp:term":[{"taxonomy":"product_cat","embeddable":true,"href":"https:\/\/www.dosacordes.es\/web\/wp-json\/wp\/v2\/product_cat?post=9318"},{"taxonomy":"product_tag","embeddable":true,"href":"https:\/\/www.dosacordes.es\/web\/wp-json\/wp\/v2\/product_tag?post=9318"}],"curies":[{"name":"wp","href":"https:\/\/api.w.org\/{rel}","templated":true}]}}

<p>Si la historia nos ha enseñado algo es que se basa en una constante, un concepto en el que, precisamente, también descansa gran parte del fenómeno musical: la repetición. Desde que tenemos conocimiento, somos conscientes de que la naturaleza se replica y de que la historia se repite.</p>
<p>El siglo XX ha sido el siglo de la explosión de la comunicación y la diversificación del arte. Sin embargo, sus comienzos han sido tenebrosos y tristes. Este ya no tan nuevo siglo rememora las viejas grandes incertidumbres sobre el futuro. Miramos atrás y, por mucho que volvamos la vista, seguimos teniendo los mismos miedos, las mismas ambiciones, la misma incertidumbre.</p>
<p><em>Preludio y ocaso</em> es una evocación, un presentimiento o simplemente una manifestación más de la inevitable debilidad humana, que nos hace replicarnos a lo largo de la historia.</p>
<p>Como sugerencia, se puede usar una primera de tensión más baja para equilibrar las diferencias de tensión derivadas de la afinación.</p>

<h5>Esteban Fragas Román</h5>
<p>&nbsp;</p>
