{"id":8557,"date":"2020-11-12T19:36:26","date_gmt":"2020-11-12T17:36:26","guid":{"rendered":"https:\/\/www.dosacordes.es\/web\/?post_type=product&#038;p=8557"},"modified":"2025-11-13T13:55:02","modified_gmt":"2025-11-13T12:55:02","slug":"jose-manuel-lopez-lopez-de-la-musica-de-notas-a-la-musica-de-particulas","status":"publish","type":"product","link":"https:\/\/www.dosacordes.es\/web\/producto\/jose-manuel-lopez-lopez-de-la-musica-de-notas-a-la-musica-de-particulas\/","title":{"rendered":"Jos\u00e9 Manuel L\u00f3pez L\u00f3pez: de la m\u00fasica de notas a la m\u00fasica de part\u00edculas"},"content":{"rendered":"","protected":false},"excerpt":{"rendered":"<h5>Jacobo Gaspar Grandal<\/h5>\n<p>Este libro, s\u00edntesis de una tesis doctoral, tiene el prop\u00f3sito de acercar la obra y pensamiento del compositor Jos\u00e9 Manuel L\u00f3pez L\u00f3pez no solo a investigadores especializados, quienes suelen ser los principales lectores de tesis doctorales, sino tambi\u00e9n a un p\u00fablico m\u00e1s amplio que, como requisito previo, \u00fanicamente debiera poseer cierto inter\u00e9s y curiosidad por conocer m\u00e1s en profundidad las claves que explican la obra de uno de los compositores espa\u00f1oles m\u00e1s influyentes en este inicio del siglo XXI.<\/p>\n","protected":false},"featured_media":8559,"template":"","meta":{"om_disable_all_campaigns":false,"_monsterinsights_skip_tracking":false,"_monsterinsights_sitenote_active":false,"_monsterinsights_sitenote_note":"","_monsterinsights_sitenote_category":0},"product_cat":[348],"product_tag":[],"aioseo_notices":[],"lang":"es","translations":{"es":8557},"pll_sync_post":[],"_links":{"self":[{"href":"https:\/\/www.dosacordes.es\/web\/wp-json\/wp\/v2\/product\/8557"}],"collection":[{"href":"https:\/\/www.dosacordes.es\/web\/wp-json\/wp\/v2\/product"}],"about":[{"href":"https:\/\/www.dosacordes.es\/web\/wp-json\/wp\/v2\/types\/product"}],"wp:featuredmedia":[{"embeddable":true,"href":"https:\/\/www.dosacordes.es\/web\/wp-json\/wp\/v2\/media\/8559"}],"wp:attachment":[{"href":"https:\/\/www.dosacordes.es\/web\/wp-json\/wp\/v2\/media?parent=8557"}],"wp:term":[{"taxonomy":"product_cat","embeddable":true,"href":"https:\/\/www.dosacordes.es\/web\/wp-json\/wp\/v2\/product_cat?post=8557"},{"taxonomy":"product_tag","embeddable":true,"href":"https:\/\/www.dosacordes.es\/web\/wp-json\/wp\/v2\/product_tag?post=8557"}],"curies":[{"name":"wp","href":"https:\/\/api.w.org\/{rel}","templated":true}]}}