{"id":8555,"date":"2020-11-12T19:33:19","date_gmt":"2020-11-12T17:33:19","guid":{"rendered":"https:\/\/www.dosacordes.es\/web\/?post_type=product&#038;p=8555"},"modified":"2025-08-01T03:46:26","modified_gmt":"2025-08-01T01:46:26","slug":"a-banda-garrote-musica-e-musicos-en-ortigueira","status":"publish","type":"product","link":"https:\/\/www.dosacordes.es\/web\/producto\/a-banda-garrote-musica-e-musicos-en-ortigueira\/","title":{"rendered":"A Banda Garrote: m\u00fasica e m\u00fasicos en Ortigueira"},"content":{"rendered":"","protected":false},"excerpt":{"rendered":"<h5>Xabier Garrote Cobelo<\/h5>\n<p>Xabier Garrote Cobelo recolle nesta obra os resultados dun monumental traballo de clasificaci\u00f3n e estudo historiogr\u00e1fico dos materiais documentais conservados no Arquivo Musical da Banda Garrote de Ortigueira, con particular \u00e9nfase no papel hist\u00f3rico da Banda Garrote e no rol que nesta comarca exerceron tres m\u00fasicos dunha saga familiar incuestionablemente vencellada \u00e1 historia musical de Galicia: Jos\u00e9 Mar\u00eda, Manuel e Andr\u00e9s Garrote.<\/p>\n<p>O ensaio compl\u00e9tase con documentadas referencias a moitos dos m\u00fasicos responsables de trazar a historia das bandas de m\u00fasica en Ortigueira, cun amplo aparato documental e con d\u00faas notables contribuci\u00f3ns, dos estudosos Xos\u00e9 Carlos Breixo e Alejo Amoedo, que constit\u00faen unha mostra das moitas li\u00f1as de investigaci\u00f3n que este traballo abre.<\/p>\n","protected":false},"featured_media":9334,"template":"","meta":{"om_disable_all_campaigns":false,"_monsterinsights_skip_tracking":false,"_monsterinsights_sitenote_active":false,"_monsterinsights_sitenote_note":"","_monsterinsights_sitenote_category":0},"product_cat":[348],"product_tag":[],"aioseo_notices":[],"lang":"es","translations":{"es":8555},"pll_sync_post":[],"_links":{"self":[{"href":"https:\/\/www.dosacordes.es\/web\/wp-json\/wp\/v2\/product\/8555"}],"collection":[{"href":"https:\/\/www.dosacordes.es\/web\/wp-json\/wp\/v2\/product"}],"about":[{"href":"https:\/\/www.dosacordes.es\/web\/wp-json\/wp\/v2\/types\/product"}],"wp:featuredmedia":[{"embeddable":true,"href":"https:\/\/www.dosacordes.es\/web\/wp-json\/wp\/v2\/media\/9334"}],"wp:attachment":[{"href":"https:\/\/www.dosacordes.es\/web\/wp-json\/wp\/v2\/media?parent=8555"}],"wp:term":[{"taxonomy":"product_cat","embeddable":true,"href":"https:\/\/www.dosacordes.es\/web\/wp-json\/wp\/v2\/product_cat?post=8555"},{"taxonomy":"product_tag","embeddable":true,"href":"https:\/\/www.dosacordes.es\/web\/wp-json\/wp\/v2\/product_tag?post=8555"}],"curies":[{"name":"wp","href":"https:\/\/api.w.org\/{rel}","templated":true}]}}

A Banda Garrote: música e músicos en Ortigueira

<h5>Xabier Garrote Cobelo</h5>
<p>Xabier Garrote Cobelo recolle nesta obra os resultados dun monumental traballo de clasificación e estudo historiográfico dos materiais documentais conservados no Arquivo Musical da Banda Garrote de Ortigueira, con particular énfase no papel histórico da Banda Garrote e no rol que nesta comarca exerceron tres músicos dunha saga familiar incuestionablemente vencellada á historia musical de Galicia: José María, Manuel e Andrés Garrote.</p>
<p>O ensaio complétase con documentadas referencias a moitos dos músicos responsables de trazar a historia das bandas de música en Ortigueira, cun amplo aparato documental e con dúas notables contribucións, dos estudosos Xosé Carlos Breixo e Alejo Amoedo, que constitúen unha mostra das moitas liñas de investigación que este traballo abre.</p>
