{"id":7848,"date":"2020-08-24T18:12:53","date_gmt":"2020-08-24T16:12:53","guid":{"rendered":"http:\/\/www.dosacordes.es\/web\/?post_type=product&#038;p=7848"},"modified":"2026-03-30T11:25:53","modified_gmt":"2026-03-30T09:25:53","slug":"temario-de-trompeta","status":"publish","type":"product","link":"https:\/\/www.dosacordes.es\/web\/producto\/temario-de-trompeta\/","title":{"rendered":"Temario de Trompeta"},"content":{"rendered":"","protected":false},"excerpt":{"rendered":"<h5>Javier Viceiro, Adolfo Caride, Gonzalo S\u00e1nchez, M\u00f3nica Balo, Javier Jurado, \u00c1lvaro Jurado, Ana Rif\u00f3n<\/h5>\n<p>Correspondiente al Cuerpo de Profesores de M\u00fasica y Artes Esc\u00e9nicas. Seg\u00fan Orden ECD\/1753\/2015, de 25 de agosto, por la que se aprueban los temarios que han de regir en los procedimientos de ingreso, acceso y adquisici\u00f3n de nuevas especialidades en el Cuerpo de Profesores de M\u00fasica y Artes Esc\u00e9nicas (BOE del 28 de agosto de 2015).<\/p>\n","protected":false},"featured_media":7849,"template":"","meta":{"om_disable_all_campaigns":false,"_monsterinsights_skip_tracking":false,"_monsterinsights_sitenote_active":false,"_monsterinsights_sitenote_note":"","_monsterinsights_sitenote_category":0},"product_cat":[387,640],"product_tag":[],"aioseo_notices":[],"lang":"es","translations":{"es":7848},"pll_sync_post":[],"_links":{"self":[{"href":"https:\/\/www.dosacordes.es\/web\/wp-json\/wp\/v2\/product\/7848"}],"collection":[{"href":"https:\/\/www.dosacordes.es\/web\/wp-json\/wp\/v2\/product"}],"about":[{"href":"https:\/\/www.dosacordes.es\/web\/wp-json\/wp\/v2\/types\/product"}],"wp:featuredmedia":[{"embeddable":true,"href":"https:\/\/www.dosacordes.es\/web\/wp-json\/wp\/v2\/media\/7849"}],"wp:attachment":[{"href":"https:\/\/www.dosacordes.es\/web\/wp-json\/wp\/v2\/media?parent=7848"}],"wp:term":[{"taxonomy":"product_cat","embeddable":true,"href":"https:\/\/www.dosacordes.es\/web\/wp-json\/wp\/v2\/product_cat?post=7848"},{"taxonomy":"product_tag","embeddable":true,"href":"https:\/\/www.dosacordes.es\/web\/wp-json\/wp\/v2\/product_tag?post=7848"}],"curies":[{"name":"wp","href":"https:\/\/api.w.org\/{rel}","templated":true}]}}