{"id":7832,"date":"2020-08-24T18:06:04","date_gmt":"2020-08-24T16:06:04","guid":{"rendered":"http:\/\/www.dosacordes.es\/web\/?post_type=product&#038;p=7832"},"modified":"2026-01-08T17:51:32","modified_gmt":"2026-01-08T16:51:32","slug":"temario-de-guitarra-electrica","status":"publish","type":"product","link":"https:\/\/www.dosacordes.es\/web\/producto\/temario-de-guitarra-electrica\/","title":{"rendered":"Temario de Guitarra El\u00e9ctrica"},"content":{"rendered":"","protected":false},"excerpt":{"rendered":"<h5>Jorge Gonz\u00e1lez, M\u00f3nica Balo, \u00c1lvaro Jurado, Javier Jurado, Ana Rif\u00f3n<\/h5>\n<p>Correspondiente al Cuerpo de Profesores de M\u00fasica y Artes Esc\u00e9nicas. Seg\u00fan Orden ECD\/1753\/2015, de 25 de agosto, por la que se aprueban los temarios que han de regir en los procedimientos de ingreso, acceso y adquisici\u00f3n de nuevas especialidades en el Cuerpo de Profesores de M\u00fasica y Artes Esc\u00e9nicas (BOE del 28 de agosto de 2015).<\/p>\n","protected":false},"featured_media":7846,"template":"","meta":{"om_disable_all_campaigns":false,"_monsterinsights_skip_tracking":false,"_monsterinsights_sitenote_active":false,"_monsterinsights_sitenote_note":"","_monsterinsights_sitenote_category":0},"product_cat":[387,640],"product_tag":[],"aioseo_notices":[],"lang":"es","translations":{"es":7832},"pll_sync_post":[],"_links":{"self":[{"href":"https:\/\/www.dosacordes.es\/web\/wp-json\/wp\/v2\/product\/7832"}],"collection":[{"href":"https:\/\/www.dosacordes.es\/web\/wp-json\/wp\/v2\/product"}],"about":[{"href":"https:\/\/www.dosacordes.es\/web\/wp-json\/wp\/v2\/types\/product"}],"wp:featuredmedia":[{"embeddable":true,"href":"https:\/\/www.dosacordes.es\/web\/wp-json\/wp\/v2\/media\/7846"}],"wp:attachment":[{"href":"https:\/\/www.dosacordes.es\/web\/wp-json\/wp\/v2\/media?parent=7832"}],"wp:term":[{"taxonomy":"product_cat","embeddable":true,"href":"https:\/\/www.dosacordes.es\/web\/wp-json\/wp\/v2\/product_cat?post=7832"},{"taxonomy":"product_tag","embeddable":true,"href":"https:\/\/www.dosacordes.es\/web\/wp-json\/wp\/v2\/product_tag?post=7832"}],"curies":[{"name":"wp","href":"https:\/\/api.w.org\/{rel}","templated":true}]}}

Temario de Guitarra Eléctrica

<h5>Jorge González, Mónica Balo, Álvaro Jurado, Javier Jurado, Ana Rifón</h5>
<p>Correspondiente al Cuerpo de Profesores de Música y Artes Escénicas. Según Orden ECD/1753/2015, de 25 de agosto, por la que se aprueban los temarios que han de regir en los procedimientos de ingreso, acceso y adquisición de nuevas especialidades en el Cuerpo de Profesores de Música y Artes Escénicas (BOE del 28 de agosto de 2015).</p>
