{"id":7554,"date":"2018-03-10T12:17:53","date_gmt":"2018-03-10T10:17:53","guid":{"rendered":"http:\/\/www.dosacordes.es\/web\/?post_type=product&#038;p=7554"},"modified":"2026-03-08T13:04:10","modified_gmt":"2026-03-08T12:04:10","slug":"pack-temario-y-programacion-de-percusion","status":"publish","type":"product","link":"https:\/\/www.dosacordes.es\/web\/producto\/pack-temario-y-programacion-de-percusion\/","title":{"rendered":"\u00a1PACK! Temario y Programaci\u00f3n Did\u00e1ctica de Percusi\u00f3n"},"content":{"rendered":"","protected":false},"excerpt":{"rendered":"<div id=\"productDescription\" class=\"productGeneral biggerText\">\n<div align=\"justify\">Pack que incluye la Programaci\u00f3n Did\u00e1ctica de Percusi\u00f3n m\u00e1s el temario completo, ambos productos a la venta por separado en nuestra tienda.<\/div>\n<p>&nbsp;<\/p>\n<div id=\"productDescription\" class=\"productGeneral biggerText\" align=\"justify\">\n<div>El temario, integrado por 30 temas, corresponde al publicado en BOE el 28 de agosto de 2015. El autor, \u00c1lvaro de Blas, es funcionario de carrera de la Junta de Andaluc\u00eda en la especialidad de Percusi\u00f3n. Para la elaboraci\u00f3n del temario ha contado con la colaboraci\u00f3n de \u00c1lvaro Jurado Garc\u00eda, tambi\u00e9n docente de la misma comunidad, con la participaci\u00f3n de Javier Jurado (Conservatorio Superior de M\u00fasica de Vigo) y M\u00f3nica Balo (Conservatorio Profesional de Getafe, Madrid), ambos docentes en la plataforma de preparaci\u00f3n de oposiciones de Dos Acordes.<\/div>\n<p>&nbsp;<\/p>\n<div align=\"justify\">La Programaci\u00f3n Did\u00e1ctica, dise\u00f1ada para el 3.\u00ba curso de las Ense\u00f1anzas Profesionales de M\u00fasica, especialidad de Percusi\u00f3n, ha sido elaborada por \u00c1lvaro Jurado Garc\u00eda para cubrir la primera parte de la segunda prueba perteneciente a los procesos selectivos convocados en Andaluc\u00eda en 2017. A pesar de su concreci\u00f3n, proporciona un modelo que ayude a las personas aspirantes al Cuerpo de Profesores de M\u00fasica y Artes Esc\u00e9nicas a elaborar la propia, sea para otro curso o comunidad aut\u00f3noma.<\/div>\n<div align=\"justify\"><\/div>\n<p>&nbsp;<\/p>\n<\/div>\n<\/div>\n","protected":false},"featured_media":11924,"template":"","meta":{"om_disable_all_campaigns":false,"_monsterinsights_skip_tracking":false,"_monsterinsights_sitenote_active":false,"_monsterinsights_sitenote_note":"","_monsterinsights_sitenote_category":0},"product_cat":[387,354,641,640],"product_tag":[],"aioseo_notices":[],"lang":"es","translations":{"es":7554},"pll_sync_post":[],"_links":{"self":[{"href":"https:\/\/www.dosacordes.es\/web\/wp-json\/wp\/v2\/product\/7554"}],"collection":[{"href":"https:\/\/www.dosacordes.es\/web\/wp-json\/wp\/v2\/product"}],"about":[{"href":"https:\/\/www.dosacordes.es\/web\/wp-json\/wp\/v2\/types\/product"}],"wp:featuredmedia":[{"embeddable":true,"href":"https:\/\/www.dosacordes.es\/web\/wp-json\/wp\/v2\/media\/11924"}],"wp:attachment":[{"href":"https:\/\/www.dosacordes.es\/web\/wp-json\/wp\/v2\/media?parent=7554"}],"wp:term":[{"taxonomy":"product_cat","embeddable":true,"href":"https:\/\/www.dosacordes.es\/web\/wp-json\/wp\/v2\/product_cat?post=7554"},{"taxonomy":"product_tag","embeddable":true,"href":"https:\/\/www.dosacordes.es\/web\/wp-json\/wp\/v2\/product_tag?post=7554"}],"curies":[{"name":"wp","href":"https:\/\/api.w.org\/{rel}","templated":true}]}}