{"id":3709,"date":"2020-05-30T03:23:53","date_gmt":"2020-05-30T03:23:53","guid":{"rendered":"http:\/\/www.dosacordes.es\/web\/?product=vieiros-para-saxo-baratono"},"modified":"2025-06-26T18:30:47","modified_gmt":"2025-06-26T16:30:47","slug":"vieiros-para-saxo-baratono","status":"publish","type":"product","link":"https:\/\/www.dosacordes.es\/web\/producto\/vieiros-para-saxo-baratono\/","title":{"rendered":"Vieiros: Para saxo tenor"},"content":{"rendered":"","protected":false},"excerpt":{"rendered":"<h5>Fernando Buide<\/h5>\n<div><\/div>\n<div>\n<p class=\"p1\">Dedicada a Tom\u00e1s Alonso, <i>Vieiros<\/i> <span class=\"s1\">(2019) se inspira en la obra <\/span><i>Dum Pater Familias<\/i>, m\u00e1s conocida como <i>Ultreia<\/i>, incluida en el <em>C\u00f3dice Calixtino<\/em>.<\/p>\n<p class=\"p1\">En <i>Vieiros<\/i>, el autor adapta este <i>Dum Pater Familias<\/i> de forma libre, alternando entre citas de fragmentos literales del original y el tratamiento diverso del material. As\u00ed, conforma el esqueleto de la composici\u00f3n, manteniendo la melod\u00eda con las notas originales.<\/p>\n<\/div>\n","protected":false},"featured_media":7582,"template":"","meta":{"om_disable_all_campaigns":false,"_monsterinsights_skip_tracking":false,"_monsterinsights_sitenote_active":false,"_monsterinsights_sitenote_note":"","_monsterinsights_sitenote_category":0},"product_cat":[382],"product_tag":[],"aioseo_notices":[],"lang":"es","translations":{"es":3709},"pll_sync_post":[],"_links":{"self":[{"href":"https:\/\/www.dosacordes.es\/web\/wp-json\/wp\/v2\/product\/3709"}],"collection":[{"href":"https:\/\/www.dosacordes.es\/web\/wp-json\/wp\/v2\/product"}],"about":[{"href":"https:\/\/www.dosacordes.es\/web\/wp-json\/wp\/v2\/types\/product"}],"wp:featuredmedia":[{"embeddable":true,"href":"https:\/\/www.dosacordes.es\/web\/wp-json\/wp\/v2\/media\/7582"}],"wp:attachment":[{"href":"https:\/\/www.dosacordes.es\/web\/wp-json\/wp\/v2\/media?parent=3709"}],"wp:term":[{"taxonomy":"product_cat","embeddable":true,"href":"https:\/\/www.dosacordes.es\/web\/wp-json\/wp\/v2\/product_cat?post=3709"},{"taxonomy":"product_tag","embeddable":true,"href":"https:\/\/www.dosacordes.es\/web\/wp-json\/wp\/v2\/product_tag?post=3709"}],"curies":[{"name":"wp","href":"https:\/\/api.w.org\/{rel}","templated":true}]}}

<h5>Fernando Buide</h5>
<div></div>
<div>
<p class="p1">Dedicada a Tomás Alonso, <i>Vieiros</i> <span class="s1">(2019) se inspira en la obra </span><i>Dum Pater Familias</i>, más conocida como <i>Ultreia</i>, incluida en el <em>Códice Calixtino</em>.</p>
<p class="p1">En <i>Vieiros</i>, el autor adapta este <i>Dum Pater Familias</i> de forma libre, alternando entre citas de fragmentos literales del original y el tratamiento diverso del material. Así, conforma el esqueleto de la composición, manteniendo la melodía con las notas originales.</p>
</div>
