{"id":3664,"date":"2020-05-30T03:22:42","date_gmt":"2020-05-30T03:22:42","guid":{"rendered":"http:\/\/www.dosacordes.es\/web\/?product=muiaeira-alfonsina-para-banda-canuto-berea"},"modified":"2023-06-25T08:44:57","modified_gmt":"2023-06-25T06:44:57","slug":"muiaeira-alfonsina-para-banda-canuto-berea","status":"publish","type":"product","link":"https:\/\/www.dosacordes.es\/web\/producto\/muiaeira-alfonsina-para-banda-canuto-berea\/","title":{"rendered":"Mui\u00f1eira \u00abAlfonsina\u00bb: Para banda"},"content":{"rendered":"<div>\n<div>\n<p class=\"p1\">\n<\/div>\n<div><\/div>\n<\/div>\n","protected":false},"excerpt":{"rendered":"<h5>Canuto Berea<\/h5>\n<div>\n<div>La Mui\u00f1eira sinf\u00f3nica Alfonsina compuesta por Canuto Berea Rodr\u00edguez (1836-1891) es una pieza musical del siglo XIX con importancia, tanto hist\u00f3rica como social, en la comunidad gallega, circunscribi\u00e9ndose m\u00e1s concretamente a la ciudad de La Coru\u00f1a. Fue dedicada al pr\u00edncipe Alfonso XII (1857-1885) tal y como versa en la portada del manuscrito de la partitura, Probablemente, la elecci\u00f3n del t\u00edtulo de \u00abAlfonsina\u00bb por Berea se debi\u00f3 a la visita de la reina Isabel II con sus hijos a la ciudad de A Coru\u00f1a el 11 de septiembre de 1858; Berea compuso en aquel momento unas barcarolas denominadas La Pescata para el evento. \u00abAlfonsina\u00bb es una composici\u00f3n innovadora, por ser uno de los primeros intentos en utilizar aires gallegos en m\u00fasica sinf\u00f3nica. Esta obra fue premiada con la Cruz de Carlos III. La instrumentaci\u00f3n en la mui\u00f1eira est\u00e1 tratada de manera sinf\u00f3nica, pero sin perder en ning\u00fan momento la sencillez, naturalidad y espontaneidad propias del folclore.<\/div>\n<div>\n<p class=\"p1\">PARTES INSTRUMENTALES DESCARGABLES BAJO C\u00d3DIGO.<\/p>\n<\/div>\n<\/div>\n","protected":false},"featured_media":7530,"template":"","meta":{"om_disable_all_campaigns":false,"_monsterinsights_skip_tracking":false,"_monsterinsights_sitenote_active":false,"_monsterinsights_sitenote_note":"","_monsterinsights_sitenote_category":0},"product_cat":[349],"product_tag":[],"aioseo_notices":[],"lang":"es","translations":{"es":3664},"pll_sync_post":[],"_links":{"self":[{"href":"https:\/\/www.dosacordes.es\/web\/wp-json\/wp\/v2\/product\/3664"}],"collection":[{"href":"https:\/\/www.dosacordes.es\/web\/wp-json\/wp\/v2\/product"}],"about":[{"href":"https:\/\/www.dosacordes.es\/web\/wp-json\/wp\/v2\/types\/product"}],"wp:featuredmedia":[{"embeddable":true,"href":"https:\/\/www.dosacordes.es\/web\/wp-json\/wp\/v2\/media\/7530"}],"wp:attachment":[{"href":"https:\/\/www.dosacordes.es\/web\/wp-json\/wp\/v2\/media?parent=3664"}],"wp:term":[{"taxonomy":"product_cat","embeddable":true,"href":"https:\/\/www.dosacordes.es\/web\/wp-json\/wp\/v2\/product_cat?post=3664"},{"taxonomy":"product_tag","embeddable":true,"href":"https:\/\/www.dosacordes.es\/web\/wp-json\/wp\/v2\/product_tag?post=3664"}],"curies":[{"name":"wp","href":"https:\/\/api.w.org\/{rel}","templated":true}]}}