{"id":3660,"date":"2019-10-03T11:05:00","date_gmt":"2019-10-03T09:05:00","guid":{"rendered":"http:\/\/www.dosacordes.es\/web\/?product=libro-soaos-da-floresta-selecia%c2%b3n-de-obras-para-guitarra"},"modified":"2025-01-08T17:00:13","modified_gmt":"2025-01-08T16:00:13","slug":"libro-soaos-da-floresta-selecia%c2%b3n-de-obras-para-guitarra","status":"publish","type":"product","link":"https:\/\/www.dosacordes.es\/web\/producto\/libro-soaos-da-floresta-selecia%c2%b3n-de-obras-para-guitarra\/","title":{"rendered":"So\u00f1os da floresta: Selecci\u00f3n de obras para guitarra"},"content":{"rendered":"","protected":false},"excerpt":{"rendered":"<h5>Xos\u00e9 Chas Garc\u00eda<\/h5>\n<div>Xos\u00e9 Chas es una de las figuras m\u00e1s interesantes de la guitarra de principios del siglo XX que nos podemos encontrar en Galicia. Escribi\u00f3 una interesante cantidad de m\u00fasica, poniendo el foco en la guitarra cl\u00e1sica, cultivando un estilo que ahondaba en los g\u00e9neros en boga en la \u00e9poca, pertenecientes al estilo de las m\u00fasicas de sal\u00f3n, en la onda que tambi\u00e9n cultivaba, por ejemplo, Reveriano Soutullo, o Juan Montes, por nombrar alg\u00fan gran nombre de nuestra cultura musical. Pero la obra de Chas es ciertamente particular, quiz\u00e1s por lo poco familiar que resulta, o resultaba hasta ahora, observar estos \u00abaires\u00bb en la literatura del instrumento que nos ocupa. Gran parte de su creaci\u00f3n musical se encuentra depositada en el Archivo Municipal de Ayuntamiento de Oleiros, al cual agradecemos el habernos dado acceso y permiso para la reproducci\u00f3n de esta selecci\u00f3n de obras. Esta obra lleg\u00f3 aqu\u00ed gracias a la labor desinteresada de Xulio Dans Garc\u00eda, uno de sus alumnos, que con algunos vecinos y colaboradores, procedi\u00f3 a recopilar y pasar a limpio sus obras para depositarlas en este \u00abArchivo Xos\u00e9 Chas\u00bb, hecho que se produjo en 1997 para conmemorar la muerte del compositor, al que sus allegados y vecinos profesan un profundo respeto, que podemos corroborar con la consulta de la \u00fanica biograf\u00eda del mismo que elaboraron de manera totalmente artesanal y depositaron en las bibliotecas de Oleiros estos mismos allegados y defensores de la figura de Chas, con Dans a la cabeza. A este archivo llegaron 191 obras, de las cuales, Chas no pudo ver publicadas ninguna en vida, por desgracia. El objeto de esta peque\u00f1a colecci\u00f3n es la divulgaci\u00f3n de la obra en el 75 aniversario de su fallecimiento, para lo que la hemos editado con el mayor respeto, modernizando y revisando la digitaci\u00f3n, por otra parte, muy acertada, del propio autor. Al mismo tiempo que se publica este libro, la editorial Dos Acordes publica un CD con la grabaci\u00f3n realizada por los servicios de la RTVG, por el ingeniero de sonido Pablo Barreiro, al cual agradecemos su colaboraci\u00f3n en este proyecto de recuperaci\u00f3n de nuestro patrimonio musical.<\/div>\n<div>\n<p class=\"p1\">\n<\/div>\n","protected":false},"featured_media":7513,"template":"","meta":{"om_disable_all_campaigns":false,"_monsterinsights_skip_tracking":false,"_monsterinsights_sitenote_active":false,"_monsterinsights_sitenote_note":"","_monsterinsights_sitenote_category":0},"product_cat":[361],"product_tag":[],"aioseo_notices":[],"lang":"es","translations":{"es":3660},"pll_sync_post":[],"_links":{"self":[{"href":"https:\/\/www.dosacordes.es\/web\/wp-json\/wp\/v2\/product\/3660"}],"collection":[{"href":"https:\/\/www.dosacordes.es\/web\/wp-json\/wp\/v2\/product"}],"about":[{"href":"https:\/\/www.dosacordes.es\/web\/wp-json\/wp\/v2\/types\/product"}],"wp:featuredmedia":[{"embeddable":true,"href":"https:\/\/www.dosacordes.es\/web\/wp-json\/wp\/v2\/media\/7513"}],"wp:attachment":[{"href":"https:\/\/www.dosacordes.es\/web\/wp-json\/wp\/v2\/media?parent=3660"}],"wp:term":[{"taxonomy":"product_cat","embeddable":true,"href":"https:\/\/www.dosacordes.es\/web\/wp-json\/wp\/v2\/product_cat?post=3660"},{"taxonomy":"product_tag","embeddable":true,"href":"https:\/\/www.dosacordes.es\/web\/wp-json\/wp\/v2\/product_tag?post=3660"}],"curies":[{"name":"wp","href":"https:\/\/api.w.org\/{rel}","templated":true}]}}