{"id":3647,"date":"2020-05-30T03:22:15","date_gmt":"2020-05-30T01:22:15","guid":{"rendered":"http:\/\/www.dosacordes.es\/web\/?product=temario-de-canto-profesores-de-ma%c2%basica-y-artes-escanicas"},"modified":"2026-04-30T12:57:07","modified_gmt":"2026-04-30T10:57:07","slug":"temario-de-canto-profesores-de-ma%c2%basica-y-artes-escanicas","status":"publish","type":"product","link":"https:\/\/www.dosacordes.es\/web\/producto\/temario-de-canto-profesores-de-ma%c2%basica-y-artes-escanicas\/","title":{"rendered":"Temario de Canto"},"content":{"rendered":"","protected":false},"excerpt":{"rendered":"<h5>Ar\u00e1nzazu Garc\u00eda Escuredo, M\u00f3nica Balo Gonz\u00e1lez, \u00c1lvaro Jurado Garc\u00eda, Javier Jurado Luque, Ana Rif\u00f3n Lastra<\/h5>\n<p>Seg\u00fan Orden ECD\/1753\/2015, de 25 de agosto, por la que se aprueban los temarios que han de regir en los procedimientos de ingreso, acceso y adquisici\u00f3n de nuevas especialidades en el Cuerpo de Profesores de M\u00fasica y Artes Esc\u00e9nicas (BOE del 28 de agosto de 2015).<\/p>\n<p><a href=\"\/web\/wp-content\/uploads\/2021\/02\/muestra_temario_canto.pdf\">Descarga aqu\u00ed una muestra de este temario.<\/a><\/p>\n","protected":false},"featured_media":7460,"template":"","meta":{"om_disable_all_campaigns":false,"_monsterinsights_skip_tracking":false,"_monsterinsights_sitenote_active":false,"_monsterinsights_sitenote_note":"","_monsterinsights_sitenote_category":0},"product_cat":[640],"product_tag":[],"aioseo_notices":[],"lang":"es","translations":{"es":3647},"pll_sync_post":[],"_links":{"self":[{"href":"https:\/\/www.dosacordes.es\/web\/wp-json\/wp\/v2\/product\/3647"}],"collection":[{"href":"https:\/\/www.dosacordes.es\/web\/wp-json\/wp\/v2\/product"}],"about":[{"href":"https:\/\/www.dosacordes.es\/web\/wp-json\/wp\/v2\/types\/product"}],"wp:featuredmedia":[{"embeddable":true,"href":"https:\/\/www.dosacordes.es\/web\/wp-json\/wp\/v2\/media\/7460"}],"wp:attachment":[{"href":"https:\/\/www.dosacordes.es\/web\/wp-json\/wp\/v2\/media?parent=3647"}],"wp:term":[{"taxonomy":"product_cat","embeddable":true,"href":"https:\/\/www.dosacordes.es\/web\/wp-json\/wp\/v2\/product_cat?post=3647"},{"taxonomy":"product_tag","embeddable":true,"href":"https:\/\/www.dosacordes.es\/web\/wp-json\/wp\/v2\/product_tag?post=3647"}],"curies":[{"name":"wp","href":"https:\/\/api.w.org\/{rel}","templated":true}]}}

<h5>Aránzazu García Escuredo, Mónica Balo González, Álvaro Jurado García, Javier Jurado Luque, Ana Rifón Lastra</h5>
<p>Según Orden ECD/1753/2015, de 25 de agosto, por la que se aprueban los temarios que han de regir en los procedimientos de ingreso, acceso y adquisición de nuevas especialidades en el Cuerpo de Profesores de Música y Artes Escénicas (BOE del 28 de agosto de 2015).</p>
<p><a href="/web/wp-content/uploads/2021/02/muestra_temario_canto.pdf">Descarga aquí una muestra de este temario.</a></p>
