{"id":3633,"date":"2020-05-30T03:21:56","date_gmt":"2020-05-30T01:21:56","guid":{"rendered":"http:\/\/www.dosacordes.es\/web\/?product=seis-cadros-para-oboe-sa%c2%b3"},"modified":"2024-11-06T23:19:37","modified_gmt":"2024-11-06T22:19:37","slug":"seis-cadros-para-oboe-sa%c2%b3","status":"publish","type":"product","link":"https:\/\/www.dosacordes.es\/web\/producto\/seis-cadros-para-oboe-sa%c2%b3\/","title":{"rendered":"Seis Cadros, op. II: Para oboe s\u00f3"},"content":{"rendered":"","protected":false},"excerpt":{"rendered":"<h5>Sergio Rodr\u00edguez Pena<\/h5>\n<p><em>Seis cadros, <\/em>Op. 11,<em>\u00a0<\/em>\u00e9 unha obra para \u00f3boe s\u00f3 composta por Sergio Rodr\u00edguez no ano 2016. Tr\u00e1tase dunha composici\u00f3n en seis movementos, cada un inspirado nun pintor e nun cadro e est\u00e1 adicada a David Villa (obo\u00edsta da Orquestra Sinf\u00f3nica de Galicia). Esta obra nace a partir da primeira das pezas (Picasso e o cubismo), na que o compositor, alentado por David Villa, decide compo\u00f1er as cinco pezas restantes.<\/p>\n","protected":false},"featured_media":7535,"template":"","meta":{"om_disable_all_campaigns":false,"_monsterinsights_skip_tracking":false,"_monsterinsights_sitenote_active":false,"_monsterinsights_sitenote_note":"","_monsterinsights_sitenote_category":0},"product_cat":[384],"product_tag":[],"aioseo_notices":[],"lang":"es","translations":{"es":3633,"en":14114},"pll_sync_post":[],"_links":{"self":[{"href":"https:\/\/www.dosacordes.es\/web\/wp-json\/wp\/v2\/product\/3633"}],"collection":[{"href":"https:\/\/www.dosacordes.es\/web\/wp-json\/wp\/v2\/product"}],"about":[{"href":"https:\/\/www.dosacordes.es\/web\/wp-json\/wp\/v2\/types\/product"}],"wp:featuredmedia":[{"embeddable":true,"href":"https:\/\/www.dosacordes.es\/web\/wp-json\/wp\/v2\/media\/7535"}],"wp:attachment":[{"href":"https:\/\/www.dosacordes.es\/web\/wp-json\/wp\/v2\/media?parent=3633"}],"wp:term":[{"taxonomy":"product_cat","embeddable":true,"href":"https:\/\/www.dosacordes.es\/web\/wp-json\/wp\/v2\/product_cat?post=3633"},{"taxonomy":"product_tag","embeddable":true,"href":"https:\/\/www.dosacordes.es\/web\/wp-json\/wp\/v2\/product_tag?post=3633"}],"curies":[{"name":"wp","href":"https:\/\/api.w.org\/{rel}","templated":true}]}}