{"id":3631,"date":"2019-05-13T20:29:43","date_gmt":"2019-05-13T20:29:43","guid":{"rendered":"http:\/\/www.dosacordes.es\/web\/?product=da%c2%baas-cancia%c2%b3s-carlos-la%c2%b3pez-garcaa-picos"},"modified":"2020-07-21T19:41:40","modified_gmt":"2020-07-21T17:41:40","slug":"da%c2%baas-cancia%c2%b3s-carlos-la%c2%b3pez-garcaa-picos","status":"publish","type":"product","link":"https:\/\/www.dosacordes.es\/web\/producto\/da%c2%baas-cancia%c2%b3s-carlos-la%c2%b3pez-garcaa-picos\/","title":{"rendered":"D\u00faas canci\u00f3s"},"content":{"rendered":"","protected":false},"excerpt":{"rendered":"<h5>Carlos L\u00f3pez Garc\u00eda-Picos<\/h5>\n<p><em>D\u00faas Canci\u00f3s: <\/em><em>\u00abCampo\u00bb, \u00abHoy buscar\u00e1s en vano\u00bb <\/em>(para voz e piano)<\/p>\n<p>As canci\u00f3s de Garc\u00eda-Picos, tal e como as denomina Lu\u00eds Seoane nun artigo adicado ao compositor en 1972, est\u00e1n baseadas nos poemas de Antonio Machado <em>Campo<\/em> e <em>Hoy buscar\u00e1s en vano<\/em>. O creador betanceiro non depositou copias destas obras en ning\u00fan arquivo, nin as citou nos listados de composici\u00f3ns que elaborou; por este motivo aparecen clasificadas f\u00f3ra do seu cat\u00e1logo.\u00a0A importancia destas creaci\u00f3ns musicais, realizadas en Bos Aires no ano 1955, radica na singularidade que sup\u00f3n o uso da voz dentro<br \/>\ndas composici\u00f3ns de Garc\u00eda-Picos.<\/p>\n<p>A est\u00e9tica vangardista das creaci\u00f3ns musicais, coas que fixo a s\u00faa particular contribuci\u00f3n \u00e1 causa galega, obrigouno a manter unha postura afastada do repertorio<br \/>\ntradicionalista e popular que dirix\u00eda nos coros. A m\u00fasica instrumental, e m\u00e1is concretamente a m\u00fasica sinf\u00f3nica, respond\u00eda plenamente aos seus obxectivos. A soluci\u00f3n ante esta dicotom\u00eda que atopou Garc\u00eda-Picos foi dr\u00e1stica: a voz ten unha presenza m\u00ednima no seu cat\u00e1logo. As canci\u00f3s son d\u00faas marabillosas excepci\u00f3ns.<\/p>\n<p>Para escoitar estas canci\u00f3ns,<br \/>\n<a href=\"https:\/\/www.youtube.com\/watch?v=jazm2RkaA0k&amp;index=1&amp;list=UUZoL5QkbQWhDyyJaxYsv0DQ\">https:\/\/www.youtube.com\/watch?v=jazm2RkaA0k&amp;index=1&amp;list=UUZoL5QkbQWhDyyJaxYsv0DQ<\/a><br \/>\n<a href=\"https:\/\/www.youtube.com\/watch?v=z0L_SU0lAXs&amp;feature=youtu.be\"><br \/>\nhttps:\/\/www.youtube.com\/watch?v=z0L_SU0lAXs&amp;feature=youtu.be<\/a><\/p>\n","protected":false},"featured_media":7440,"template":"","meta":{"om_disable_all_campaigns":false,"_monsterinsights_skip_tracking":false,"_monsterinsights_sitenote_active":false,"_monsterinsights_sitenote_note":"","_monsterinsights_sitenote_category":0},"product_cat":[353,360],"product_tag":[],"aioseo_notices":[],"lang":"es","translations":{"es":3631},"pll_sync_post":[],"_links":{"self":[{"href":"https:\/\/www.dosacordes.es\/web\/wp-json\/wp\/v2\/product\/3631"}],"collection":[{"href":"https:\/\/www.dosacordes.es\/web\/wp-json\/wp\/v2\/product"}],"about":[{"href":"https:\/\/www.dosacordes.es\/web\/wp-json\/wp\/v2\/types\/product"}],"wp:featuredmedia":[{"embeddable":true,"href":"https:\/\/www.dosacordes.es\/web\/wp-json\/wp\/v2\/media\/7440"}],"wp:attachment":[{"href":"https:\/\/www.dosacordes.es\/web\/wp-json\/wp\/v2\/media?parent=3631"}],"wp:term":[{"taxonomy":"product_cat","embeddable":true,"href":"https:\/\/www.dosacordes.es\/web\/wp-json\/wp\/v2\/product_cat?post=3631"},{"taxonomy":"product_tag","embeddable":true,"href":"https:\/\/www.dosacordes.es\/web\/wp-json\/wp\/v2\/product_tag?post=3631"}],"curies":[{"name":"wp","href":"https:\/\/api.w.org\/{rel}","templated":true}]}}