{"id":3625,"date":"2019-09-20T10:31:33","date_gmt":"2019-09-20T08:31:33","guid":{"rendered":"http:\/\/www.dosacordes.es\/web\/?product=aponte-a-tono-educacia%c2%b3n-auditiva-y-vocal-i"},"modified":"2025-02-05T19:48:38","modified_gmt":"2025-02-05T18:48:38","slug":"aponte-a-tono-educacia%c2%b3n-auditiva-y-vocal-i","status":"publish","type":"product","link":"https:\/\/www.dosacordes.es\/web\/producto\/aponte-a-tono-educacia%c2%b3n-auditiva-y-vocal-i\/","title":{"rendered":"\u00a1Ponte a tono!, vol. 1"},"content":{"rendered":"","protected":false},"excerpt":{"rendered":"<h5>Fernando Ruibal, Lorena Varela<\/h5>\n<p>\u00a1Ponte a tono! presenta una nueva metodolog\u00eda pr\u00e1ctica de aprendizaje cuyo objetivo principal es organizar la mente del m\u00fasico a temprana edad a trav\u00e9s de la Educaci\u00f3n auditiva y vocal.\u00a0 Con este libro conseguiremos que el alumnado trabaje y profundice en los aspectos m\u00e1s transcendentes y concretos de la entonaci\u00f3n a partir de la interiorizaci\u00f3n sonora de las diferentes escalas, intervalos y acordes que se dan en el sistema musical occidental. Este primer volumen comienza de modo progresivo, con el conocimiento del tetracordo y su entonaci\u00f3n, la escala y su entonaci\u00f3n, los intervalos derivados de ella y su entonaci\u00f3n y, por \u00faltimo, la entonaci\u00f3n de melod\u00edas. La metodolog\u00eda propuesta presenta influencias del m\u00e9todo Kod\u00e1ly; mediante su aplicaci\u00f3n en el aula, el alumnado adquiere una perspectiva de sonidos y proporciones interv\u00e1licas dentro de un sistema organizado. El libro se complementa con videos tutoriales que facilitan la comprensi\u00f3n de la metodolog\u00eda. Los contenidos se desarrollan y organizan de acuerdo con los de Lenguaje musical. Este libro es, en suma, el resultado de nuestra intenci\u00f3n de confeccionar un m\u00e9todo para construir el mundo sonoro-musical interno de nuestros peque\u00f1os m\u00fasicos.<\/p>\n","protected":false},"featured_media":7507,"template":"","meta":{"om_disable_all_campaigns":false,"_monsterinsights_skip_tracking":false,"_monsterinsights_sitenote_active":false,"_monsterinsights_sitenote_note":"","_monsterinsights_sitenote_category":0},"product_cat":[383],"product_tag":[],"aioseo_notices":[],"lang":"es","translations":{"es":3625},"pll_sync_post":[],"_links":{"self":[{"href":"https:\/\/www.dosacordes.es\/web\/wp-json\/wp\/v2\/product\/3625"}],"collection":[{"href":"https:\/\/www.dosacordes.es\/web\/wp-json\/wp\/v2\/product"}],"about":[{"href":"https:\/\/www.dosacordes.es\/web\/wp-json\/wp\/v2\/types\/product"}],"wp:featuredmedia":[{"embeddable":true,"href":"https:\/\/www.dosacordes.es\/web\/wp-json\/wp\/v2\/media\/7507"}],"wp:attachment":[{"href":"https:\/\/www.dosacordes.es\/web\/wp-json\/wp\/v2\/media?parent=3625"}],"wp:term":[{"taxonomy":"product_cat","embeddable":true,"href":"https:\/\/www.dosacordes.es\/web\/wp-json\/wp\/v2\/product_cat?post=3625"},{"taxonomy":"product_tag","embeddable":true,"href":"https:\/\/www.dosacordes.es\/web\/wp-json\/wp\/v2\/product_tag?post=3625"}],"curies":[{"name":"wp","href":"https:\/\/api.w.org\/{rel}","templated":true}]}}

<h5>Fernando Ruibal, Lorena Varela</h5>
<p>¡Ponte a tono! presenta una nueva metodología práctica de aprendizaje cuyo objetivo principal es organizar la mente del músico a temprana edad a través de la Educación auditiva y vocal.  Con este libro conseguiremos que el alumnado trabaje y profundice en los aspectos más transcendentes y concretos de la entonación a partir de la interiorización sonora de las diferentes escalas, intervalos y acordes que se dan en el sistema musical occidental. Este primer volumen comienza de modo progresivo, con el conocimiento del tetracordo y su entonación, la escala y su entonación, los intervalos derivados de ella y su entonación y, por último, la entonación de melodías. La metodología propuesta presenta influencias del método Kodály; mediante su aplicación en el aula, el alumnado adquiere una perspectiva de sonidos y proporciones interválicas dentro de un sistema organizado. El libro se complementa con videos tutoriales que facilitan la comprensión de la metodología. Los contenidos se desarrollan y organizan de acuerdo con los de Lenguaje musical. Este libro es, en suma, el resultado de nuestra intención de confeccionar un método para construir el mundo sonoro-musical interno de nuestros pequeños músicos.</p>
