{"id":3613,"date":"2020-05-30T03:21:28","date_gmt":"2020-05-30T03:21:28","guid":{"rendered":"http:\/\/www.dosacordes.es\/web\/?product=loureiro-verde-50-pezas-para-guitarra-manuel-herminio-iglesias"},"modified":"2025-05-15T10:47:58","modified_gmt":"2025-05-15T08:47:58","slug":"loureiro-verde-50-pezas-para-guitarra-manuel-herminio-iglesias","status":"publish","type":"product","link":"https:\/\/www.dosacordes.es\/web\/producto\/loureiro-verde-50-pezas-para-guitarra-manuel-herminio-iglesias\/","title":{"rendered":"Loureiro Verde: 50 pezas para guitarra"},"content":{"rendered":"","protected":false},"excerpt":{"rendered":"<h5>Manuel Herminio Iglesias<\/h5>\n<p>Loureiro Verde \u00e9 o nome deste novo traballo para que os amantes da guitarra poidan tocar pezas de m\u00fasica galega, algunhas de creaci\u00f3n propia que est\u00e1n inspiradas nos cantos da nosa terra. Son cincuenta pezas diversas, maiormente tomadas de musicas populares, algunhas de pezas tradicionais recollidas nos cancioneiros. Algunha de autores consagrados e, as demais, de autor\u00eda propia. Moitas delas, viven ainda na memoria da xente que, dalgunha maneira, as tararea cando anda a traballar na diversas labouras diarias. Outras son moi pouco co\u00f1ecidas como \u00e9 o caso das feitas e cantadas hai anos polo grupo de Folk Cantigas de Ourense. Como en traballos anteriores as melod\u00edas est\u00e1n ampliadas segundo o meu humilde saber e entender. E as que son propias te\u00f1en unha raigame claramente galega, coa pretensi\u00f3n de que esta m\u00fasica acade novos espazos onde hoxe non \u00e9 co\u00f1ecida.<\/p>\n","protected":false},"featured_media":7498,"template":"","meta":{"om_disable_all_campaigns":false,"_monsterinsights_skip_tracking":false,"_monsterinsights_sitenote_active":false,"_monsterinsights_sitenote_note":"","_monsterinsights_sitenote_category":0},"product_cat":[361],"product_tag":[],"aioseo_notices":[],"lang":"es","translations":{"es":3613},"pll_sync_post":[],"_links":{"self":[{"href":"https:\/\/www.dosacordes.es\/web\/wp-json\/wp\/v2\/product\/3613"}],"collection":[{"href":"https:\/\/www.dosacordes.es\/web\/wp-json\/wp\/v2\/product"}],"about":[{"href":"https:\/\/www.dosacordes.es\/web\/wp-json\/wp\/v2\/types\/product"}],"wp:featuredmedia":[{"embeddable":true,"href":"https:\/\/www.dosacordes.es\/web\/wp-json\/wp\/v2\/media\/7498"}],"wp:attachment":[{"href":"https:\/\/www.dosacordes.es\/web\/wp-json\/wp\/v2\/media?parent=3613"}],"wp:term":[{"taxonomy":"product_cat","embeddable":true,"href":"https:\/\/www.dosacordes.es\/web\/wp-json\/wp\/v2\/product_cat?post=3613"},{"taxonomy":"product_tag","embeddable":true,"href":"https:\/\/www.dosacordes.es\/web\/wp-json\/wp\/v2\/product_tag?post=3613"}],"curies":[{"name":"wp","href":"https:\/\/api.w.org\/{rel}","templated":true}]}}