{"id":3609,"date":"2020-02-10T12:15:52","date_gmt":"2020-02-10T10:15:52","guid":{"rendered":"http:\/\/www.dosacordes.es\/web\/?product=programacia%c2%b3n-didactica-de-lenguaje-musical-1a%c2%ba-elemental"},"modified":"2026-03-20T15:25:59","modified_gmt":"2026-03-20T14:25:59","slug":"programacia%c2%b3n-didactica-de-lenguaje-musical-1a%c2%ba-elemental","status":"publish","type":"product","link":"https:\/\/www.dosacordes.es\/web\/producto\/programacia%c2%b3n-didactica-de-lenguaje-musical-1a%c2%ba-elemental\/","title":{"rendered":"Programaci\u00f3n Did\u00e1ctica de Lenguaje Musical"},"content":{"rendered":"","protected":false},"excerpt":{"rendered":"<h5>Cristina Taboada Espi\u00f1o<\/h5>\n<p>La presente programaci\u00f3n est\u00e1 dirigida al primer curso del primer ciclo de Ense\u00f1anzas B\u00e1sicas de m\u00fasica en la materia de Lenguaje musical y se basa en el Decreto 17\/2009 de 20 de enero, por el que se establece la ordenaci\u00f3n y el curr\u00edculo de las Ense\u00f1anzas Elementales de m\u00fasica en Andaluc\u00eda y en la Orden, de 24 de junio de 2009, por la que se desarrolla el curr\u00edculo de las Ense\u00f1anzas Elementales de m\u00fasica en Andaluc\u00eda (objetivos, contenidos, criterios de evaluaci\u00f3n y orientaciones metodol\u00f3gicas del curr\u00edculo de las ense\u00f1anzas b\u00e1sicas de m\u00fasica) y en espec\u00edfico de la asignatura de Lenguaje Musical. Esta programaci\u00f3n es producto de un proceso de desarrollo curricular que, partiendo de la legislaci\u00f3n vigente, se materializa en el proyecto educativo y el proyecto curricular. Esta propuesta pedag\u00f3gica es abierta y flexible. Se trata de un primer modo de proceder para con los alumnos, el cual deber\u00e1 ser revisado y modificado peri\u00f3dicamente atendiendo a las necesidades educativas, a los conocimientos previos y a las caracter\u00edsticas del alumnado. Por lo tanto, se prestar\u00e1 atenci\u00f3n a la diversidad y se contemplar\u00e1n los recursos necesarios para el alumnado con necesidad espec\u00edfica de apoyo educativo. La programaci\u00f3n se ha elaborado para un centro tipo en un \u00e1mbito urbano, que cuenta con unas instalaciones amplias, vers\u00e1tiles y adaptables: auditorio, biblioteca, estudio de grabaci\u00f3n, aulas de lenguaje musical, de coro, de orquesta, de m\u00fasica de c\u00e1mara, aulas instrumentales individuales, cabinas de estudio, sala de profesores, de orientaci\u00f3n, direcci\u00f3n, etc.<\/p>\n","protected":false},"featured_media":3610,"template":"","meta":{"om_disable_all_campaigns":false,"_monsterinsights_skip_tracking":false,"_monsterinsights_sitenote_active":false,"_monsterinsights_sitenote_note":"","_monsterinsights_sitenote_category":0},"product_cat":[641],"product_tag":[],"aioseo_notices":[],"lang":"es","translations":{"es":3609},"pll_sync_post":[],"_links":{"self":[{"href":"https:\/\/www.dosacordes.es\/web\/wp-json\/wp\/v2\/product\/3609"}],"collection":[{"href":"https:\/\/www.dosacordes.es\/web\/wp-json\/wp\/v2\/product"}],"about":[{"href":"https:\/\/www.dosacordes.es\/web\/wp-json\/wp\/v2\/types\/product"}],"wp:featuredmedia":[{"embeddable":true,"href":"https:\/\/www.dosacordes.es\/web\/wp-json\/wp\/v2\/media\/3610"}],"wp:attachment":[{"href":"https:\/\/www.dosacordes.es\/web\/wp-json\/wp\/v2\/media?parent=3609"}],"wp:term":[{"taxonomy":"product_cat","embeddable":true,"href":"https:\/\/www.dosacordes.es\/web\/wp-json\/wp\/v2\/product_cat?post=3609"},{"taxonomy":"product_tag","embeddable":true,"href":"https:\/\/www.dosacordes.es\/web\/wp-json\/wp\/v2\/product_tag?post=3609"}],"curies":[{"name":"wp","href":"https:\/\/api.w.org\/{rel}","templated":true}]}}

Programación Didáctica de Lenguaje Musical

<h5>Cristina Taboada Espiño</h5>
<p>La presente programación está dirigida al primer curso del primer ciclo de Enseñanzas Básicas de música en la materia de Lenguaje musical y se basa en el Decreto 17/2009 de 20 de enero, por el que se establece la ordenación y el currículo de las Enseñanzas Elementales de música en Andalucía y en la Orden, de 24 de junio de 2009, por la que se desarrolla el currículo de las Enseñanzas Elementales de música en Andalucía (objetivos, contenidos, criterios de evaluación y orientaciones metodológicas del currículo de las enseñanzas básicas de música) y en específico de la asignatura de Lenguaje Musical. Esta programación es producto de un proceso de desarrollo curricular que, partiendo de la legislación vigente, se materializa en el proyecto educativo y el proyecto curricular. Esta propuesta pedagógica es abierta y flexible. Se trata de un primer modo de proceder para con los alumnos, el cual deberá ser revisado y modificado periódicamente atendiendo a las necesidades educativas, a los conocimientos previos y a las características del alumnado. Por lo tanto, se prestará atención a la diversidad y se contemplarán los recursos necesarios para el alumnado con necesidad específica de apoyo educativo. La programación se ha elaborado para un centro tipo en un ámbito urbano, que cuenta con unas instalaciones amplias, versátiles y adaptables: auditorio, biblioteca, estudio de grabación, aulas de lenguaje musical, de coro, de orquesta, de música de cámara, aulas instrumentales individuales, cabinas de estudio, sala de profesores, de orientación, dirección, etc.</p>
