{"id":3582,"date":"2018-03-10T16:11:43","date_gmt":"2018-03-10T14:11:43","guid":{"rendered":"http:\/\/www.dosacordes.es\/web\/?product=temario-de-percusia%c2%b3n-profesores-de-ma%c2%basica-y-artes-escanicas"},"modified":"2026-04-14T19:57:52","modified_gmt":"2026-04-14T17:57:52","slug":"temario-de-percusia%c2%b3n-profesores-de-ma%c2%basica-y-artes-escanicas","status":"publish","type":"product","link":"https:\/\/www.dosacordes.es\/web\/producto\/temario-de-percusia%c2%b3n-profesores-de-ma%c2%basica-y-artes-escanicas\/","title":{"rendered":"Temario de Percusi\u00f3n"},"content":{"rendered":"","protected":false},"excerpt":{"rendered":"<h5>\u00c1lvaro de Blas Garc\u00eda, \u00c1lvaro Jurado Garc\u00eda, Javier Jurado, M\u00f3nica Balo Gonz\u00e1lez<\/h5>\n<p>Correspondiente al Cuerpo de Profesores de M\u00fasica y Artes Esc\u00e9nicas. Seg\u00fan Orden ECD\/175372015, de 25 de agosto, por la que se aprueban los temarios que han de regir en los procedimientos de ingreso, acceso y adquisici\u00f3n de nuevas especialidades en el Cuerpo de Profesores de M\u00fasica y Artes Esc\u00e9nicas (BOE del 28 de agosto de 2015).<\/p>\n<p><a href=\"\/web\/wp-content\/uploads\/2021\/11\/TEMARIO-PERCUSION-SELECCIO\u0301N.pdf\">Descarga aqu\u00ed una muestra de esta publicaci\u00f3n.<\/a><\/p>\n","protected":false},"featured_media":7463,"template":"","meta":{"om_disable_all_campaigns":false,"_monsterinsights_skip_tracking":false,"_monsterinsights_sitenote_active":false,"_monsterinsights_sitenote_note":"","_monsterinsights_sitenote_category":0},"product_cat":[640],"product_tag":[],"aioseo_notices":[],"lang":"es","translations":{"es":3582},"pll_sync_post":[],"_links":{"self":[{"href":"https:\/\/www.dosacordes.es\/web\/wp-json\/wp\/v2\/product\/3582"}],"collection":[{"href":"https:\/\/www.dosacordes.es\/web\/wp-json\/wp\/v2\/product"}],"about":[{"href":"https:\/\/www.dosacordes.es\/web\/wp-json\/wp\/v2\/types\/product"}],"wp:featuredmedia":[{"embeddable":true,"href":"https:\/\/www.dosacordes.es\/web\/wp-json\/wp\/v2\/media\/7463"}],"wp:attachment":[{"href":"https:\/\/www.dosacordes.es\/web\/wp-json\/wp\/v2\/media?parent=3582"}],"wp:term":[{"taxonomy":"product_cat","embeddable":true,"href":"https:\/\/www.dosacordes.es\/web\/wp-json\/wp\/v2\/product_cat?post=3582"},{"taxonomy":"product_tag","embeddable":true,"href":"https:\/\/www.dosacordes.es\/web\/wp-json\/wp\/v2\/product_tag?post=3582"}],"curies":[{"name":"wp","href":"https:\/\/api.w.org\/{rel}","templated":true}]}}

Temario de Percusión

<h5>Álvaro de Blas García, Álvaro Jurado García, Javier Jurado, Mónica Balo González</h5>
<p>Correspondiente al Cuerpo de Profesores de Música y Artes Escénicas. Según Orden ECD/175372015, de 25 de agosto, por la que se aprueban los temarios que han de regir en los procedimientos de ingreso, acceso y adquisición de nuevas especialidades en el Cuerpo de Profesores de Música y Artes Escénicas (BOE del 28 de agosto de 2015).</p>
<p><a href="/web/wp-content/uploads/2021/11/TEMARIO-PERCUSION-SELECCIÓN.pdf">Descarga aquí una muestra de esta publicación.</a></p>
