{"id":3556,"date":"2017-07-27T13:33:20","date_gmt":"2017-07-27T13:33:20","guid":{"rendered":"http:\/\/www.dosacordes.es\/web\/?product=las-casas-de-zato-y-hourdissan"},"modified":"2024-11-18T10:44:06","modified_gmt":"2024-11-18T09:44:06","slug":"las-casas-de-zato-y-hourdissan","status":"publish","type":"product","link":"https:\/\/www.dosacordes.es\/web\/producto\/las-casas-de-zato-y-hourdissan\/","title":{"rendered":"Las casas de Zato y Hourdissan."},"content":{"rendered":"","protected":false},"excerpt":{"rendered":"<h5>Xulio Pardo de Neyra<\/h5>\n<p><span style=\"float: none;background-color: #edf3f4;color: #757575;cursor: text;font-family: 'Montserrat',sans-serif;font-size: 14px;font-style: normal;font-variant: normal;font-weight: 400;letter-spacing: normal;text-align: left;text-decoration: none;text-indent: 0px;text-transform: none\">Un ensayo de historia social de la Salamanca medieval a la decimon\u00f3nica Coru\u00f1a.<\/span><\/p>\n<p>Xulio Pardo de Neyra (Lugo, 1968), ha sido profesor de la Facultade de Humanidades de Lugo, de la Facultad de Formaci\u00f3n del Profesorado de C\u00e1ceres y de la Faculdade de Letras de Braga; y en la actualidad es Profesor Titular de la Universidade da Coru\u00f1a, donde da clases de Lengua y Literatura Gallegas y Did\u00e1ctica del Gallego. Desde 1988 public\u00f3 casi cuarenta ensayos, centrados en el vanguardismo literario gallego y espa\u00f1ol, en el republicanismo, en el erotismo y la pornograf\u00eda tanto gallega como espa\u00f1ola, en literatura gallega medieval, moderna y contempor\u00e1nea; en literatura palaciana gallega, en socioling\u00fc\u00edstica y did\u00e1ctica gallegas, en Historia Social, en mitolog\u00eda femenina o, por citar otro ejemplo, en literatura infantil gallega. Tambi\u00e9n es responsable de numerosos art\u00edculos de investigaci\u00f3n aparecidos en prestigiosas revistas especializadas y en actas de congresos y simposios gallegos, espa\u00f1oles y europeos. Asimismo, es el autor de la primera novela pornogr\u00e1fica gallega, \u00abIntensa e quente \u00e9 a t\u00faa humidade azul\u00bb, as\u00ed como de la compilaci\u00f3n de relatos er\u00f3tico-pornogr\u00e1ficos \u00abO nome do arrecendo\u00bb, el primer acercamiento narrativo gallego centrado en el espacio del homoerotismo, tanto en clave masculina como en femenina.<br \/>\nEn el plano acad\u00e9mico es la \u00fanica persona del Estado Espa\u00f1ol que cuenta con tres doctorados: en Filolog\u00eda Gallega por la Universidade de Compostela, en Historia Contempor\u00e1nea por la misma Universidad y, ahora como Doctor Europeo, en Did\u00e1ctica de la Lengua y la Literatura por la Universitat de Valencia. Siguiendo una de sus l\u00edneas de investigaci\u00f3n, la del estudio de la Historia Social bien claro que fruto de un programa cient\u00edfico emanado de las pautas de lo que Vilar ha denominado \u00abHistoria Total\u201d, en este ensayo se nos ofrece el estudio de la historia de una zona salmantina, la del Campo de Arga\u00f1\u00e1n, en la que se integra Villar de Ciervo.<br \/>\nDesde las p\u00e1ginas de este estudio se ofrece la historia de este pueblo, y se hace a trav\u00e9s del devenir de una de sus familias m\u00e1s simb\u00f3licas, la de los Zatos y Zatas, una casta cervata destacada ya desde la \u00e9poca en que aquellas tierras formaban parte del proyecto territorial musulm\u00e1n ib\u00e9rico. As\u00ed, y gracias a un detenido seguimiento, se estudian y analizan multitud de familias cervatas, mirobrigenses y arga\u00f1anas (Plaza, Cort\u00e9s, Diego, Vicente, Mart\u00edn, Zamarre\u00f1o, Simal, Xaque, Quadrado y un largo etc\u00e9tera) que fueron conformando el planisferio humano de una de las comarcas m\u00e1s simb\u00f3licas de la actual provincia de Salamanca. A ella llega, en el\u00a0 siglo XIX ya, la de los Hourdissans bearneses, que gracias al establecimiento del castrador Pierre de Hourdissan, se posicionar\u00e1 como una de las familias de mayor solvencia econ\u00f3mico-social del Villar de Ciervo contempor\u00e1neo.<\/p>\n","protected":false},"featured_media":7496,"template":"","meta":{"om_disable_all_campaigns":false,"_monsterinsights_skip_tracking":false,"_monsterinsights_sitenote_active":false,"_monsterinsights_sitenote_note":"","_monsterinsights_sitenote_category":0},"product_cat":[379],"product_tag":[],"aioseo_notices":[],"lang":"es","translations":{"es":3556},"pll_sync_post":[],"_links":{"self":[{"href":"https:\/\/www.dosacordes.es\/web\/wp-json\/wp\/v2\/product\/3556"}],"collection":[{"href":"https:\/\/www.dosacordes.es\/web\/wp-json\/wp\/v2\/product"}],"about":[{"href":"https:\/\/www.dosacordes.es\/web\/wp-json\/wp\/v2\/types\/product"}],"wp:featuredmedia":[{"embeddable":true,"href":"https:\/\/www.dosacordes.es\/web\/wp-json\/wp\/v2\/media\/7496"}],"wp:attachment":[{"href":"https:\/\/www.dosacordes.es\/web\/wp-json\/wp\/v2\/media?parent=3556"}],"wp:term":[{"taxonomy":"product_cat","embeddable":true,"href":"https:\/\/www.dosacordes.es\/web\/wp-json\/wp\/v2\/product_cat?post=3556"},{"taxonomy":"product_tag","embeddable":true,"href":"https:\/\/www.dosacordes.es\/web\/wp-json\/wp\/v2\/product_tag?post=3556"}],"curies":[{"name":"wp","href":"https:\/\/api.w.org\/{rel}","templated":true}]}}