{"id":3554,"date":"2020-05-30T03:20:02","date_gmt":"2020-05-30T03:20:02","guid":{"rendered":"http:\/\/www.dosacordes.es\/web\/?product=dos-obras-para-guitarra-flamenca-contemporanea"},"modified":"2025-01-12T23:01:20","modified_gmt":"2025-01-12T22:01:20","slug":"dos-obras-para-guitarra-flamenca-contemporanea","status":"publish","type":"product","link":"https:\/\/www.dosacordes.es\/web\/producto\/dos-obras-para-guitarra-flamenca-contemporanea\/","title":{"rendered":"Dos obras para guitarra flamenca contempor\u00e1nea"},"content":{"rendered":"","protected":false},"excerpt":{"rendered":"<h5>Jos\u00e9 Antonio Rico Rodr\u00edguez<\/h5>\n<p>Dos obras para guitarra flamenca contempor\u00e1nea. \u00abTangos de un recuerdo\u00bb. \u00abGris\u00e1ceo atardecer de oto\u00f1o\u00bb.<\/p>\n<p>Tras m\u00e1s de media vida dedicado a la m\u00fasica, con gratificantes experiencias tanto dentro como fuera del escenario y, sobre todo, a lo largo de su carrera docente, Jos\u00e9 Antonio Rico ha querido contribuir a la composici\u00f3n para guitarra flamenca con estas dos piezas que Dos Acordes presenta. Adem\u00e1s de la transcripci\u00f3n acad\u00e9mica, en lenguaje convencional, presentamos la tablatura, as\u00ed como un an\u00e1lisis arm\u00f3nico que ayuda al lector a una mejor comprensi\u00f3n de la obra, proporcionando patrones de referencia para nuevas composiciones o improvisaciones moment\u00e1neas. Como tales, pueden emplearse tanto por guitarristas avezados (lean o no notaci\u00f3n musical, gracias a la tablatura que incluimos) como para estudiantes de conservatorio, en cursos altos de ense\u00f1anzas profesionales y en superiores.<\/p>\n","protected":false},"featured_media":7490,"template":"","meta":{"om_disable_all_campaigns":false,"_monsterinsights_skip_tracking":false,"_monsterinsights_sitenote_active":false,"_monsterinsights_sitenote_note":"","_monsterinsights_sitenote_category":0},"product_cat":[361],"product_tag":[],"aioseo_notices":[],"lang":"es","translations":{"es":3554,"en":14105},"pll_sync_post":[],"_links":{"self":[{"href":"https:\/\/www.dosacordes.es\/web\/wp-json\/wp\/v2\/product\/3554"}],"collection":[{"href":"https:\/\/www.dosacordes.es\/web\/wp-json\/wp\/v2\/product"}],"about":[{"href":"https:\/\/www.dosacordes.es\/web\/wp-json\/wp\/v2\/types\/product"}],"wp:featuredmedia":[{"embeddable":true,"href":"https:\/\/www.dosacordes.es\/web\/wp-json\/wp\/v2\/media\/7490"}],"wp:attachment":[{"href":"https:\/\/www.dosacordes.es\/web\/wp-json\/wp\/v2\/media?parent=3554"}],"wp:term":[{"taxonomy":"product_cat","embeddable":true,"href":"https:\/\/www.dosacordes.es\/web\/wp-json\/wp\/v2\/product_cat?post=3554"},{"taxonomy":"product_tag","embeddable":true,"href":"https:\/\/www.dosacordes.es\/web\/wp-json\/wp\/v2\/product_tag?post=3554"}],"curies":[{"name":"wp","href":"https:\/\/api.w.org\/{rel}","templated":true}]}}