{"id":3550,"date":"2020-05-30T03:19:57","date_gmt":"2020-05-30T03:19:57","guid":{"rendered":"http:\/\/www.dosacordes.es\/web\/?product=fantasaa-da%c2%b3rica-op-66"},"modified":"2021-09-13T21:33:44","modified_gmt":"2021-09-13T19:33:44","slug":"fantasaa-da%c2%b3rica-op-66","status":"publish","type":"product","link":"https:\/\/www.dosacordes.es\/web\/producto\/fantasaa-da%c2%b3rica-op-66\/","title":{"rendered":"Fantas\u00eda D\u00f3rica, op. 66: Para gaita y piano"},"content":{"rendered":"","protected":false},"excerpt":{"rendered":"<h5>Manuel Alejandre Prada<\/h5>\n<p>Caderno 24. Dos Acordes mant\u00e9n o seu compromiso acad\u00e9mico coa gaita con este novo n\u00famero da popular colecci\u00f3n <i>Cadernos de Gaita<\/i>. Nesta ocasi\u00f3n, o compositor Manuel Alejandre achega o seu Bierzo natal ata n\u00f3s con esta \u00abFantas\u00eda D\u00f3rica\u00bb, dedicada ao gaiteiro Diego Bello. Se xa \u00e9 de consideraci\u00f3n que os grandes compositores contempor\u00e1neos compo\u00f1an para o noso instrumento nacional, non deixa de ser menos que Dos Acordes contin\u00fae a aposta por esta v\u00eda necesaria de exploraci\u00f3n (sen negar a importancia de outras moitas, nas que tam\u00e9n estivemos dende os inicios). Incl\u00fae partes exentas de gaita, en escritas DO e Re.<\/p>\n","protected":false},"featured_media":7550,"template":"","meta":{"om_disable_all_campaigns":false,"_monsterinsights_skip_tracking":false,"_monsterinsights_sitenote_active":false,"_monsterinsights_sitenote_note":"","_monsterinsights_sitenote_category":0},"product_cat":[347],"product_tag":[],"aioseo_notices":[],"lang":"es","translations":{"es":3550},"pll_sync_post":[],"_links":{"self":[{"href":"https:\/\/www.dosacordes.es\/web\/wp-json\/wp\/v2\/product\/3550"}],"collection":[{"href":"https:\/\/www.dosacordes.es\/web\/wp-json\/wp\/v2\/product"}],"about":[{"href":"https:\/\/www.dosacordes.es\/web\/wp-json\/wp\/v2\/types\/product"}],"wp:featuredmedia":[{"embeddable":true,"href":"https:\/\/www.dosacordes.es\/web\/wp-json\/wp\/v2\/media\/7550"}],"wp:attachment":[{"href":"https:\/\/www.dosacordes.es\/web\/wp-json\/wp\/v2\/media?parent=3550"}],"wp:term":[{"taxonomy":"product_cat","embeddable":true,"href":"https:\/\/www.dosacordes.es\/web\/wp-json\/wp\/v2\/product_cat?post=3550"},{"taxonomy":"product_tag","embeddable":true,"href":"https:\/\/www.dosacordes.es\/web\/wp-json\/wp\/v2\/product_tag?post=3550"}],"curies":[{"name":"wp","href":"https:\/\/api.w.org\/{rel}","templated":true}]}}