{"id":3528,"date":"2020-05-30T03:19:26","date_gmt":"2020-05-30T01:19:26","guid":{"rendered":"http:\/\/www.dosacordes.es\/web\/?product=santese-obra-en-5-eventos-para-orquesta"},"modified":"2020-08-11T11:40:10","modified_gmt":"2020-08-11T09:40:10","slug":"santese-obra-en-5-eventos-para-orquesta","status":"publish","type":"product","link":"https:\/\/www.dosacordes.es\/web\/producto\/santese-obra-en-5-eventos-para-orquesta\/","title":{"rendered":"S\u00edntese: Obra en 5 eventos, para orquesta"},"content":{"rendered":"","protected":false},"excerpt":{"rendered":"<h5>Pablo Beltr\u00e1n Sobrado<\/h5>\n<p>Seg\u00fan su autor, como su t\u00edtulo indica, la obra trata de ser una s\u00edntesis de variadas cosas y circunstancias (experiencia musical, aprendizaje t\u00e9cnico, vivencias personales) que confluyen en el ideario de la obra que, de alg\u00fan modo, queda resumido en la palabra gallega S\u00edntese. Es una obra de sensaciones t\u00edmbricas donde la medida precisa, la articulaci\u00f3n y las gradaciones din\u00e1micas son de gran importancia, sin renunciar tampoco al hecho mel\u00f3dico. Presenta momentos de gran densidad sonora, a veces con rasgos espectrales, pero sin renunciar a la claridad y al di\u00e1logo instrumental.<\/p>\n<p>La obra esta escrita en cinco eventos:<br \/>\n1. Desespero (Desesperanza)<br \/>\n2. Frialdade, Nostalgia (Desolaci\u00f3n, Nostalgia)<br \/>\n3. Tristura e Dor (Tristeza y Dolor)<br \/>\n4. Calma<br \/>\n5. Celme, Soidade (Esencia, Soledad)<\/p>\n<p>Estos eventos (que no son movimientos) transcurren de forma sucesiva y unida, expresan diferentes estados de \u00e1nimo y emociones surgidas durante la creaci\u00f3n de la obra y, que de alg\u00fan modo, sirven de motivaci\u00f3n e inspiraci\u00f3n al compositor. Formalmente es una obra de car\u00e1cter discursivo, sin cortes, solamente sugeridos por el cambio sutil de car\u00e1cter de cada evento; es un viaje de sensaciones que trata de reflejar, como en un paisaje sonoro, o en un cuadro, diferentes im\u00e1genes. Pero simplemente es m\u00fasica.<\/p>\n","protected":false},"featured_media":7536,"template":"","meta":{"om_disable_all_campaigns":false,"_monsterinsights_skip_tracking":false,"_monsterinsights_sitenote_active":false,"_monsterinsights_sitenote_note":"","_monsterinsights_sitenote_category":0},"product_cat":[636],"product_tag":[],"aioseo_notices":[],"lang":"es","translations":{"es":3528},"pll_sync_post":[],"_links":{"self":[{"href":"https:\/\/www.dosacordes.es\/web\/wp-json\/wp\/v2\/product\/3528"}],"collection":[{"href":"https:\/\/www.dosacordes.es\/web\/wp-json\/wp\/v2\/product"}],"about":[{"href":"https:\/\/www.dosacordes.es\/web\/wp-json\/wp\/v2\/types\/product"}],"wp:featuredmedia":[{"embeddable":true,"href":"https:\/\/www.dosacordes.es\/web\/wp-json\/wp\/v2\/media\/7536"}],"wp:attachment":[{"href":"https:\/\/www.dosacordes.es\/web\/wp-json\/wp\/v2\/media?parent=3528"}],"wp:term":[{"taxonomy":"product_cat","embeddable":true,"href":"https:\/\/www.dosacordes.es\/web\/wp-json\/wp\/v2\/product_cat?post=3528"},{"taxonomy":"product_tag","embeddable":true,"href":"https:\/\/www.dosacordes.es\/web\/wp-json\/wp\/v2\/product_tag?post=3528"}],"curies":[{"name":"wp","href":"https:\/\/api.w.org\/{rel}","templated":true}]}}