{"id":3520,"date":"2020-05-30T03:19:13","date_gmt":"2020-05-30T03:19:13","guid":{"rendered":"http:\/\/www.dosacordes.es\/web\/?product=la-virgen-de-la-roca-apropa%c2%b3sito-larico-dramatico"},"modified":"2021-05-13T11:44:12","modified_gmt":"2021-05-13T09:44:12","slug":"la-virgen-de-la-roca-apropa%c2%b3sito-larico-dramatico","status":"publish","type":"product","link":"https:\/\/www.dosacordes.es\/web\/producto\/la-virgen-de-la-roca-apropa%c2%b3sito-larico-dramatico\/","title":{"rendered":"La Virgen de la Roca: Aprop\u00f3sito l\u00edrico-dram\u00e1tico."},"content":{"rendered":"","protected":false},"excerpt":{"rendered":"<p><span style=\"display: inline !important; float: none; background-color: #edf3f4; color: #757575; cursor: text; font-family: 'Montserrat',sans-serif; font-size: 14px; font-style: normal; font-variant: normal; font-weight: 400; letter-spacing: normal; orphans: 2; text-align: left; text-decoration: none; text-indent: 0px; text-transform: none; -webkit-text-stroke-width: 0px; white-space: normal; word-spacing: 0px;\">El aprop\u00f3sito l\u00edrico <\/span><i>La Virgen de la Roca<\/i><span style=\"display: inline !important; float: none; background-color: #edf3f4; color: #757575; cursor: text; font-family: 'Montserrat',sans-serif; font-size: 14px; font-style: normal; font-variant: normal; font-weight: 400; letter-spacing: normal; orphans: 2; text-align: left; text-decoration: none; text-indent: 0px; text-transform: none; -webkit-text-stroke-width: 0px; white-space: normal; word-spacing: 0px;\">, con m\u00fasica del cl\u00e9rigo baion\u00e9s \u00c1ngel Rodulfo sobre libro de su paisano Jos\u00e9 Mar\u00eda Barreiro, se estren\u00f3 en septiembre de 1910 en Baiona; desde all\u00ed gir\u00f3, a continuaci\u00f3n, por varias capitales gallegas y el Teatro Real de Madrid llegando, incluso, a Latinoam\u00e9rica. <\/span><span style=\"display: inline !important; float: none; background-color: #edf3f4; color: #757575; cursor: text; font-family: 'Montserrat',sans-serif; font-size: 14px; font-style: normal; font-variant: normal; font-weight: 400; letter-spacing: normal; orphans: 2; text-align: left; text-decoration: none; text-indent: 0px; text-transform: none; -webkit-text-stroke-width: 0px; white-space: normal; word-spacing: 0px;\">La obra se escribi\u00f3 con fines ben\u00e9ficos, como forma de recaudar fondos destinados a la construcci\u00f3n de la escultura hom\u00f3nima de Antonio Palacios en Baiona. <\/span><i>La Virgen de la Roca <\/i><span style=\"display: inline !important; float: none; background-color: #edf3f4; color: #757575; cursor: text; font-family: 'Montserrat',sans-serif; font-size: 14px; font-style: normal; font-variant: normal; font-weight: 400; letter-spacing: normal; orphans: 2; text-align: left; text-decoration: none; text-indent: 0px; text-transform: none; -webkit-text-stroke-width: 0px; white-space: normal; word-spacing: 0px;\">es la obra de \u00c1ngel Rodulfo que ha obtenido una mayor repercusi\u00f3n, por lo que ofrece un enorme inter\u00e9s para entender la importancia de la figura del compositor y el contexto en el que se desarroll\u00f3 su carrera. <\/span><span style=\"display: inline !important; float: none; background-color: #edf3f4; color: #757575; cursor: text; font-family: 'Montserrat',sans-serif; font-size: 14px; font-style: normal; font-variant: normal; font-weight: 400; letter-spacing: normal; orphans: 2; text-align: left; text-decoration: none; text-indent: 0px; text-transform: none; -webkit-text-stroke-width: 0px; white-space: normal; word-spacing: 0px;\">Partiendo de su significaci\u00f3n, Mar\u00eda Reinero y Javier Jurado publican esta investigaci\u00f3n acerca del compositor y del libretista, as\u00ed como un recorrido hist\u00f3rico por las diferentes ocasiones en que <\/span><i>La Virgen de la Roca<\/i><span style=\"display: inline !important; float: none; background-color: #edf3f4; color: #757575; cursor: text; font-family: 'Montserrat',sans-serif; font-size: 14px; font-style: normal; font-variant: normal; font-weight: 400; letter-spacing: normal; orphans: 2; text-align: left; text-decoration: none; text-indent: 0px; text-transform: none; -webkit-text-stroke-width: 0px; white-space: normal; word-spacing: 0px;\"> fue puesta en escena, a\u00f1adiendo la edici\u00f3n del libreto y la reducci\u00f3n pian\u00edstica de su m\u00fasica.<\/span><br \/>\n<span style=\"display: inline !important; float: none; background-color: #edf3f4; color: #757575; cursor: text; font-family: 'Montserrat',sans-serif; font-size: 14px; font-style: normal; font-variant: normal; font-weight: 400; letter-spacing: normal; orphans: 2; text-align: left; text-decoration: none; text-indent: 0px; text-transform: none; -webkit-text-stroke-width: 0px; white-space: normal; word-spacing: 0px;\">Publicada por Ideam\u00fasica, Dos Acordes dispone de unos ejemplares para su venta on-line.<\/span><\/p>\n","protected":false},"featured_media":7495,"template":"","meta":{"om_disable_all_campaigns":false,"_monsterinsights_skip_tracking":false,"_monsterinsights_sitenote_active":false,"_monsterinsights_sitenote_note":"","_monsterinsights_sitenote_category":0},"product_cat":[348],"product_tag":[],"aioseo_notices":[],"lang":"es","translations":{"es":3520},"pll_sync_post":[],"_links":{"self":[{"href":"https:\/\/www.dosacordes.es\/web\/wp-json\/wp\/v2\/product\/3520"}],"collection":[{"href":"https:\/\/www.dosacordes.es\/web\/wp-json\/wp\/v2\/product"}],"about":[{"href":"https:\/\/www.dosacordes.es\/web\/wp-json\/wp\/v2\/types\/product"}],"wp:featuredmedia":[{"embeddable":true,"href":"https:\/\/www.dosacordes.es\/web\/wp-json\/wp\/v2\/media\/7495"}],"wp:attachment":[{"href":"https:\/\/www.dosacordes.es\/web\/wp-json\/wp\/v2\/media?parent=3520"}],"wp:term":[{"taxonomy":"product_cat","embeddable":true,"href":"https:\/\/www.dosacordes.es\/web\/wp-json\/wp\/v2\/product_cat?post=3520"},{"taxonomy":"product_tag","embeddable":true,"href":"https:\/\/www.dosacordes.es\/web\/wp-json\/wp\/v2\/product_tag?post=3520"}],"curies":[{"name":"wp","href":"https:\/\/api.w.org\/{rel}","templated":true}]}}