{"id":3469,"date":"2012-09-04T20:16:58","date_gmt":"2012-09-04T18:16:58","guid":{"rendered":"http:\/\/www.dosacordes.es\/web\/?product=el-album-de-clari-101-piezas-sencillas-para-clarinete-piano"},"modified":"2023-04-26T17:01:28","modified_gmt":"2023-04-26T15:01:28","slug":"el-album-de-clari-101-piezas-sencillas-para-clarinete-piano","status":"publish","type":"product","link":"https:\/\/www.dosacordes.es\/web\/producto\/el-album-de-clari-101-piezas-sencillas-para-clarinete-piano\/","title":{"rendered":"El \u00e1lbum de Clari: Libro de piano"},"content":{"rendered":"","protected":false},"excerpt":{"rendered":"<h5>Santiago Comesa\u00f1a<\/h5>\n<p>Este libro incluye una serie de piezas de diversa \u00edndole para clarinete y piano, con vistas a proporcionar a los estudiantes un repertorio con el que puedan disfrutar en sus inicios con el instrumento. \u00abEl \u00e1lbum de Clari\u00bb es, en realidad, una serie que consta de dos vol\u00famenes de venta por separado. El primero presenta las particellas para clarinete e incorpora un CD audio mp3 con las grabaciones al piano de su acompa\u00f1amiento interpretado por Alejo Amoedo, de manera que se puedan estudiar y tocar aprovechando las posibilidades did\u00e1cticas de dicho apoyo; este segundo volumen incluye las partituras de clarinete y piano, y complementa el anterior para ser empleado por los pianistas acompa\u00f1antes de conservatorios y escuelas de m\u00fasica o bien para trabajar la\u00c2\u00a0 m\u00fasica de c\u00e1mara en estos estadios iniciales del aprendizaje.<\/p>\n<p>Para ver piezas incluidas en el libro clica en los siguientes enlaces:<\/p>\n<p><a href=\"http:\/\/www.dosacordes.es\/muestras_pdf\/026_Allemande_2.pdf\">http:\/\/www.dosacordes.es\/muestras_pdf\/026_Allemande_2.pdf<\/a><br \/>\n<a href=\"http:\/\/www.dosacordes.es\/muestras_pdf\/035_Ave_verum_2.pdf\">http:\/\/www.dosacordes.es\/muestras_pdf\/035_Ave_verum_2.pdf<\/a><\/p>\n","protected":false},"featured_media":3470,"template":"","meta":{"om_disable_all_campaigns":false,"_monsterinsights_skip_tracking":false,"_monsterinsights_sitenote_active":false,"_monsterinsights_sitenote_note":"","_monsterinsights_sitenote_category":0},"product_cat":[362],"product_tag":[],"aioseo_notices":[],"lang":"es","translations":{"es":3469},"pll_sync_post":[],"_links":{"self":[{"href":"https:\/\/www.dosacordes.es\/web\/wp-json\/wp\/v2\/product\/3469"}],"collection":[{"href":"https:\/\/www.dosacordes.es\/web\/wp-json\/wp\/v2\/product"}],"about":[{"href":"https:\/\/www.dosacordes.es\/web\/wp-json\/wp\/v2\/types\/product"}],"wp:featuredmedia":[{"embeddable":true,"href":"https:\/\/www.dosacordes.es\/web\/wp-json\/wp\/v2\/media\/3470"}],"wp:attachment":[{"href":"https:\/\/www.dosacordes.es\/web\/wp-json\/wp\/v2\/media?parent=3469"}],"wp:term":[{"taxonomy":"product_cat","embeddable":true,"href":"https:\/\/www.dosacordes.es\/web\/wp-json\/wp\/v2\/product_cat?post=3469"},{"taxonomy":"product_tag","embeddable":true,"href":"https:\/\/www.dosacordes.es\/web\/wp-json\/wp\/v2\/product_tag?post=3469"}],"curies":[{"name":"wp","href":"https:\/\/api.w.org\/{rel}","templated":true}]}}