{"id":3467,"date":"2014-02-19T21:32:11","date_gmt":"2014-02-19T21:32:11","guid":{"rendered":"http:\/\/www.dosacordes.es\/web\/?product=el-album-de-clari-101-piezas-sencillas-para-clarinete"},"modified":"2025-09-16T13:45:11","modified_gmt":"2025-09-16T11:45:11","slug":"el-album-de-clari-101-piezas-sencillas-para-clarinete","status":"publish","type":"product","link":"https:\/\/www.dosacordes.es\/web\/producto\/el-album-de-clari-101-piezas-sencillas-para-clarinete\/","title":{"rendered":"El \u00e1lbum de Clari: 101 piezas sencillas para clarinete"},"content":{"rendered":"<p class=\"MsoNormal\" style=\"margin: 0cm 0cm 6pt;\">\n<p class=\"MsoNormal\" style=\"margin: 0cm 0cm 0pt;\">\n","protected":false},"excerpt":{"rendered":"<h5>Santiago Comesa\u00f1a<\/h5>\n<p>En este libro se incluyen una serie de piezas de diversa \u00edndole, con vistas a proporcionar a los estudiantes de clarinete un repertorio con el que puedan disfrutar en sus inicios con el instrumento. Incorpora un CD audio mp3 con las grabaciones al piano del acompa\u00f1amiento de dichas piezas interpretado por Alejo Amoedo, de manera que se puedan estudiar y tocar aprovechando las posibilidades did\u00e1cticas de dicho apoyo: estabilidad r\u00edtmica, fraseo adecuado, correcta afinaci\u00f3n, respeto a los compases de espera, mantenimiento de los planos sonoros, musicalidad, etc. Con ello, adem\u00e1s, los int\u00e9rpretes noveles se ir\u00e1n acostumbrando a la sonoridad de la parte de piano para cuando deban interpretar a d\u00fao con dicho instrumento.<\/p>\n<p>Con vistas a hacer el libro menos costoso y m\u00e1s manejable, este volumen contiene s\u00f3lo la parte correspondiente al clarinete y el CD de audio, complement\u00e1ndose con otro del mismo t\u00edtulo que contiene las partituras de clarinete y piano (de venta por separado).<\/p>\n<p>Para ver piezas incluidas en el libro clica en los siguientes enlaces:<\/p>\n<p><a href=\"http:\/\/www.dosacordes.es\/muestras_pdf\/026_Allemande_Clarinete.pdf\">http:\/\/www.dosacordes.es\/muestras_pdf\/026_Allemande_Clarinete.pdf<\/a><br \/>\n<a href=\"http:\/\/www.dosacordes.es\/muestras_pdf\/035_Ave_verum_clarinete.pdf\">http:\/\/www.dosacordes.es\/muestras_pdf\/035_Ave_verum_clarinete.pdf<\/a><\/p>\n<p>Para escuchar los audios correspondientes:<\/p>\n<p><a href=\"http:\/\/www.dosacordes.es\/muestras_pdf\/30_Allemande_Stamitz.mp3\">http:\/\/www.dosacordes.es\/muestras_pdf\/30_Allemande_Stamitz.mp3<\/a><\/p>\n<p><a href=\"http:\/\/www.dosacordes.es\/muestras_pdf\/39_Ave_verum.mp3\">http:\/\/www.dosacordes.es\/muestras_pdf\/39_Ave_verum.mp3<\/a><\/p>\n<p>Y, a continuaci\u00f3n, puedes ver los archivos relacionados con estos pertenecientes a \u00abEl \u00e1lbum de Clari; Piano\u00bb, que se vende por separado:<\/p>\n<p><a href=\"http:\/\/www.dosacordes.es\/muestras_pdf\/026_Allemande_2.pdf\">http:\/\/www.dosacordes.es\/muestras_pdf\/026_Allemande_2.pdf<\/a><br \/>\n<a href=\"http:\/\/www.dosacordes.es\/muestras_pdf\/035_Ave_verum_2.pdf\">http:\/\/www.dosacordes.es\/muestras_pdf\/035_Ave_verum_2.pdf<\/a><\/p>\n<p>Para poder ver un \u00edndice completo (con obras y autores, cortes del CD, p\u00e1gina del libro, indicaci\u00f3n metron\u00f3mica y claqueta previa a la entrada), clica en el enlace:<\/p>\n<p><a href=\"http:\/\/www.dosacordes.es\/muestras_pdf\/indice.pdf\">http:\/\/www.dosacordes.es\/muestras_pdf\/indice.pdf<\/a><\/p>\n<p>Para Academias, Escuelas de m\u00fasica, Conservatorios que compren varios ejemplares tenemos ofertas de descuento, adem\u00e1s de regalarles el libro de piano correspondiente. Si te interesa tratarlo, contacta con nosotros en info@dosacordes.com<\/p>\n<p>Para conseguir las partituras del 1\u00ba Concurso de Clarinete Cidade de Ourense, <a href=\"https:\/\/dl.dropboxusercontent.com\/u\/43449666\/1%C2%BA_Concurso_Cidade_Ourense.rar\">haz click en este enlace<\/a>. De paso, puedes obtener las muestras de nuestro libro en los enlaces anteriores.\u00c2<\/p>\n","protected":false},"featured_media":3468,"template":"","meta":{"om_disable_all_campaigns":false,"_monsterinsights_skip_tracking":false,"_monsterinsights_sitenote_active":false,"_monsterinsights_sitenote_note":"","_monsterinsights_sitenote_category":0},"product_cat":[362],"product_tag":[],"aioseo_notices":[],"lang":"es","translations":{"es":3467,"en":14089},"pll_sync_post":[],"_links":{"self":[{"href":"https:\/\/www.dosacordes.es\/web\/wp-json\/wp\/v2\/product\/3467"}],"collection":[{"href":"https:\/\/www.dosacordes.es\/web\/wp-json\/wp\/v2\/product"}],"about":[{"href":"https:\/\/www.dosacordes.es\/web\/wp-json\/wp\/v2\/types\/product"}],"wp:featuredmedia":[{"embeddable":true,"href":"https:\/\/www.dosacordes.es\/web\/wp-json\/wp\/v2\/media\/3468"}],"wp:attachment":[{"href":"https:\/\/www.dosacordes.es\/web\/wp-json\/wp\/v2\/media?parent=3467"}],"wp:term":[{"taxonomy":"product_cat","embeddable":true,"href":"https:\/\/www.dosacordes.es\/web\/wp-json\/wp\/v2\/product_cat?post=3467"},{"taxonomy":"product_tag","embeddable":true,"href":"https:\/\/www.dosacordes.es\/web\/wp-json\/wp\/v2\/product_tag?post=3467"}],"curies":[{"name":"wp","href":"https:\/\/api.w.org\/{rel}","templated":true}]}}

El álbum de Clari: 101 piezas sencillas para clarinete

<h5>Santiago Comesaña</h5>
<p>En este libro se incluyen una serie de piezas de diversa índole, con vistas a proporcionar a los estudiantes de clarinete un repertorio con el que puedan disfrutar en sus inicios con el instrumento. Incorpora un CD audio mp3 con las grabaciones al piano del acompañamiento de dichas piezas interpretado por Alejo Amoedo, de manera que se puedan estudiar y tocar aprovechando las posibilidades didácticas de dicho apoyo: estabilidad rítmica, fraseo adecuado, correcta afinación, respeto a los compases de espera, mantenimiento de los planos sonoros, musicalidad, etc. Con ello, además, los intérpretes noveles se irán acostumbrando a la sonoridad de la parte de piano para cuando deban interpretar a dúo con dicho instrumento.</p>
<p>Con vistas a hacer el libro menos costoso y más manejable, este volumen contiene sólo la parte correspondiente al clarinete y el CD de audio, complementándose con otro del mismo título que contiene las partituras de clarinete y piano (de venta por separado).</p>
<p>Para ver piezas incluidas en el libro clica en los siguientes enlaces:</p>
<p><a href="http://www.dosacordes.es/muestras_pdf/026_Allemande_Clarinete.pdf">http://www.dosacordes.es/muestras_pdf/026_Allemande_Clarinete.pdf</a><br />
<a href="http://www.dosacordes.es/muestras_pdf/035_Ave_verum_clarinete.pdf">http://www.dosacordes.es/muestras_pdf/035_Ave_verum_clarinete.pdf</a></p>
<p>Para escuchar los audios correspondientes:</p>
<p><a href="http://www.dosacordes.es/muestras_pdf/30_Allemande_Stamitz.mp3">http://www.dosacordes.es/muestras_pdf/30_Allemande_Stamitz.mp3</a></p>
<p><a href="http://www.dosacordes.es/muestras_pdf/39_Ave_verum.mp3">http://www.dosacordes.es/muestras_pdf/39_Ave_verum.mp3</a></p>
<p>Y, a continuación, puedes ver los archivos relacionados con estos pertenecientes a «El álbum de Clari; Piano», que se vende por separado:</p>
<p><a href="http://www.dosacordes.es/muestras_pdf/026_Allemande_2.pdf">http://www.dosacordes.es/muestras_pdf/026_Allemande_2.pdf</a><br />
<a href="http://www.dosacordes.es/muestras_pdf/035_Ave_verum_2.pdf">http://www.dosacordes.es/muestras_pdf/035_Ave_verum_2.pdf</a></p>
<p>Para poder ver un índice completo (con obras y autores, cortes del CD, página del libro, indicación metronómica y claqueta previa a la entrada), clica en el enlace:</p>
<p><a href="http://www.dosacordes.es/muestras_pdf/indice.pdf">http://www.dosacordes.es/muestras_pdf/indice.pdf</a></p>
<p>Para Academias, Escuelas de música, Conservatorios que compren varios ejemplares tenemos ofertas de descuento, además de regalarles el libro de piano correspondiente. Si te interesa tratarlo, contacta con nosotros en info@dosacordes.com</p>
<p>Para conseguir las partituras del 1º Concurso de Clarinete Cidade de Ourense, <a href="https://dl.dropboxusercontent.com/u/43449666/1%C2%BA_Concurso_Cidade_Ourense.rar">haz click en este enlace</a>. De paso, puedes obtener las muestras de nuestro libro en los enlaces anteriores.Â</p>
