{"id":3459,"date":"2016-07-24T18:01:08","date_gmt":"2016-07-24T18:01:08","guid":{"rendered":"http:\/\/www.dosacordes.es\/web\/?product=froles-douro-34-pezas-galegas-para-guitarra"},"modified":"2022-03-25T18:52:17","modified_gmt":"2022-03-25T16:52:17","slug":"froles-douro-34-pezas-galegas-para-guitarra","status":"publish","type":"product","link":"https:\/\/www.dosacordes.es\/web\/producto\/froles-douro-34-pezas-galegas-para-guitarra\/","title":{"rendered":"Froles d&#8217;ouro: 34 pezas galegas para guitarra"},"content":{"rendered":"","protected":false},"excerpt":{"rendered":"<h5>Manuel Herminio Iglesias<\/h5>\n<p>Tr\u00e1tase dunha selecci\u00f3n de pezas pertencentes ao folclore galego versionadas para guitarra. Nivel elemental e medio, moi asequible para o alumnado de conservatorio elemental e primeiros cursos de ensinanzas profesionais, m\u00e1is escolas de m\u00fasica e academias. Un xeito de se aproximar \u00e1 m\u00fasica patrimonial a trav\u00e9s do seu propio instrumento. Para que as persoas interesadas podan facerse unha idea do nivel, adxuntamos <a href=\"https:\/\/open.spotify.com\/track\/0AUat3DaN0hNChLyCd0Yug\" target=\"_blank\" rel=\"noopener noreferrer\">enlace<\/a> \u00e1 interpretaci\u00f3n da cantiga que lle d\u00e1 nome ao libro, a cargo do concertista Samuel Diz no seu disco <i>Guitarra Cl\u00e1sica Galega<\/i>.<\/p>\n","protected":false},"featured_media":3460,"template":"","meta":{"om_disable_all_campaigns":false,"_monsterinsights_skip_tracking":false,"_monsterinsights_sitenote_active":false,"_monsterinsights_sitenote_note":"","_monsterinsights_sitenote_category":0},"product_cat":[361],"product_tag":[],"aioseo_notices":[],"lang":"es","translations":{"es":3459},"pll_sync_post":[],"_links":{"self":[{"href":"https:\/\/www.dosacordes.es\/web\/wp-json\/wp\/v2\/product\/3459"}],"collection":[{"href":"https:\/\/www.dosacordes.es\/web\/wp-json\/wp\/v2\/product"}],"about":[{"href":"https:\/\/www.dosacordes.es\/web\/wp-json\/wp\/v2\/types\/product"}],"wp:featuredmedia":[{"embeddable":true,"href":"https:\/\/www.dosacordes.es\/web\/wp-json\/wp\/v2\/media\/3460"}],"wp:attachment":[{"href":"https:\/\/www.dosacordes.es\/web\/wp-json\/wp\/v2\/media?parent=3459"}],"wp:term":[{"taxonomy":"product_cat","embeddable":true,"href":"https:\/\/www.dosacordes.es\/web\/wp-json\/wp\/v2\/product_cat?post=3459"},{"taxonomy":"product_tag","embeddable":true,"href":"https:\/\/www.dosacordes.es\/web\/wp-json\/wp\/v2\/product_tag?post=3459"}],"curies":[{"name":"wp","href":"https:\/\/api.w.org\/{rel}","templated":true}]}}

<h5>Manuel Herminio Iglesias</h5>
<p>Trátase dunha selección de pezas pertencentes ao folclore galego versionadas para guitarra. Nivel elemental e medio, moi asequible para o alumnado de conservatorio elemental e primeiros cursos de ensinanzas profesionais, máis escolas de música e academias. Un xeito de se aproximar á música patrimonial a través do seu propio instrumento. Para que as persoas interesadas podan facerse unha idea do nivel, adxuntamos <a href="https://open.spotify.com/track/0AUat3DaN0hNChLyCd0Yug" target="_blank" rel="noopener noreferrer">enlace</a> á interpretación da cantiga que lle dá nome ao libro, a cargo do concertista Samuel Diz no seu disco <i>Guitarra Clásica Galega</i>.</p>
