{"id":3457,"date":"2020-05-30T03:17:47","date_gmt":"2020-05-30T03:17:47","guid":{"rendered":"http:\/\/www.dosacordes.es\/web\/?product=shalom-aleichem"},"modified":"2022-05-14T17:52:11","modified_gmt":"2022-05-14T15:52:11","slug":"shalom-aleichem","status":"publish","type":"product","link":"https:\/\/www.dosacordes.es\/web\/producto\/shalom-aleichem\/","title":{"rendered":"Shalom Aleichem: Para guitarra soa"},"content":{"rendered":"","protected":false},"excerpt":{"rendered":"<h5><span style=\"display: inline !important; float: none; background-color: #edf3f4; color: #757575; cursor: text; font-family: 'Montserrat',sans-serif; font-size: 14px; font-style: normal; font-variant: normal; font-weight: 400; letter-spacing: normal; orphans: 2; text-align: left; text-decoration: none; text-indent: 0px; text-transform: none; -webkit-text-stroke-width: 0px; white-space: normal; word-spacing: 0px;\">Gloria Rodr\u00edguez Gil<\/span><\/h5>\n<p>A idea de Shalom Aleichem nace durante o Entroido de 2010, despois de que unha grave doenza deixara \u00e1 compositora sen poder escribir nada durante o ano 2009. Foi en febreiro do ano 2010 cando o seu profesor Albert Sard\u00e1 animouna a compor unha peza para ser estreada pola agrupaci\u00f3n Tactum en maio de 2010, durante o 25 Ciclo de concertos da Fundaci\u00f3 de M\u00fasica Contempor\u00e1nia de Barcelona. As\u00ed \u00e9 como Gloria Rodr\u00edguez Gil leva a cabo a idea de comp\u00f3r tres pezas baseadas directamente no <i>Concerto para piano en SolM<\/i> de Maurice Ravel, concerto que a compositora non deixou de escoitar mestres estivo postrada nunha cama. Cada unha das pezas leva un agradecemento-despedida impl\u00edcito. A primeira das pezas tit\u00falase <i>Chiva <\/i>e se trata dun concerto para piano e catro instrumentos, baseado \u00edntegramente na peza de Ravel, exclu\u00edndo tan s\u00f3 a coda (ou sexa, A-B-A). Foi estreada en Barcelona o 31 de maio de 2010.\u00a0 A segunda peza ser\u00e1 titulada <i>Mzungu David<\/i>, composta para tenor e piano. Est\u00e1 baseada en <i>Chiva<\/i> pero excl\u00fae a parte central daquela (ou sexa, A-A). Foi estreada o 28 de decembro de 2011 en A Coru\u00f1a. A terceira e derradeira ser\u00e1 <i>Shalom Aleichem para guitarra soa<\/i>, baseada en <i>Mzungu David<\/i> pero eliminando unha das partes (ou sexa, tan s\u00f3 un A). A obra foi rematada en abril de 2011 e estreada o 5 de xullo do mesmo ano en Lugo polo guitarrista Ram\u00f3n Carnota, no terceiro concerto do XVI Ciclo de concertos da Asociaci\u00f3n Galega de Compositores.<\/p>\n","protected":false},"featured_media":3458,"template":"","meta":{"om_disable_all_campaigns":false,"_monsterinsights_skip_tracking":false,"_monsterinsights_sitenote_active":false,"_monsterinsights_sitenote_note":"","_monsterinsights_sitenote_category":0},"product_cat":[361],"product_tag":[],"aioseo_notices":[],"lang":"es","translations":{"es":3457},"pll_sync_post":[],"_links":{"self":[{"href":"https:\/\/www.dosacordes.es\/web\/wp-json\/wp\/v2\/product\/3457"}],"collection":[{"href":"https:\/\/www.dosacordes.es\/web\/wp-json\/wp\/v2\/product"}],"about":[{"href":"https:\/\/www.dosacordes.es\/web\/wp-json\/wp\/v2\/types\/product"}],"wp:featuredmedia":[{"embeddable":true,"href":"https:\/\/www.dosacordes.es\/web\/wp-json\/wp\/v2\/media\/3458"}],"wp:attachment":[{"href":"https:\/\/www.dosacordes.es\/web\/wp-json\/wp\/v2\/media?parent=3457"}],"wp:term":[{"taxonomy":"product_cat","embeddable":true,"href":"https:\/\/www.dosacordes.es\/web\/wp-json\/wp\/v2\/product_cat?post=3457"},{"taxonomy":"product_tag","embeddable":true,"href":"https:\/\/www.dosacordes.es\/web\/wp-json\/wp\/v2\/product_tag?post=3457"}],"curies":[{"name":"wp","href":"https:\/\/api.w.org\/{rel}","templated":true}]}}

<h5><span style="display: inline !important; float: none; background-color: #edf3f4; color: #757575; cursor: text; font-family: 'Montserrat',sans-serif; font-size: 14px; font-style: normal; font-variant: normal; font-weight: 400; letter-spacing: normal; orphans: 2; text-align: left; text-decoration: none; text-indent: 0px; text-transform: none; -webkit-text-stroke-width: 0px; white-space: normal; word-spacing: 0px;">Gloria Rodríguez Gil</span></h5>
<p>A idea de Shalom Aleichem nace durante o Entroido de 2010, despois de que unha grave doenza deixara á compositora sen poder escribir nada durante o ano 2009. Foi en febreiro do ano 2010 cando o seu profesor Albert Sardá animouna a compor unha peza para ser estreada pola agrupación Tactum en maio de 2010, durante o 25 Ciclo de concertos da Fundació de Música Contemporánia de Barcelona. Así é como Gloria Rodríguez Gil leva a cabo a idea de compór tres pezas baseadas directamente no <i>Concerto para piano en SolM</i> de Maurice Ravel, concerto que a compositora non deixou de escoitar mestres estivo postrada nunha cama. Cada unha das pezas leva un agradecemento-despedida implícito. A primeira das pezas titúlase <i>Chiva </i>e se trata dun concerto para piano e catro instrumentos, baseado íntegramente na peza de Ravel, excluíndo tan só a coda (ou sexa, A-B-A). Foi estreada en Barcelona o 31 de maio de 2010.  A segunda peza será titulada <i>Mzungu David</i>, composta para tenor e piano. Está baseada en <i>Chiva</i> pero exclúe a parte central daquela (ou sexa, A-A). Foi estreada o 28 de decembro de 2011 en A Coruña. A terceira e derradeira será <i>Shalom Aleichem para guitarra soa</i>, baseada en <i>Mzungu David</i> pero eliminando unha das partes (ou sexa, tan só un A). A obra foi rematada en abril de 2011 e estreada o 5 de xullo do mesmo ano en Lugo polo guitarrista Ramón Carnota, no terceiro concerto do XVI Ciclo de concertos da Asociación Galega de Compositores.</p>
