{"id":3432,"date":"2011-06-22T15:35:23","date_gmt":"2011-06-22T15:35:23","guid":{"rendered":"http:\/\/www.dosacordes.es\/web\/?product=etno-folk-16-17"},"modified":"2022-02-25T11:42:47","modified_gmt":"2022-02-25T09:42:47","slug":"etno-folk-16-17","status":"publish","type":"product","link":"https:\/\/www.dosacordes.es\/web\/producto\/etno-folk-16-17\/","title":{"rendered":"Etno-folk 16-17"},"content":{"rendered":"<div style=\"text-align: center;\">\n<p>&nbsp;<\/p>\n<p>&nbsp;<\/p>\n<\/div>\n","protected":false},"excerpt":{"rendered":"<div>Este nuevo n\u00famero doble (16\/17) de la revista Etno-Folk, coordinado por Matilde Olarte Mart\u00ednez, docente e investigadora del \u00c1rea de M\u00fasica de la Universidad de Salamanca, presenta una serie de estudios que responden al nuevo perfil del Grado en Historia y Ciencias de la M\u00fasica adaptado al marco del Espacio Europeo de Educaci\u00f3n Superior: estudios interdisciplinares, desde el \u00e1mbito de la Universidad y el Conservatorio, y abordados desde \u00e1reas distintas pero afines, unidas en el compromiso de formar a las nuevas generaciones de investigadores, de m\u00fasicos y music\u00f3logos (incluyendo a los etnomusic\u00f3logos) tanto en las disciplinas de las ramas de Arte y Humanidades como en conocimientos espec\u00edficos de Ciencias y Ciencias Sociales.<\/div>\n<pre><\/pre>\n<div>Enlace al sumario: <a title=\"http:\/\/www.dosacordes.es\/pdf\/etnofolk16-17.pdf\" href=\"http:\/\/www.dosacordes.es\/pdf\/etnofolk16-17.pdf\" target=\"_blank\" rel=\"nofollow noopener noreferrer\">Pincha<\/a>.<\/div>\n","protected":false},"featured_media":3433,"template":"","meta":{"om_disable_all_campaigns":false,"_monsterinsights_skip_tracking":false,"_monsterinsights_sitenote_active":false,"_monsterinsights_sitenote_note":"","_monsterinsights_sitenote_category":0},"product_cat":[352],"product_tag":[],"aioseo_notices":[],"lang":"es","translations":{"es":3432},"pll_sync_post":[],"_links":{"self":[{"href":"https:\/\/www.dosacordes.es\/web\/wp-json\/wp\/v2\/product\/3432"}],"collection":[{"href":"https:\/\/www.dosacordes.es\/web\/wp-json\/wp\/v2\/product"}],"about":[{"href":"https:\/\/www.dosacordes.es\/web\/wp-json\/wp\/v2\/types\/product"}],"wp:featuredmedia":[{"embeddable":true,"href":"https:\/\/www.dosacordes.es\/web\/wp-json\/wp\/v2\/media\/3433"}],"wp:attachment":[{"href":"https:\/\/www.dosacordes.es\/web\/wp-json\/wp\/v2\/media?parent=3432"}],"wp:term":[{"taxonomy":"product_cat","embeddable":true,"href":"https:\/\/www.dosacordes.es\/web\/wp-json\/wp\/v2\/product_cat?post=3432"},{"taxonomy":"product_tag","embeddable":true,"href":"https:\/\/www.dosacordes.es\/web\/wp-json\/wp\/v2\/product_tag?post=3432"}],"curies":[{"name":"wp","href":"https:\/\/api.w.org\/{rel}","templated":true}]}}

<div>Este nuevo número doble (16/17) de la revista Etno-Folk, coordinado por Matilde Olarte Martínez, docente e investigadora del Área de Música de la Universidad de Salamanca, presenta una serie de estudios que responden al nuevo perfil del Grado en Historia y Ciencias de la Música adaptado al marco del Espacio Europeo de Educación Superior: estudios interdisciplinares, desde el ámbito de la Universidad y el Conservatorio, y abordados desde áreas distintas pero afines, unidas en el compromiso de formar a las nuevas generaciones de investigadores, de músicos y musicólogos (incluyendo a los etnomusicólogos) tanto en las disciplinas de las ramas de Arte y Humanidades como en conocimientos específicos de Ciencias y Ciencias Sociales.</div>
<pre></pre>
<div>Enlace al sumario: <a title="http://www.dosacordes.es/pdf/etnofolk16-17.pdf" href="http://www.dosacordes.es/pdf/etnofolk16-17.pdf" target="_blank" rel="nofollow noopener noreferrer">Pincha</a>.</div>
