{"id":3411,"date":"2020-05-30T03:16:41","date_gmt":"2020-05-30T03:16:41","guid":{"rendered":"http:\/\/www.dosacordes.es\/web\/?product=misa-do-mar-para-coro-mixto"},"modified":"2026-01-30T11:54:45","modified_gmt":"2026-01-30T10:54:45","slug":"misa-do-mar-para-coro-mixto","status":"publish","type":"product","link":"https:\/\/www.dosacordes.es\/web\/producto\/misa-do-mar-para-coro-mixto\/","title":{"rendered":"Misa do Mar: Para coro mixto"},"content":{"rendered":"","protected":false},"excerpt":{"rendered":"<h5 align=\"justify\">Jes\u00fas Fern\u00e1ndez-Pareja<\/h5>\n<p align=\"justify\">A pesar de que o panorama da m\u00fasica relixiosa espa\u00f1ola deixa moito que desexar, hai que salvar puntuais iniciativas, que buscaron unha certa calidade dentro dunha conveniente sinxeleza, que po\u00f1a a interpretaci\u00f3n ao alcance dos coros amateurs. Algo que reclamaba xa o movemento cecilianista en pleno s\u00e9culo XIX, buscando a nobreza sen excesos, en tesituras c\u00f3modas, a biensonancia e a moderaci\u00f3n nas s\u00faas lonxitudes, que non necesitan alcanzar o grao de \u00abcelestiais\u00bb, que dic\u00eda Schumann. \u00c9 o que pretendeu Jes\u00fas Fern\u00e1ndez-Pareja y Mar\u00edn na s\u00faa misa, de textura preferentemente polif\u00f3nica vertical, onde predomina o acorde, a simultaneidade sil\u00e1bica do texto, como no cl\u00e1sico \u00abcoral\u00bb da relixiosidade alem\u00e1, pero con outra conduta mel\u00f3dica, que a converte en \u00fatil, digna e evidente veh\u00edculo de relixiosidade popular. Xiros mel\u00f3dicos que se reiteran establecen un certo car\u00e1cter c\u00edclico que lle confira v\u00ednculos de unidade e afinidade \u00e1s s\u00faas diferentes pezas. O simple canto unisonal da s\u00faa melod\u00eda acompa\u00f1ada pola reduci\u00f3n das voces ao \u00f3rgano pres\u00e9ntase moi eficaz (nalg\u00fan caso requirir\u00eda un cambio de tonalidade). Como confesa o autor, non pretendeu emular as medievais misas polif\u00f3nicas de Barcelona ou de G. de Machaut, pero, co\u00f1ecendo tam\u00e9n as t\u00e9cnicas de vangarda, sit\u00faase onde conv\u00e9n. Esta <i>Misa do Mar <\/i>(nacida a instancias de D. Casimiro, da parroquia de Mugardos) non se limita a p\u00f3r en m\u00fasica as partes do Com\u00fan (\u00e1s veces lixeiramente glosadas), sen\u00f3n que acolle entre os seus n\u00fameros pezas de texto libre para os diversos momentos do Propio, o que permite cubrir as necesidades de calquera circunstancia.<\/p>\n","protected":false},"featured_media":7504,"template":"","meta":{"om_disable_all_campaigns":false,"_monsterinsights_skip_tracking":false,"_monsterinsights_sitenote_active":false,"_monsterinsights_sitenote_note":"","_monsterinsights_sitenote_category":0},"product_cat":[359],"product_tag":[],"aioseo_notices":[],"lang":"es","translations":{"es":3411},"pll_sync_post":[],"_links":{"self":[{"href":"https:\/\/www.dosacordes.es\/web\/wp-json\/wp\/v2\/product\/3411"}],"collection":[{"href":"https:\/\/www.dosacordes.es\/web\/wp-json\/wp\/v2\/product"}],"about":[{"href":"https:\/\/www.dosacordes.es\/web\/wp-json\/wp\/v2\/types\/product"}],"wp:featuredmedia":[{"embeddable":true,"href":"https:\/\/www.dosacordes.es\/web\/wp-json\/wp\/v2\/media\/7504"}],"wp:attachment":[{"href":"https:\/\/www.dosacordes.es\/web\/wp-json\/wp\/v2\/media?parent=3411"}],"wp:term":[{"taxonomy":"product_cat","embeddable":true,"href":"https:\/\/www.dosacordes.es\/web\/wp-json\/wp\/v2\/product_cat?post=3411"},{"taxonomy":"product_tag","embeddable":true,"href":"https:\/\/www.dosacordes.es\/web\/wp-json\/wp\/v2\/product_tag?post=3411"}],"curies":[{"name":"wp","href":"https:\/\/api.w.org\/{rel}","templated":true}]}}