{"id":3321,"date":"2010-10-17T15:33:50","date_gmt":"2010-10-17T15:33:50","guid":{"rendered":"http:\/\/www.dosacordes.es\/web\/?product=catro-danzas-para-clarinete-e-marimba"},"modified":"2023-01-02T14:44:15","modified_gmt":"2023-01-02T12:44:15","slug":"catro-danzas-para-clarinete-e-marimba","status":"publish","type":"product","link":"https:\/\/www.dosacordes.es\/web\/producto\/catro-danzas-para-clarinete-e-marimba\/","title":{"rendered":"Catro danzas: Para clarinete e marimba"},"content":{"rendered":"","protected":false},"excerpt":{"rendered":"<h5><span class=\"tResal\">Karolis Biveinis<\/span><\/h5>\n<div><\/div>\n<p><span class=\"tComun\">Se trata de una composici\u00f3n camer\u00edstica para un conjunto poco com\u00fan: clarinete y marimba. Al ser una obra de c\u00e1mara, en cada una de las danzas podemos encontrar la parte solista repartida entre ambos instrumentos. Es una obra que da mucho juego en cuanto a su interpretaci\u00f3n, desde el punto de vista de los ejecutantes.<\/span><\/p>\n","protected":false},"featured_media":3322,"template":"","meta":{"om_disable_all_campaigns":false,"_monsterinsights_skip_tracking":false,"_monsterinsights_sitenote_active":false,"_monsterinsights_sitenote_note":"","_monsterinsights_sitenote_category":0},"product_cat":[362,354],"product_tag":[],"aioseo_notices":[],"lang":"es","translations":{"es":3321},"pll_sync_post":[],"_links":{"self":[{"href":"https:\/\/www.dosacordes.es\/web\/wp-json\/wp\/v2\/product\/3321"}],"collection":[{"href":"https:\/\/www.dosacordes.es\/web\/wp-json\/wp\/v2\/product"}],"about":[{"href":"https:\/\/www.dosacordes.es\/web\/wp-json\/wp\/v2\/types\/product"}],"wp:featuredmedia":[{"embeddable":true,"href":"https:\/\/www.dosacordes.es\/web\/wp-json\/wp\/v2\/media\/3322"}],"wp:attachment":[{"href":"https:\/\/www.dosacordes.es\/web\/wp-json\/wp\/v2\/media?parent=3321"}],"wp:term":[{"taxonomy":"product_cat","embeddable":true,"href":"https:\/\/www.dosacordes.es\/web\/wp-json\/wp\/v2\/product_cat?post=3321"},{"taxonomy":"product_tag","embeddable":true,"href":"https:\/\/www.dosacordes.es\/web\/wp-json\/wp\/v2\/product_tag?post=3321"}],"curies":[{"name":"wp","href":"https:\/\/api.w.org\/{rel}","templated":true}]}}