{"id":3289,"date":"2020-05-30T03:14:01","date_gmt":"2020-05-30T03:14:01","guid":{"rendered":"http:\/\/www.dosacordes.es\/web\/?product=obras-para-piano"},"modified":"2023-12-19T20:14:00","modified_gmt":"2023-12-19T18:14:00","slug":"obras-para-piano","status":"publish","type":"product","link":"https:\/\/www.dosacordes.es\/web\/producto\/obras-para-piano\/","title":{"rendered":"Obras para piano"},"content":{"rendered":"","protected":false},"excerpt":{"rendered":"<h5>A.<span class=\"tResal\"> Montes,\u00a0 A. Cantal, X. Gaspar, J. Eiras<\/span><\/h5>\n<p><span class=\"tComun\">Esta edici\u00f3n es, en parte, encargo del Conservatorio Superior de M\u00fasica de Vigo. Con esta publicaci\u00f3n se pretende dar a conocer las obras de las j\u00f3venes generaciones de compositores gallegos que se forman, en la actualidad, en dicho centro. Las composiciones presentadas est\u00e1n escritas por alumnos pertenecientes a la primera promoci\u00f3n de estudiantes de Composici\u00f3n del nuevo Plan de Estudios LOGSE, que concluir\u00e1 sus estudios en el curso acad\u00e9mico 2005\/06. Estas peque\u00f1as obras se presentan con el fin de que los departamentos de piano de los Conservatorios y Escuelas de M\u00fasica, entre otros, las puedan incluir en sus programaciones y ampliar, de este modo, el repertorio pian\u00edstico contempor\u00e1neo utilizado para la formaci\u00f3n de alumnos en los diferentes niveles educativos, as\u00ed como servir de complemento al repertorio habitual.<\/span><\/p>\n","protected":false},"featured_media":3290,"template":"","meta":{"om_disable_all_campaigns":false,"_monsterinsights_skip_tracking":false,"_monsterinsights_sitenote_active":false,"_monsterinsights_sitenote_note":"","_monsterinsights_sitenote_category":0},"product_cat":[353],"product_tag":[],"aioseo_notices":[],"lang":"es","translations":{"es":3289},"pll_sync_post":[],"_links":{"self":[{"href":"https:\/\/www.dosacordes.es\/web\/wp-json\/wp\/v2\/product\/3289"}],"collection":[{"href":"https:\/\/www.dosacordes.es\/web\/wp-json\/wp\/v2\/product"}],"about":[{"href":"https:\/\/www.dosacordes.es\/web\/wp-json\/wp\/v2\/types\/product"}],"wp:featuredmedia":[{"embeddable":true,"href":"https:\/\/www.dosacordes.es\/web\/wp-json\/wp\/v2\/media\/3290"}],"wp:attachment":[{"href":"https:\/\/www.dosacordes.es\/web\/wp-json\/wp\/v2\/media?parent=3289"}],"wp:term":[{"taxonomy":"product_cat","embeddable":true,"href":"https:\/\/www.dosacordes.es\/web\/wp-json\/wp\/v2\/product_cat?post=3289"},{"taxonomy":"product_tag","embeddable":true,"href":"https:\/\/www.dosacordes.es\/web\/wp-json\/wp\/v2\/product_tag?post=3289"}],"curies":[{"name":"wp","href":"https:\/\/api.w.org\/{rel}","templated":true}]}}