{"id":3285,"date":"2020-05-30T03:13:55","date_gmt":"2020-05-30T03:13:55","guid":{"rendered":"http:\/\/www.dosacordes.es\/web\/?product=etno-folk-na%c2%ba-13"},"modified":"2020-06-04T12:49:01","modified_gmt":"2020-06-04T10:49:01","slug":"etno-folk-na%c2%ba-13","status":"publish","type":"product","link":"https:\/\/www.dosacordes.es\/web\/producto\/etno-folk-na%c2%ba-13\/","title":{"rendered":"Etno-Folk n.\u00ba 13"},"content":{"rendered":"","protected":false},"excerpt":{"rendered":"<p>M\u00fasica de la Misa de S. Miguel de Sarand\u00f3n (1861). Misa a d\u00fao e coro,<br \/>\npor Jos\u00e9 Lu\u00eds d. P. Orjais e Isabel Rei<\/p>\n<p>O D\u00eda da Mui\u00f1eira. Trazos de folclorismo,<br \/>\npor Patricia Fern\u00e1ndez Botana<\/p>\n<p>Eduardo Diehl de Souza (A Coru\u00f1a, 1910-1992): entre o popular e o culto<br \/>\npor Roc\u00edo Chao e Juan P\u00e9rez Bern\u00e1<\/p>\n<p>Representaci\u00f3ns iconogr\u00e1ficas da gaita na Galiza. (Apontamentos para un inventario iconogr\u00e1fico da gaita),<br \/>\npor Jos\u00e9 Ignacio Salgado L\u00f3pez<\/p>\n<p>Filosof\u00eda de la M\u00fasica: la esencia de la digitaci\u00f3n cerrada,<br \/>\npor Luis Fernando L\u00f3pez Garc\u00eda<\/p>\n<p>Ars Gallaeciae Musicae. Unha colecci\u00f3n de m\u00fasica culta galega,<br \/>\npor Jo\u00e1m Trillo<\/p>\n<p>Semblanza do compositor Nemesio Garc\u00eda Carril: versatilidade e galeguismo<br \/>\npor Juan P\u00e9rez Bern\u00e1<\/p>\n<p>&nbsp;<\/p>\n","protected":false},"featured_media":3286,"template":"","meta":{"om_disable_all_campaigns":false,"_monsterinsights_skip_tracking":false,"_monsterinsights_sitenote_active":false,"_monsterinsights_sitenote_note":"","_monsterinsights_sitenote_category":0},"product_cat":[352],"product_tag":[],"aioseo_notices":[],"lang":"es","translations":{"es":3285},"pll_sync_post":[],"_links":{"self":[{"href":"https:\/\/www.dosacordes.es\/web\/wp-json\/wp\/v2\/product\/3285"}],"collection":[{"href":"https:\/\/www.dosacordes.es\/web\/wp-json\/wp\/v2\/product"}],"about":[{"href":"https:\/\/www.dosacordes.es\/web\/wp-json\/wp\/v2\/types\/product"}],"wp:featuredmedia":[{"embeddable":true,"href":"https:\/\/www.dosacordes.es\/web\/wp-json\/wp\/v2\/media\/3286"}],"wp:attachment":[{"href":"https:\/\/www.dosacordes.es\/web\/wp-json\/wp\/v2\/media?parent=3285"}],"wp:term":[{"taxonomy":"product_cat","embeddable":true,"href":"https:\/\/www.dosacordes.es\/web\/wp-json\/wp\/v2\/product_cat?post=3285"},{"taxonomy":"product_tag","embeddable":true,"href":"https:\/\/www.dosacordes.es\/web\/wp-json\/wp\/v2\/product_tag?post=3285"}],"curies":[{"name":"wp","href":"https:\/\/api.w.org\/{rel}","templated":true}]}}