{"id":3281,"date":"2020-05-30T03:13:50","date_gmt":"2020-05-30T03:13:50","guid":{"rendered":"http:\/\/www.dosacordes.es\/web\/?product=etno-folk-na%c2%ba-11"},"modified":"2020-11-11T11:04:49","modified_gmt":"2020-11-11T09:04:49","slug":"etno-folk-na%c2%ba-11","status":"publish","type":"product","link":"https:\/\/www.dosacordes.es\/web\/producto\/etno-folk-na%c2%ba-11\/","title":{"rendered":"Etno-Folk n.\u00ba 11"},"content":{"rendered":"","protected":false},"excerpt":{"rendered":"<p><span class=\"tResal\">ESPECIAL ENCONTRO DE GAITEIROS \u00abMANUEL VILLANUEVA\u00bb<\/span><\/p>\n<p>Encontro de Gaiteiros \u00abManuel Villanueva\u00bb, gaitas de fol do noroeste,<br \/>\npor Oscar Ib\u00e1\u00f1ez Garc\u00eda<\/p>\n<p>I Encontro de Gaiteiros 2006:<\/p>\n<p>Gaitas e gaitas de fol galegas con cantores de tipo clarinete,<br \/>\npor Pablo Carpintero<\/p>\n<p>La gaita y el oficio de gaitero en Asturias,<br \/>\npor Juan Alfonso Fern\u00e1ndez Garc\u00eda<\/p>\n<p>La gaita de fole en Zamora. Zonificaci\u00f3n, estilos y repertorio,<br \/>\npor Alberto Jambrina Leal<\/p>\n<p>A gaita de foles na Terra de Miranda,<br \/>\npor M\u00e1rio Correia<\/p>\n<p>II Encontro de Gaiteiros 2007:<\/p>\n<p>A entoaci\u00f3n da gaita, pasado e futuro,<br \/>\npor Carlos Real Rodr\u00edguez et.al.<\/p>\n<p>La gaita asturiana, caracter\u00edsticas y evoluci\u00f3n,<br \/>\npor Juan Alfonso Fern\u00e1ndez Garc\u00eda<\/p>\n<p>La gaita c\u00e1ntabra. Estudio etnomusicol\u00f3gico en el occidente de Cantabria,<br \/>\npor Roberto Diego<\/p>\n<p>La gaita en el oeste de la provincia de Le\u00f3n,<br \/>\npor Rafael Busto Ferrero<\/p>\n","protected":false},"featured_media":3282,"template":"","meta":{"om_disable_all_campaigns":false,"_monsterinsights_skip_tracking":false,"_monsterinsights_sitenote_active":false,"_monsterinsights_sitenote_note":"","_monsterinsights_sitenote_category":0},"product_cat":[352],"product_tag":[],"aioseo_notices":[],"lang":"es","translations":{"es":3281},"pll_sync_post":[],"_links":{"self":[{"href":"https:\/\/www.dosacordes.es\/web\/wp-json\/wp\/v2\/product\/3281"}],"collection":[{"href":"https:\/\/www.dosacordes.es\/web\/wp-json\/wp\/v2\/product"}],"about":[{"href":"https:\/\/www.dosacordes.es\/web\/wp-json\/wp\/v2\/types\/product"}],"wp:featuredmedia":[{"embeddable":true,"href":"https:\/\/www.dosacordes.es\/web\/wp-json\/wp\/v2\/media\/3282"}],"wp:attachment":[{"href":"https:\/\/www.dosacordes.es\/web\/wp-json\/wp\/v2\/media?parent=3281"}],"wp:term":[{"taxonomy":"product_cat","embeddable":true,"href":"https:\/\/www.dosacordes.es\/web\/wp-json\/wp\/v2\/product_cat?post=3281"},{"taxonomy":"product_tag","embeddable":true,"href":"https:\/\/www.dosacordes.es\/web\/wp-json\/wp\/v2\/product_tag?post=3281"}],"curies":[{"name":"wp","href":"https:\/\/api.w.org\/{rel}","templated":true}]}}