{"id":3271,"date":"2020-05-30T03:13:37","date_gmt":"2020-05-30T03:13:37","guid":{"rendered":"http:\/\/www.dosacordes.es\/web\/?product=etno-folk-na%c2%ba-5"},"modified":"2020-08-23T13:00:37","modified_gmt":"2020-08-23T11:00:37","slug":"etno-folk-na%c2%ba-5","status":"publish","type":"product","link":"https:\/\/www.dosacordes.es\/web\/producto\/etno-folk-na%c2%ba-5\/","title":{"rendered":"Etno-Folk n.\u00ba 5"},"content":{"rendered":"<p>&nbsp;<\/p>\n<p>&nbsp;<\/p>\n","protected":false},"excerpt":{"rendered":"<p>Galiza na obra impressa de Eduardo Mart\u00ednez Torner, por Jos\u00e9 Lu\u00eds d.P. Orjais<\/p>\n<p>Recursos de interpretaci\u00f3n da gaita do fol, por Juanjo Fern\u00e1ndez<\/p>\n<p>La actividad coral en la m\u00fasica popular latinoamericana, por Eduardo Correa<\/p>\n<p>Gaitas e gaitas de fol galegas con cantores tipo \u00f3boe, por Pablo Carpintero<\/p>\n","protected":false},"featured_media":7801,"template":"","meta":{"om_disable_all_campaigns":false,"_monsterinsights_skip_tracking":false,"_monsterinsights_sitenote_active":false,"_monsterinsights_sitenote_note":"","_monsterinsights_sitenote_category":0},"product_cat":[352],"product_tag":[],"aioseo_notices":[],"lang":"es","translations":{"es":3271},"pll_sync_post":[],"_links":{"self":[{"href":"https:\/\/www.dosacordes.es\/web\/wp-json\/wp\/v2\/product\/3271"}],"collection":[{"href":"https:\/\/www.dosacordes.es\/web\/wp-json\/wp\/v2\/product"}],"about":[{"href":"https:\/\/www.dosacordes.es\/web\/wp-json\/wp\/v2\/types\/product"}],"wp:featuredmedia":[{"embeddable":true,"href":"https:\/\/www.dosacordes.es\/web\/wp-json\/wp\/v2\/media\/7801"}],"wp:attachment":[{"href":"https:\/\/www.dosacordes.es\/web\/wp-json\/wp\/v2\/media?parent=3271"}],"wp:term":[{"taxonomy":"product_cat","embeddable":true,"href":"https:\/\/www.dosacordes.es\/web\/wp-json\/wp\/v2\/product_cat?post=3271"},{"taxonomy":"product_tag","embeddable":true,"href":"https:\/\/www.dosacordes.es\/web\/wp-json\/wp\/v2\/product_tag?post=3271"}],"curies":[{"name":"wp","href":"https:\/\/api.w.org\/{rel}","templated":true}]}}