{"id":3269,"date":"2010-08-04T16:49:22","date_gmt":"2010-08-04T14:49:22","guid":{"rendered":"http:\/\/www.dosacordes.es\/web\/?product=etno-folk-na%c2%ba-6"},"modified":"2020-08-23T13:05:10","modified_gmt":"2020-08-23T11:05:10","slug":"etno-folk-na%c2%ba-6","status":"publish","type":"product","link":"https:\/\/www.dosacordes.es\/web\/producto\/etno-folk-na%c2%ba-6\/","title":{"rendered":"Etno-Folk n.\u00ba 6"},"content":{"rendered":"","protected":false},"excerpt":{"rendered":"<div><span class=\"tResal\">A CARGO DEL INSTITUTO &#8216;CARLOS VEGA&#8217;, BUENOS AIRES<\/span><\/div>\n<p>ARTIGOS<\/p>\n<p>La voz \u00abArgentina\u00bb en el New Grove Dictionary of Music y en el Diccionario de la M\u00fasica Espa\u00f1ola e Hispanoamericana, por Diego Bosquet<\/p>\n<p>Sentidos y significaciones del tango en la di\u00e1spora, por Ram\u00f3n Pelinski<\/p>\n<p>Vigencia de una pr\u00e1ctica musical afroargentina en el culto a San Baltazar, Empedrado, provincia de Corrientes, por Norberto Pablo Cirio y Gustavo Horacio Rey<\/p>\n<p>La m\u00fasica tradicional en la provincia de Buenos Aires, Argentina. Consideraciones acerca de su historia y algunas de sus especies representativas, por Eduardo Correa<\/p>\n<p>El contrapunto Huarpe Neo-Huarpe: Procesos identitarios en las comunidades ind\u00edgenas de Mendoza (Argentina), por Diego Bosquet<\/p>\n<p>Instrumentos sonoros precolombinos en territorio argentino, por H\u00e9ctor Luis Goyena<\/p>\n<p>El folklore en la m\u00fasica para piano de Alberto Williams y Juli\u00e1n Aguirre, por Enrique C\u00e1mara de Landa<\/p>\n<p>Una experiencia edificadora: formar un coro de ni\u00f1os y formarse como director de coro de ni\u00f1os, por Javier Dames\u00f3n<\/p>\n<p>Destrencen las trenzas: una relectura de la adoraci\u00f3n de las cintas durante la Navidad juje\u00f1a, por Graciela Beatriz Restelli<\/p>\n<p>RECENSI\u00d3N DE LIBROS, PARTITURAS E GRAVACI\u00d3NS<\/p>\n","protected":false},"featured_media":7802,"template":"","meta":{"om_disable_all_campaigns":false,"_monsterinsights_skip_tracking":false,"_monsterinsights_sitenote_active":false,"_monsterinsights_sitenote_note":"","_monsterinsights_sitenote_category":0},"product_cat":[352],"product_tag":[],"aioseo_notices":[],"lang":"es","translations":{"es":3269},"pll_sync_post":[],"_links":{"self":[{"href":"https:\/\/www.dosacordes.es\/web\/wp-json\/wp\/v2\/product\/3269"}],"collection":[{"href":"https:\/\/www.dosacordes.es\/web\/wp-json\/wp\/v2\/product"}],"about":[{"href":"https:\/\/www.dosacordes.es\/web\/wp-json\/wp\/v2\/types\/product"}],"wp:featuredmedia":[{"embeddable":true,"href":"https:\/\/www.dosacordes.es\/web\/wp-json\/wp\/v2\/media\/7802"}],"wp:attachment":[{"href":"https:\/\/www.dosacordes.es\/web\/wp-json\/wp\/v2\/media?parent=3269"}],"wp:term":[{"taxonomy":"product_cat","embeddable":true,"href":"https:\/\/www.dosacordes.es\/web\/wp-json\/wp\/v2\/product_cat?post=3269"},{"taxonomy":"product_tag","embeddable":true,"href":"https:\/\/www.dosacordes.es\/web\/wp-json\/wp\/v2\/product_tag?post=3269"}],"curies":[{"name":"wp","href":"https:\/\/api.w.org\/{rel}","templated":true}]}}