{"id":3257,"date":"2011-10-22T14:51:16","date_gmt":"2011-10-22T14:51:16","guid":{"rendered":"http:\/\/www.dosacordes.es\/web\/?product=gustavo-freire-na-galiza-da-apoca-na%c2%b3s"},"modified":"2023-06-05T11:20:04","modified_gmt":"2023-06-05T09:20:04","slug":"gustavo-freire-na-galiza-da-apoca-na%c2%b3s","status":"publish","type":"product","link":"https:\/\/www.dosacordes.es\/web\/producto\/gustavo-freire-na-galiza-da-apoca-na%c2%b3s\/","title":{"rendered":"Gustavo Freire na Galiza da \u00c9poca N\u00f3s: Literatura e naci\u00f3n na articulaci\u00f3n da m\u00fasica galega contempor\u00e1nea."},"content":{"rendered":"","protected":false},"excerpt":{"rendered":"<h5><span class=\"tResal\">Xulio Pardo de Neyra<\/span><\/h5>\n<p><span class=\"tComun\">En este trabajo se ofrece otra visi\u00f3n sobre el maestro Freire y la m\u00fasica de su tiempo, en la que el nombre del compositor lucense ocupa uno de los lugares m\u00e1s sobresalientes. Se presta atenci\u00f3n a textos desconocidos, como &#8216;Non chores,Sabeli\u00f1a!&#8217; (disponible en su versi\u00f3n para orquesta con reducci\u00f3n pian\u00edstica m\u00e1s versi\u00f3n para banda del propio autor, en nuestra web) y, por supuesto, adem\u00e1s de un detallado estudio de las vicisitudes y la forma de los documentos literarios y musicales que se esconden bajo aquella pieza, en este ensayo se sit\u00faa a Freire en el mundo musical que, adem\u00e1s de tocarle vivir, ayud\u00f3 a construir. <\/span><\/p>\n","protected":false},"featured_media":3258,"template":"","meta":{"om_disable_all_campaigns":false,"_monsterinsights_skip_tracking":false,"_monsterinsights_sitenote_active":false,"_monsterinsights_sitenote_note":"","_monsterinsights_sitenote_category":0},"product_cat":[348],"product_tag":[],"aioseo_notices":[],"lang":"es","translations":{"es":3257},"pll_sync_post":[],"_links":{"self":[{"href":"https:\/\/www.dosacordes.es\/web\/wp-json\/wp\/v2\/product\/3257"}],"collection":[{"href":"https:\/\/www.dosacordes.es\/web\/wp-json\/wp\/v2\/product"}],"about":[{"href":"https:\/\/www.dosacordes.es\/web\/wp-json\/wp\/v2\/types\/product"}],"wp:featuredmedia":[{"embeddable":true,"href":"https:\/\/www.dosacordes.es\/web\/wp-json\/wp\/v2\/media\/3258"}],"wp:attachment":[{"href":"https:\/\/www.dosacordes.es\/web\/wp-json\/wp\/v2\/media?parent=3257"}],"wp:term":[{"taxonomy":"product_cat","embeddable":true,"href":"https:\/\/www.dosacordes.es\/web\/wp-json\/wp\/v2\/product_cat?post=3257"},{"taxonomy":"product_tag","embeddable":true,"href":"https:\/\/www.dosacordes.es\/web\/wp-json\/wp\/v2\/product_tag?post=3257"}],"curies":[{"name":"wp","href":"https:\/\/api.w.org\/{rel}","templated":true}]}}