{"id":3211,"date":"2010-07-20T21:54:23","date_gmt":"2010-07-20T19:54:23","guid":{"rendered":"http:\/\/www.dosacordes.es\/web\/?product=arreguiao"},"modified":"2023-06-14T09:58:48","modified_gmt":"2023-06-14T07:58:48","slug":"arreguiao","status":"publish","type":"product","link":"https:\/\/www.dosacordes.es\/web\/producto\/arreguiao\/","title":{"rendered":"Arregui\u00e7o"},"content":{"rendered":"","protected":false},"excerpt":{"rendered":"<h5>Paulo P.<\/h5>\n<p>Composici\u00f3n contempor\u00e1nea para gaita en sib, zanfona y vibr\u00e1fono.<\/p>\n","protected":false},"featured_media":3098,"template":"","meta":{"om_disable_all_campaigns":false,"_monsterinsights_skip_tracking":false,"_monsterinsights_sitenote_active":false,"_monsterinsights_sitenote_note":"","_monsterinsights_sitenote_category":0},"product_cat":[347],"product_tag":[],"aioseo_notices":[],"lang":"es","translations":{"es":3211},"pll_sync_post":[],"_links":{"self":[{"href":"https:\/\/www.dosacordes.es\/web\/wp-json\/wp\/v2\/product\/3211"}],"collection":[{"href":"https:\/\/www.dosacordes.es\/web\/wp-json\/wp\/v2\/product"}],"about":[{"href":"https:\/\/www.dosacordes.es\/web\/wp-json\/wp\/v2\/types\/product"}],"wp:featuredmedia":[{"embeddable":true,"href":"https:\/\/www.dosacordes.es\/web\/wp-json\/wp\/v2\/media\/3098"}],"wp:attachment":[{"href":"https:\/\/www.dosacordes.es\/web\/wp-json\/wp\/v2\/media?parent=3211"}],"wp:term":[{"taxonomy":"product_cat","embeddable":true,"href":"https:\/\/www.dosacordes.es\/web\/wp-json\/wp\/v2\/product_cat?post=3211"},{"taxonomy":"product_tag","embeddable":true,"href":"https:\/\/www.dosacordes.es\/web\/wp-json\/wp\/v2\/product_tag?post=3211"}],"curies":[{"name":"wp","href":"https:\/\/api.w.org\/{rel}","templated":true}]}}