{"id":16450,"date":"2026-04-22T10:52:59","date_gmt":"2026-04-22T08:52:59","guid":{"rendered":"https:\/\/www.dosacordes.es\/web\/?post_type=product&#038;p=16450"},"modified":"2026-04-22T11:05:47","modified_gmt":"2026-04-22T09:05:47","slug":"musica-para-danza-espanola","status":"publish","type":"product","link":"https:\/\/www.dosacordes.es\/web\/producto\/musica-para-danza-espanola\/","title":{"rendered":"M\u00fasica para danza espa\u00f1ola"},"content":{"rendered":"","protected":false},"excerpt":{"rendered":"<h3><em>Partituras para el acompa\u00f1amiento pian\u00edstico de las clases de Escuela Bolera y Danza Estilizada<\/em><\/h3>\n<h5>Jos\u00e9 Luis Chicano<\/h5>\n<p>Est\u00e1 demostrado que la mejor manera de acompa\u00f1ar danza es a trav\u00e9s de la improvisaci\u00f3n. Partiendo de esta afirmaci\u00f3n, presentar un libro de partituras para Danza Espa\u00f1ola podr\u00eda parecer contradictorio, pero la realidad es que no todos los pianistas de danza improvisan. De igual manera, tambi\u00e9n es un hecho contrastado que cuando se aborda una clase de danza por primera vez no se sabe muy bien qu\u00e9 es lo que hay que tocar. M\u00e1s a\u00fan, cuando entran en liza r\u00edtmicas derivadas del flamenco.<\/p>\n<p>Independientemente de ello, este trabajo est\u00e1 destinado tanto a los pianistas que improvisan como a los que no. Por un lado, ofrece partituras para acompa\u00f1ar \u00edntegramente una clase de Danza Espa\u00f1ola, de manera que cualquier pianista ajeno al mundo de la danza pueda partir de un m\u00ednimo de literatura para resolver con solvencia una clase, ya sea de Escuela Bolera o de Danza Estilizada. Por otro lado, estas composiciones ampliar\u00e1n el repertorio de aquellos pianistas que s\u00ed tienen experiencia pero desarrollan su labor a trav\u00e9s de m\u00fasica escrita. Finalmente, este material tambi\u00e9n puede ser utilizado para improvisar sobre \u00e9l y crear nuevos discursos pian\u00edsticos tomando como base al material con el que se ha elaborado esta obra.<\/p>\n<p>Este libro consta de treinta piezas, organizadas en funci\u00f3n del ritmo, con las cuales se podr\u00e1 dar respuesta plena a todas las necesidades r\u00edtmicas y musicales del profesorado de Danza Espa\u00f1ola, ya que atienden tanto a r\u00edtmicas binarias, ternarias, as\u00ed como a compases flamencos.<\/p>\n","protected":false},"featured_media":16455,"template":"","meta":{"om_disable_all_campaigns":false,"_monsterinsights_skip_tracking":false,"_monsterinsights_sitenote_active":false,"_monsterinsights_sitenote_note":"","_monsterinsights_sitenote_category":0},"product_cat":[383,353],"product_tag":[],"aioseo_notices":[],"lang":"es","translations":{"es":16450},"pll_sync_post":[],"_links":{"self":[{"href":"https:\/\/www.dosacordes.es\/web\/wp-json\/wp\/v2\/product\/16450"}],"collection":[{"href":"https:\/\/www.dosacordes.es\/web\/wp-json\/wp\/v2\/product"}],"about":[{"href":"https:\/\/www.dosacordes.es\/web\/wp-json\/wp\/v2\/types\/product"}],"wp:featuredmedia":[{"embeddable":true,"href":"https:\/\/www.dosacordes.es\/web\/wp-json\/wp\/v2\/media\/16455"}],"wp:attachment":[{"href":"https:\/\/www.dosacordes.es\/web\/wp-json\/wp\/v2\/media?parent=16450"}],"wp:term":[{"taxonomy":"product_cat","embeddable":true,"href":"https:\/\/www.dosacordes.es\/web\/wp-json\/wp\/v2\/product_cat?post=16450"},{"taxonomy":"product_tag","embeddable":true,"href":"https:\/\/www.dosacordes.es\/web\/wp-json\/wp\/v2\/product_tag?post=16450"}],"curies":[{"name":"wp","href":"https:\/\/api.w.org\/{rel}","templated":true}]}}