{"id":14733,"date":"2025-09-09T20:30:40","date_gmt":"2025-09-09T18:30:40","guid":{"rendered":"https:\/\/www.dosacordes.es\/web\/?post_type=product&#038;p=14733"},"modified":"2025-09-18T20:31:33","modified_gmt":"2025-09-18T18:31:33","slug":"matricula-academia-dos-acordes-curso-2025-2026","status":"publish","type":"product","link":"https:\/\/www.dosacordes.es\/web\/producto\/matricula-academia-dos-acordes-curso-2025-2026\/","title":{"rendered":"Matr\u00edcula Academia Dos Acordes | Curso 2025\/2026"},"content":{"rendered":"","protected":false},"excerpt":{"rendered":"<h4>\u00a1Ya hemos empezado el curso! Te esperamos dentro.<\/h4>\n<h5><span style=\"color: #ff6600;\">El curso 2025\/2026 de la Academia ha empezado a toda m\u00e1quina. Aunque ya no es posible reservar aut\u00f3nomamente a trav\u00e9s de esta tienda, \u00a1todav\u00eda quedan plazas! <span style=\"text-decoration: underline; color: #ff9900;\"><a style=\"color: #ff9900; text-decoration: underline;\" href=\"https:\/\/www.dosacordes.es\/tickets\/\">Ponte en contacto con nosotros ahora<\/a><\/span>\u00a0para matricularte o recibir m\u00e1s informaci\u00f3n.<\/span><\/h5>\n<p>El <strong>curso completo<\/strong> prepara todas las pruebas que constituyen el proceso, para todas las comunidades aut\u00f3nomas. Si solo te interesan <strong>algunas de esas pruebas<\/strong>, consulta las <strong>opciones<\/strong> en la <a href=\"https:\/\/www.dosacordes.es\/web\/#cursos\">p\u00e1gina dedicada a cada especialidad<\/a> o <a href=\"https:\/\/www.dosacordes.es\/tickets\/\">escr\u00edbenos<\/a>.<\/p>\n<p>Los cursos de preparaci\u00f3n comienzan en <strong>septiembre<\/strong>, simult\u00e1neamente al curso escolar. Puedes consultar en fondo a la <a href=\"https:\/\/www.dosacordes.es\/web\/#cursos\">p\u00e1gina de cada especialidad<\/a> las fechas espec\u00edficas de comienzo de cada curso.<\/p>\n<p>Ofrecemos <strong>paquetes espec\u00edficos<\/strong> adaptados a tus necesidades, si solo te interesa una parte de la preparaci\u00f3n o alguna opci\u00f3n no contemplada en el formulario. <a href=\"https:\/\/www.dosacordes.es\/tickets\/\">\u00a1Escr\u00edbenos un ticket!<\/a><\/p>\n<p>Si ya has estado matriculado en la Academia durante al menos 6 meses, estamos encantados de que sigas confiando en nosotros, por lo que la <strong>matr\u00edcula es gratuita<\/strong> hasta el 1 de septiembre si reservas tu plaza abonando la primera mensualidad a trav\u00e9s de esta misma p\u00e1gina. Si has cursado menos de 6 meses, te ofrecemos la matr\u00edcula gratuita: <a href=\"https:\/\/www.dosacordes.es\/tickets\/\">ponte en contacto con nosotros<\/a>.<\/p>\n<h6><em>N. B. Para el nuevo alumnado, la formalizaci\u00f3n de la matr\u00edcula constituye un requisito para la inscripci\u00f3n al curso, pero el acceso a la plataforma y a las actividades did\u00e1cticas est\u00e1 supeditado al abono de la cuota mensual reflejada en las <a href=\"https:\/\/www.dosacordes.es\/web\/#cursos\">respectivas p\u00e1ginas<\/a> de cada especialidad. La primera cuota, correspondiente a septiembre, se abonar\u00e1 la segunda semana del mes.<\/em><\/h6>\n","protected":false},"featured_media":15036,"template":"","meta":{"om_disable_all_campaigns":false,"_monsterinsights_skip_tracking":false,"_monsterinsights_sitenote_active":false,"_monsterinsights_sitenote_note":"","_monsterinsights_sitenote_category":0},"product_cat":[387,4357],"product_tag":[],"aioseo_notices":[],"lang":"es","translations":{"es":14733},"pll_sync_post":[],"_links":{"self":[{"href":"https:\/\/www.dosacordes.es\/web\/wp-json\/wp\/v2\/product\/14733"}],"collection":[{"href":"https:\/\/www.dosacordes.es\/web\/wp-json\/wp\/v2\/product"}],"about":[{"href":"https:\/\/www.dosacordes.es\/web\/wp-json\/wp\/v2\/types\/product"}],"wp:featuredmedia":[{"embeddable":true,"href":"https:\/\/www.dosacordes.es\/web\/wp-json\/wp\/v2\/media\/15036"}],"wp:attachment":[{"href":"https:\/\/www.dosacordes.es\/web\/wp-json\/wp\/v2\/media?parent=14733"}],"wp:term":[{"taxonomy":"product_cat","embeddable":true,"href":"https:\/\/www.dosacordes.es\/web\/wp-json\/wp\/v2\/product_cat?post=14733"},{"taxonomy":"product_tag","embeddable":true,"href":"https:\/\/www.dosacordes.es\/web\/wp-json\/wp\/v2\/product_tag?post=14733"}],"curies":[{"name":"wp","href":"https:\/\/api.w.org\/{rel}","templated":true}]}}

Matrícula Academia Dos Acordes | Curso 2025/2026

<h4>¡Ya hemos empezado el curso! Te esperamos dentro.</h4>
<h5><span style="color: #ff6600;">El curso 2025/2026 de la Academia ha empezado a toda máquina. Aunque ya no es posible reservar autónomamente a través de esta tienda, ¡todavía quedan plazas! <span style="text-decoration: underline; color: #ff9900;"><a style="color: #ff9900; text-decoration: underline;" href="https://www.dosacordes.es/tickets/">Ponte en contacto con nosotros ahora</a></span> para matricularte o recibir más información.</span></h5>
<p>El <strong>curso completo</strong> prepara todas las pruebas que constituyen el proceso, para todas las comunidades autónomas. Si solo te interesan <strong>algunas de esas pruebas</strong>, consulta las <strong>opciones</strong> en la <a href="https://www.dosacordes.es/web/#cursos">página dedicada a cada especialidad</a> o <a href="https://www.dosacordes.es/tickets/">escríbenos</a>.</p>
<p>Los cursos de preparación comienzan en <strong>septiembre</strong>, simultáneamente al curso escolar. Puedes consultar en fondo a la <a href="https://www.dosacordes.es/web/#cursos">página de cada especialidad</a> las fechas específicas de comienzo de cada curso.</p>
<p>Ofrecemos <strong>paquetes específicos</strong> adaptados a tus necesidades, si solo te interesa una parte de la preparación o alguna opción no contemplada en el formulario. <a href="https://www.dosacordes.es/tickets/">¡Escríbenos un ticket!</a></p>
<p>Si ya has estado matriculado en la Academia durante al menos 6 meses, estamos encantados de que sigas confiando en nosotros, por lo que la <strong>matrícula es gratuita</strong> hasta el 1 de septiembre si reservas tu plaza abonando la primera mensualidad a través de esta misma página. Si has cursado menos de 6 meses, te ofrecemos la matrícula gratuita: <a href="https://www.dosacordes.es/tickets/">ponte en contacto con nosotros</a>.</p>
<h6><em>N. B. Para el nuevo alumnado, la formalización de la matrícula constituye un requisito para la inscripción al curso, pero el acceso a la plataforma y a las actividades didácticas está supeditado al abono de la cuota mensual reflejada en las <a href="https://www.dosacordes.es/web/#cursos">respectivas páginas</a> de cada especialidad. La primera cuota, correspondiente a septiembre, se abonará la segunda semana del mes.</em></h6>
