{"id":14685,"date":"2025-06-17T10:57:09","date_gmt":"2025-06-17T08:57:09","guid":{"rendered":"https:\/\/www.dosacordes.es\/web\/?post_type=product&#038;p=14685"},"modified":"2025-08-25T16:23:09","modified_gmt":"2025-08-25T14:23:09","slug":"petite-legende","status":"publish","type":"product","link":"https:\/\/www.dosacordes.es\/web\/producto\/petite-legende\/","title":{"rendered":"Petite l\u00e9gende"},"content":{"rendered":"","protected":false},"excerpt":{"rendered":"<h3><em>para viol\u00edn y piano<\/em><\/h3>\n<h5>Lico Jim\u00e9nez<\/h5>\n<p><strong>Edici\u00f3n de Isidro L\u00e1zaro Betancourt Ben\u00edtez<\/strong><\/p>\n<p>La <em>Petite l\u00e9gende<\/em> del compositor Lico Jim\u00e9nez es una cautivadora obra musical con una narrativa mel\u00f3dica que evoca im\u00e1genes v\u00edvidas y emociones profundas. La habilidad de Jim\u00e9nez para crear armon\u00edas evocativas y su maestr\u00eda en la composici\u00f3n hacen de esta pieza una experiencia auditiva memorable y enriquecedora.<\/p>\n<p>Incluye la parte instrumental para viol\u00edn.<\/p>\n","protected":false},"featured_media":14689,"template":"","meta":{"om_disable_all_campaigns":false,"_monsterinsights_skip_tracking":false,"_monsterinsights_sitenote_active":false,"_monsterinsights_sitenote_note":"","_monsterinsights_sitenote_category":0},"product_cat":[355,353,356],"product_tag":[],"aioseo_notices":[],"lang":"es","translations":{"es":14685,"en":15035},"pll_sync_post":[],"_links":{"self":[{"href":"https:\/\/www.dosacordes.es\/web\/wp-json\/wp\/v2\/product\/14685"}],"collection":[{"href":"https:\/\/www.dosacordes.es\/web\/wp-json\/wp\/v2\/product"}],"about":[{"href":"https:\/\/www.dosacordes.es\/web\/wp-json\/wp\/v2\/types\/product"}],"wp:featuredmedia":[{"embeddable":true,"href":"https:\/\/www.dosacordes.es\/web\/wp-json\/wp\/v2\/media\/14689"}],"wp:attachment":[{"href":"https:\/\/www.dosacordes.es\/web\/wp-json\/wp\/v2\/media?parent=14685"}],"wp:term":[{"taxonomy":"product_cat","embeddable":true,"href":"https:\/\/www.dosacordes.es\/web\/wp-json\/wp\/v2\/product_cat?post=14685"},{"taxonomy":"product_tag","embeddable":true,"href":"https:\/\/www.dosacordes.es\/web\/wp-json\/wp\/v2\/product_tag?post=14685"}],"curies":[{"name":"wp","href":"https:\/\/api.w.org\/{rel}","templated":true}]}}

Petite légende

<h3><em>para violín y piano</em></h3>
<h5>Lico Jiménez</h5>
<p><strong>Edición de Isidro Lázaro Betancourt Benítez</strong></p>
<p>La <em>Petite légende</em> del compositor Lico Jiménez es una cautivadora obra musical con una narrativa melódica que evoca imágenes vívidas y emociones profundas. La habilidad de Jiménez para crear armonías evocativas y su maestría en la composición hacen de esta pieza una experiencia auditiva memorable y enriquecedora.</p>
<p>Incluye la parte instrumental para violín.</p>
