{"id":12542,"date":"2024-01-26T11:34:40","date_gmt":"2024-01-26T09:34:40","guid":{"rendered":"https:\/\/www.dosacordes.es\/web\/?post_type=product&#038;p=12542"},"modified":"2025-08-18T17:18:25","modified_gmt":"2025-08-18T15:18:25","slug":"tres-bocetos-andaluces-banda","status":"publish","type":"product","link":"https:\/\/www.dosacordes.es\/web\/producto\/tres-bocetos-andaluces-banda\/","title":{"rendered":"Tres bocetos andaluces: para clarinete bajo y banda"},"content":{"rendered":"","protected":false},"excerpt":{"rendered":"<h6>para clarinete bajo y banda<\/h6>\n<h5>David Cuevas S\u00e1nchez<\/h5>\n<ol>\n<li>Tanguillo<\/li>\n<li>Alfatui\u00f1a<\/li>\n<li>Buleri\u00f1a<\/li>\n<\/ol>\n<p>Esta obra es la adaptaci\u00f3n para clarinete bajo y banda de la obra hom\u00f3nima para clarinete bajo y piano, publicada por Dos Acordes. Como en la citada obra original, las armon\u00edas se inspiran en la m\u00fasica espa\u00f1ola, tanto cl\u00e1sica como flamenca, con gui\u00f1os a Falla, Alb\u00e9niz y Turina.<br \/>\n<em>\u2014David Cuevas<\/em><\/p>\n<p><a href=\"https:\/\/www.dosacordes.es\/web\/download\/cuevas-tres-bocetos-andaluces\/\">Descarga aqu\u00ed las partes instrumentales.<\/a><\/p>\n","protected":false},"featured_media":12544,"template":"","meta":{"om_disable_all_campaigns":false,"_monsterinsights_skip_tracking":false,"_monsterinsights_sitenote_active":false,"_monsterinsights_sitenote_note":"","_monsterinsights_sitenote_category":0},"product_cat":[349,362],"product_tag":[],"aioseo_notices":[],"lang":"es","translations":{"es":12542,"en":14091},"pll_sync_post":[],"_links":{"self":[{"href":"https:\/\/www.dosacordes.es\/web\/wp-json\/wp\/v2\/product\/12542"}],"collection":[{"href":"https:\/\/www.dosacordes.es\/web\/wp-json\/wp\/v2\/product"}],"about":[{"href":"https:\/\/www.dosacordes.es\/web\/wp-json\/wp\/v2\/types\/product"}],"wp:featuredmedia":[{"embeddable":true,"href":"https:\/\/www.dosacordes.es\/web\/wp-json\/wp\/v2\/media\/12544"}],"wp:attachment":[{"href":"https:\/\/www.dosacordes.es\/web\/wp-json\/wp\/v2\/media?parent=12542"}],"wp:term":[{"taxonomy":"product_cat","embeddable":true,"href":"https:\/\/www.dosacordes.es\/web\/wp-json\/wp\/v2\/product_cat?post=12542"},{"taxonomy":"product_tag","embeddable":true,"href":"https:\/\/www.dosacordes.es\/web\/wp-json\/wp\/v2\/product_tag?post=12542"}],"curies":[{"name":"wp","href":"https:\/\/api.w.org\/{rel}","templated":true}]}}

<h6>para clarinete bajo y banda</h6>
<h5>David Cuevas Sánchez</h5>
<ol>
<li>Tanguillo</li>
<li>Alfatuiña</li>
<li>Buleriña</li>
</ol>
<p>Esta obra es la adaptación para clarinete bajo y banda de la obra homónima para clarinete bajo y piano, publicada por Dos Acordes. Como en la citada obra original, las armonías se inspiran en la música española, tanto clásica como flamenca, con guiños a Falla, Albéniz y Turina.<br />
<em>—David Cuevas</em></p>
<p><a href="https://www.dosacordes.es/web/download/cuevas-tres-bocetos-andaluces/">Descarga aquí las partes instrumentales.</a></p>
