{"id":11534,"date":"2023-01-13T11:03:37","date_gmt":"2023-01-13T09:03:37","guid":{"rendered":"https:\/\/www.dosacordes.es\/web\/?post_type=product&#038;p=11534"},"modified":"2023-04-12T12:16:03","modified_gmt":"2023-04-12T10:16:03","slug":"temario-de-bajo-electrico","status":"publish","type":"product","link":"https:\/\/www.dosacordes.es\/web\/producto\/temario-de-bajo-electrico\/","title":{"rendered":"Temario de Bajo El\u00e9ctrico"},"content":{"rendered":"","protected":false},"excerpt":{"rendered":"<h5>Jorge Gonz\u00e1lez Baraga\u00f1a, M\u00f3nica Balo Gonz\u00e1lez, Javier Jurado Luque, \u00c1lvaro Jurado Garc\u00eda, Ana Rif\u00f3n Lastra<\/h5>\n<p>Correspondiente al Cuerpo de Profesores de M\u00fasica y Artes Esc\u00e9nicas. Seg\u00fan Orden ECD\/1753\/2015, de 25 de agosto, por la que se aprueban los temarios que han de regir en los procedimientos de ingreso, acceso y adquisici\u00f3n de nuevas especialidades en el Cuerpo de Profesores de M\u00fasica y Artes Esc\u00e9nicas (BOE del 28 de agosto de 2015).<\/p>\n","protected":false},"featured_media":11535,"template":"","meta":{"om_disable_all_campaigns":false,"_monsterinsights_skip_tracking":false,"_monsterinsights_sitenote_active":false,"_monsterinsights_sitenote_note":"","_monsterinsights_sitenote_category":0},"product_cat":[387,640],"product_tag":[],"aioseo_notices":[],"lang":"es","translations":{"es":11534},"pll_sync_post":[],"_links":{"self":[{"href":"https:\/\/www.dosacordes.es\/web\/wp-json\/wp\/v2\/product\/11534"}],"collection":[{"href":"https:\/\/www.dosacordes.es\/web\/wp-json\/wp\/v2\/product"}],"about":[{"href":"https:\/\/www.dosacordes.es\/web\/wp-json\/wp\/v2\/types\/product"}],"wp:featuredmedia":[{"embeddable":true,"href":"https:\/\/www.dosacordes.es\/web\/wp-json\/wp\/v2\/media\/11535"}],"wp:attachment":[{"href":"https:\/\/www.dosacordes.es\/web\/wp-json\/wp\/v2\/media?parent=11534"}],"wp:term":[{"taxonomy":"product_cat","embeddable":true,"href":"https:\/\/www.dosacordes.es\/web\/wp-json\/wp\/v2\/product_cat?post=11534"},{"taxonomy":"product_tag","embeddable":true,"href":"https:\/\/www.dosacordes.es\/web\/wp-json\/wp\/v2\/product_tag?post=11534"}],"curies":[{"name":"wp","href":"https:\/\/api.w.org\/{rel}","templated":true}]}}

Temario de Bajo Eléctrico

<h5>Jorge González Baragaña, Mónica Balo González, Javier Jurado Luque, Álvaro Jurado García, Ana Rifón Lastra</h5>
<p>Correspondiente al Cuerpo de Profesores de Música y Artes Escénicas. Según Orden ECD/1753/2015, de 25 de agosto, por la que se aprueban los temarios que han de regir en los procedimientos de ingreso, acceso y adquisición de nuevas especialidades en el Cuerpo de Profesores de Música y Artes Escénicas (BOE del 28 de agosto de 2015).</p>
