{"id":10839,"date":"2022-07-08T13:09:39","date_gmt":"2022-07-08T11:09:39","guid":{"rendered":"https:\/\/www.dosacordes.es\/web\/?post_type=product&#038;p=10839"},"modified":"2026-03-05T09:39:26","modified_gmt":"2026-03-05T08:39:26","slug":"temario-de-contrabajo","status":"publish","type":"product","link":"https:\/\/www.dosacordes.es\/web\/producto\/temario-de-contrabajo\/","title":{"rendered":"Temario de Contrabajo"},"content":{"rendered":"","protected":false},"excerpt":{"rendered":"<h5 class=\"p1\">Paula Hern\u00e1ndez-Dionis, Eduardo Anoz Jim\u00e9nez, Rub\u00e9n Fornell Fern\u00e1ndez, Luis J. Caballero Estremera, Beatriz Alcalde Gil, M\u00f3nica Balo Gonz\u00e1lez, Javier Jurado Luque, \u00c1lvaro Jurado Garc\u00eda, Ana Rif\u00f3n Lastra<\/h5>\n<p>Correspondiente al Cuerpo de Profesores de M\u00fasica y Artes Esc\u00e9nicas. Seg\u00fan Orden ECD\/1753\/2015, de 25 de agosto, por la que se aprueban los temarios que han de regir en los procedimientos de ingreso, acceso y adquisici\u00f3n de nuevas especialidades en el Cuerpo de Profesores de M\u00fasica y Artes Esc\u00e9nicas (BOE del 28 de agosto de 2015).<\/p>\n","protected":false},"featured_media":10840,"template":"","meta":{"om_disable_all_campaigns":false,"_monsterinsights_skip_tracking":false,"_monsterinsights_sitenote_active":false,"_monsterinsights_sitenote_note":"","_monsterinsights_sitenote_category":0},"product_cat":[387,640],"product_tag":[],"aioseo_notices":[],"lang":"es","translations":{"es":10839},"pll_sync_post":[],"_links":{"self":[{"href":"https:\/\/www.dosacordes.es\/web\/wp-json\/wp\/v2\/product\/10839"}],"collection":[{"href":"https:\/\/www.dosacordes.es\/web\/wp-json\/wp\/v2\/product"}],"about":[{"href":"https:\/\/www.dosacordes.es\/web\/wp-json\/wp\/v2\/types\/product"}],"wp:featuredmedia":[{"embeddable":true,"href":"https:\/\/www.dosacordes.es\/web\/wp-json\/wp\/v2\/media\/10840"}],"wp:attachment":[{"href":"https:\/\/www.dosacordes.es\/web\/wp-json\/wp\/v2\/media?parent=10839"}],"wp:term":[{"taxonomy":"product_cat","embeddable":true,"href":"https:\/\/www.dosacordes.es\/web\/wp-json\/wp\/v2\/product_cat?post=10839"},{"taxonomy":"product_tag","embeddable":true,"href":"https:\/\/www.dosacordes.es\/web\/wp-json\/wp\/v2\/product_tag?post=10839"}],"curies":[{"name":"wp","href":"https:\/\/api.w.org\/{rel}","templated":true}]}}

<h5 class="p1">Paula Hernández-Dionis, Eduardo Anoz Jiménez, Rubén Fornell Fernández, Luis J. Caballero Estremera, Beatriz Alcalde Gil, Mónica Balo González, Javier Jurado Luque, Álvaro Jurado García, Ana Rifón Lastra</h5>
<p>Correspondiente al Cuerpo de Profesores de Música y Artes Escénicas. Según Orden ECD/1753/2015, de 25 de agosto, por la que se aprueban los temarios que han de regir en los procedimientos de ingreso, acceso y adquisición de nuevas especialidades en el Cuerpo de Profesores de Música y Artes Escénicas (BOE del 28 de agosto de 2015).</p>
