{"id":10809,"date":"2022-06-23T14:02:20","date_gmt":"2022-06-23T12:02:20","guid":{"rendered":"https:\/\/www.dosacordes.es\/web\/?post_type=product&#038;p=10809"},"modified":"2024-12-27T11:39:24","modified_gmt":"2024-12-27T10:39:24","slug":"jazz-saxofon-tecnica-basica-aplicable-a-todos-los-instrumentos-vol-2","status":"publish","type":"product","link":"https:\/\/www.dosacordes.es\/web\/producto\/jazz-saxofon-tecnica-basica-aplicable-a-todos-los-instrumentos-vol-2\/","title":{"rendered":"Jazz saxof\u00f3n: T\u00e9cnica b\u00e1sica aplicable a todos los instrumentos, vol. 2"},"content":{"rendered":"","protected":false},"excerpt":{"rendered":"<h5>Roberto Somoza<\/h5>\n<p>Segunda entrega dirigida a todos los m\u00fasicos que aspiren a mejorar t\u00e9cnicamente con su instrumento. Al igual que en el <a href=\"https:\/\/www.dosacordes.es\/web\/producto\/jazz-saxofon-tecnica-basica-aplicable-a-todos-los-instrumentos-vol-1\/\">volumen 1<\/a>, cualquiera de los apartados que se encuentran en este libro podr\u00e1 ser complementado con el material did\u00e1ctico que mejor se adapte a sus necesidades.<\/p>\n<p>Nunca un libro podr\u00e1 sustituir la sana costumbre de escuchar y aprender del vasto legado discogr\u00e1fico disponible, o de la experiencia de tocar y aprender de otros m\u00fasicos que puedan compartir con nosotros su experiencia.<\/p>\n<p>El material es el mismo para todos los estudiantes (evidentemente, con las limitaciones mec\u00e1nicas de su instrumento) pero tan solo cada uno de ellos, de forma individual, podr\u00e1 buscar su propio camino y su propia voz.<\/p>\n<p>&nbsp;<\/p>\n","protected":false},"featured_media":10810,"template":"","meta":{"om_disable_all_campaigns":false,"_monsterinsights_skip_tracking":false,"_monsterinsights_sitenote_active":false,"_monsterinsights_sitenote_note":"","_monsterinsights_sitenote_category":0},"product_cat":[382],"product_tag":[],"aioseo_notices":[],"lang":"es","translations":{"es":10809,"en":14133},"pll_sync_post":[],"_links":{"self":[{"href":"https:\/\/www.dosacordes.es\/web\/wp-json\/wp\/v2\/product\/10809"}],"collection":[{"href":"https:\/\/www.dosacordes.es\/web\/wp-json\/wp\/v2\/product"}],"about":[{"href":"https:\/\/www.dosacordes.es\/web\/wp-json\/wp\/v2\/types\/product"}],"wp:featuredmedia":[{"embeddable":true,"href":"https:\/\/www.dosacordes.es\/web\/wp-json\/wp\/v2\/media\/10810"}],"wp:attachment":[{"href":"https:\/\/www.dosacordes.es\/web\/wp-json\/wp\/v2\/media?parent=10809"}],"wp:term":[{"taxonomy":"product_cat","embeddable":true,"href":"https:\/\/www.dosacordes.es\/web\/wp-json\/wp\/v2\/product_cat?post=10809"},{"taxonomy":"product_tag","embeddable":true,"href":"https:\/\/www.dosacordes.es\/web\/wp-json\/wp\/v2\/product_tag?post=10809"}],"curies":[{"name":"wp","href":"https:\/\/api.w.org\/{rel}","templated":true}]}}