{"id":10492,"date":"2022-03-01T00:04:26","date_gmt":"2022-02-28T22:04:26","guid":{"rendered":"https:\/\/www.dosacordes.es\/web\/?post_type=product&#038;p=10492"},"modified":"2024-11-06T23:32:00","modified_gmt":"2024-11-06T22:32:00","slug":"vide-a-4-mans","status":"publish","type":"product","link":"https:\/\/www.dosacordes.es\/web\/producto\/vide-a-4-mans\/","title":{"rendered":"Vide a 4 mans"},"content":{"rendered":"","protected":false},"excerpt":{"rendered":"<h5>Jos\u00e9 Fern\u00e1ndez Vide<\/h5>\n<h6>Arreglos: Purificaci\u00f3n Iglesias y Miguel S\u00e1ez | Revisi\u00f3n: Javier Jurado<\/h6>\n<p>Se presentan en este libro una serie de piezas basadas en la edici\u00f3n de la obra de Jos\u00e9 Fern\u00e1ndez Vide, Maestro Vide, realizada por Javier Jurado para la Diputaci\u00f3n Provincial de Ourense. A partir de esta publicaci\u00f3n, los pianistas Purificaci\u00f3n Iglesias y Miguel S\u00e1ez realizaron una selecci\u00f3n de piezas y las adaptaron para piano a cuatro manos, obteniendo un material de gran inter\u00e9s musical y pedag\u00f3gico.<\/p>\n<p>Las versiones aqu\u00ed publicadas abarcan un amplio abanico de g\u00e9neros, bailables (pasodobles, valses, galop) y aires regionales, incluyendo una pieza de resonancia antillana y una balada gallega.<\/p>\n","protected":false},"featured_media":10494,"template":"","meta":{"om_disable_all_campaigns":false,"_monsterinsights_skip_tracking":false,"_monsterinsights_sitenote_active":false,"_monsterinsights_sitenote_note":"","_monsterinsights_sitenote_category":0},"product_cat":[355,353],"product_tag":[],"aioseo_notices":[],"lang":"es","translations":{"es":10492,"en":14124},"pll_sync_post":[],"_links":{"self":[{"href":"https:\/\/www.dosacordes.es\/web\/wp-json\/wp\/v2\/product\/10492"}],"collection":[{"href":"https:\/\/www.dosacordes.es\/web\/wp-json\/wp\/v2\/product"}],"about":[{"href":"https:\/\/www.dosacordes.es\/web\/wp-json\/wp\/v2\/types\/product"}],"wp:featuredmedia":[{"embeddable":true,"href":"https:\/\/www.dosacordes.es\/web\/wp-json\/wp\/v2\/media\/10494"}],"wp:attachment":[{"href":"https:\/\/www.dosacordes.es\/web\/wp-json\/wp\/v2\/media?parent=10492"}],"wp:term":[{"taxonomy":"product_cat","embeddable":true,"href":"https:\/\/www.dosacordes.es\/web\/wp-json\/wp\/v2\/product_cat?post=10492"},{"taxonomy":"product_tag","embeddable":true,"href":"https:\/\/www.dosacordes.es\/web\/wp-json\/wp\/v2\/product_tag?post=10492"}],"curies":[{"name":"wp","href":"https:\/\/api.w.org\/{rel}","templated":true}]}}