{"id":10383,"date":"2022-01-26T09:00:02","date_gmt":"2022-01-26T07:00:02","guid":{"rendered":"https:\/\/www.dosacordes.es\/web\/?post_type=product&#038;p=10383"},"modified":"2024-11-12T10:13:23","modified_gmt":"2024-11-12T09:13:23","slug":"programaciones-didacticas-de-educacion-musical","status":"publish","type":"product","link":"https:\/\/www.dosacordes.es\/web\/producto\/programaciones-didacticas-de-educacion-musical\/","title":{"rendered":"Programaciones Did\u00e1cticas de Educaci\u00f3n Musical"},"content":{"rendered":"<a href=\"https:\/\/www.dosacordes.es\/web\/wp-content\/uploads\/2022\/01\/PD-MUSICA-PRIMARIA-EXTRACTO.pdf\" class=\"pdfemb-viewer\" style=\"\" data-width=\"max\" data-height=\"max\" data-toolbar=\"both\" data-toolbar-fixed=\"off\">PD MUSICA PRIMARIA EXTRACTO<\/a>\n","protected":false},"excerpt":{"rendered":"<h5>Carlos Garc\u00eda Atienza y Miriam Manche\u00f1o Delgado<\/h5>\n<p>Este volumen incluye dos ejemplos de Programaciones Did\u00e1cticas, con sus correspondientes Unidades Did\u00e1cticas, enfocadas a oposiciones de la especialidad de M\u00fasica del Cuerpo de Maestros. Han sido dise\u00f1adas para 4\u00ba y 6\u00ba de Educaci\u00f3n Primaria, seg\u00fan los curr\u00edculos de Comunidad Valenciana y Asturias, respectivamente. La raz\u00f3n de esta selecci\u00f3n parte del tipo de curr\u00edculo empleado en cada caso, que presenta objetivos de \u00e1rea en Asturias (al igual que los de Andaluc\u00eda, Arag\u00f3n, Baleares y Pa\u00eds Vasco) y de etapa en Comunidad Valenciana (tal y como se presentan en el resto de CC. AA.).<br \/>\nAs\u00ed, cada programaci\u00f3n pretende ofrecer un modelo para las personas aspirantes a este cuerpo docente y especialidad, independientemente de que las actividades y el planteamiento de cada Unidad Did\u00e1ctica sean aprovechables en todas las comunidades.<\/p>\n<p>Ambos autores, adem\u00e1s de ser funcionarios de carrera, desempe\u00f1an labores de apoyo a la preparaci\u00f3n de oposiciones en la academia virtual Dos Acordes, dirigida por Javier Jurado.<\/p>\n","protected":false},"featured_media":10384,"template":"","meta":{"om_disable_all_campaigns":false,"_monsterinsights_skip_tracking":false,"_monsterinsights_sitenote_active":false,"_monsterinsights_sitenote_note":"","_monsterinsights_sitenote_category":0},"product_cat":[641],"product_tag":[],"aioseo_notices":[],"lang":"es","translations":{"es":10383},"pll_sync_post":[],"_links":{"self":[{"href":"https:\/\/www.dosacordes.es\/web\/wp-json\/wp\/v2\/product\/10383"}],"collection":[{"href":"https:\/\/www.dosacordes.es\/web\/wp-json\/wp\/v2\/product"}],"about":[{"href":"https:\/\/www.dosacordes.es\/web\/wp-json\/wp\/v2\/types\/product"}],"wp:featuredmedia":[{"embeddable":true,"href":"https:\/\/www.dosacordes.es\/web\/wp-json\/wp\/v2\/media\/10384"}],"wp:attachment":[{"href":"https:\/\/www.dosacordes.es\/web\/wp-json\/wp\/v2\/media?parent=10383"}],"wp:term":[{"taxonomy":"product_cat","embeddable":true,"href":"https:\/\/www.dosacordes.es\/web\/wp-json\/wp\/v2\/product_cat?post=10383"},{"taxonomy":"product_tag","embeddable":true,"href":"https:\/\/www.dosacordes.es\/web\/wp-json\/wp\/v2\/product_tag?post=10383"}],"curies":[{"name":"wp","href":"https:\/\/api.w.org\/{rel}","templated":true}]}}