{"id":10354,"date":"2022-01-20T11:32:00","date_gmt":"2022-01-20T09:32:00","guid":{"rendered":"https:\/\/www.dosacordes.es\/web\/?post_type=product&#038;p=10354"},"modified":"2026-03-23T08:38:05","modified_gmt":"2026-03-23T07:38:05","slug":"programacion-didactica-de-oboe","status":"publish","type":"product","link":"https:\/\/www.dosacordes.es\/web\/producto\/programacion-didactica-de-oboe\/","title":{"rendered":"Programaci\u00f3n Did\u00e1ctica de Oboe"},"content":{"rendered":"","protected":false},"excerpt":{"rendered":"<h5>Silvia Camino Saco<\/h5>\n<p><strong>2.\u00ba de Ense\u00f1anzas Profesionales<\/strong><\/p>\n<p>La presente programaci\u00f3n est\u00e1 dirigida al 2\u00ba curso de Ense\u00f1anzas Profesionales de M\u00fasica en la materia de Oboe.<\/p>\n<p>Esta programaci\u00f3n es producto de un proceso de desarrollo curricular que, partiendo de la legislaci\u00f3n vigente, se materializa en el proyecto educativo y el proyecto curricular.<\/p>\n<p>Esta propuesta pedag\u00f3gica es abierta y flexible. Se trata de un primer modo de proceder para con los alumnos, el cual deber\u00e1 ser revisado y modificado peri\u00f3dicamente atendiendo a las necesidades educativas, a los conocimientos previos y a las caracter\u00edsticas del alumnado. Por lo tanto, se prestar\u00e1 atenci\u00f3n a la diversidad y se contemplar\u00e1n los recursos necesarios para el alumnado con necesidad espec\u00edfica de apoyo educativo.<\/p>\n","protected":false},"featured_media":10355,"template":"","meta":{"om_disable_all_campaigns":false,"_monsterinsights_skip_tracking":false,"_monsterinsights_sitenote_active":false,"_monsterinsights_sitenote_note":"","_monsterinsights_sitenote_category":0},"product_cat":[641],"product_tag":[],"aioseo_notices":[],"lang":"es","translations":{"es":10354},"pll_sync_post":[],"_links":{"self":[{"href":"https:\/\/www.dosacordes.es\/web\/wp-json\/wp\/v2\/product\/10354"}],"collection":[{"href":"https:\/\/www.dosacordes.es\/web\/wp-json\/wp\/v2\/product"}],"about":[{"href":"https:\/\/www.dosacordes.es\/web\/wp-json\/wp\/v2\/types\/product"}],"wp:featuredmedia":[{"embeddable":true,"href":"https:\/\/www.dosacordes.es\/web\/wp-json\/wp\/v2\/media\/10355"}],"wp:attachment":[{"href":"https:\/\/www.dosacordes.es\/web\/wp-json\/wp\/v2\/media?parent=10354"}],"wp:term":[{"taxonomy":"product_cat","embeddable":true,"href":"https:\/\/www.dosacordes.es\/web\/wp-json\/wp\/v2\/product_cat?post=10354"},{"taxonomy":"product_tag","embeddable":true,"href":"https:\/\/www.dosacordes.es\/web\/wp-json\/wp\/v2\/product_tag?post=10354"}],"curies":[{"name":"wp","href":"https:\/\/api.w.org\/{rel}","templated":true}]}}