{"id":338,"date":"2016-08-07T17:22:06","date_gmt":"2016-08-07T15:22:06","guid":{"rendered":"http:\/\/www.dosacordes.es\/web\/?page_id=338"},"modified":"2021-11-29T15:14:57","modified_gmt":"2021-11-29T13:14:57","slug":"bienvenida","status":"publish","type":"page","link":"https:\/\/www.dosacordes.es\/web\/bienvenida\/","title":{"rendered":"Bienvenida"},"content":{"rendered":"<div class=\"wpb-content-wrapper\"><p>[vc_row full_width=\u00bbstretch_row\u00bb css=\u00bb.vc_custom_1598392485803{padding-top: 50px !important;background-color: #edf3f4 !important;}\u00bb][vc_column][vc_single_image image=\u00bb7956&#8243; img_size=\u00bbfull\u00bb alignment=\u00bbcenter\u00bb css_animation=\u00bbfadeIn\u00bb css=\u00bb.vc_custom_1598392797702{margin-right: 200px !important;margin-left: 200px !important;background-color: #ffffff !important;}\u00bb][\/vc_column][\/vc_row][vc_row full_width=\u00bbstretch_row\u00bb css=\u00bb.vc_custom_1598392493291{background-color: #edf3f4 !important;}\u00bb][vc_column][vc_column_text]<\/p>\n<p style=\"text-align: justify;\">Dos Acordes es una empresa de servicios musicales creada en el a\u00f1o 2002 en Vigo (Espa\u00f1a) y establecida en Baiona desde el 2005. Nuestro trabajo, que es tambi\u00e9n nuestra pasi\u00f3n, es la m\u00fasica. La actividad de nuestra empresa se concreta, actualmente, en tres sectores: la ense\u00f1anza, la edici\u00f3n y el asesoramiento cultural.<\/p>\n<p style=\"text-align: justify;\">Nuestro plan de publicaciones incluye desde partituras hasta materiales did\u00e1ctico-educativos y todo tipo de literatura, tanto t\u00e9cnica como ensay\u00edstica, sobre m\u00fasica, as\u00ed como la edici\u00f3n de material sonoro. En nuestra tienda online podr\u00e1s consultar el cat\u00e1logo actualizado y realizar tu compra, si lo deseas.<\/p>\n<p style=\"text-align: justify;\">En lo referente a la ense\u00f1anza, nuestro campo de trabajo se orienta hacia la preparaci\u00f3n de oposiciones docentes. Tras muchos a\u00f1os preparando a opositores de m\u00fasica de secundaria, primaria y conservatorios con excelentes resultados, ampliamos desde el curso 2016-2017 nuestra oferta a otras especialidades del Cuerpo de Maestros, con vistas a convertirnos en una academia generalista de corte estatal (con clases impartidas online). Nuestro profesorado es siempre funcionario de carrera de la especialidad y posee amplia experiencia en el \u00e1mbito de la preparaci\u00f3n.<\/p>\n<p style=\"text-align: justify;\">Nuestra experiencia y dedicaci\u00f3n han hecho que nuestro \u00edndice de aprobados sea muy elevado. Si est\u00e1s preparando oposiciones \u2014o piensas prepararlas\u2014, consulta en el men\u00fa nuestra oferta de clases y horarios; no te vas a arrepentir. Tambi\u00e9n asesoramos proyectos culturales, as\u00ed como campa\u00f1as publicitarias, dise\u00f1o&#8230; todo lo que precises y que tenga relaci\u00f3n con actividades de \u00edndole musical. No dudes en ponerte en contacto con nosotros para cualquier consulta; aunque no se ajuste exactamente a las situaciones que te planteamos, estaremos encantados de atenderte.<\/p>\n<p style=\"text-align: right;\">Javier Jurado<\/p>\n<p>[\/vc_column_text][\/vc_column][\/vc_row][vc_row full_width=\u00bbstretch_row\u00bb parallax=\u00bbcontent-moving\u00bb parallax_image=\u00bb7998&#8243; parallax_speed_bg=\u00bb4&#8243;][vc_column]\n\t<style type=\"text\/css\">\n\t\t.cta-69f5c40994d2c.toko-cta .toko-cta-title { color: #ffffff; }\n\t\t.cta-69f5c40994d2c.toko-cta .toko-cta-description { color: #9c9c9c; }\n\t\t.cta-69f5c40994d2c.toko-cta a.toko-cta-button { background-color: #ecad25; }\n\t\t.cta-69f5c40994d2c.toko-cta a.toko-cta-button:hover { background-color: #dda326; }\n\t\t.cta-69f5c40994d2c.toko-cta a.toko-cta-button { color: #ffffff; }\n\t\t.cta-69f5c40994d2c.toko-cta a.toko-cta-button:hover { color: #ffffff !important; }\n\t\t.cta-69f5c40994d2c.toko-cta .toko-cta-title { border-bottom-color: #9c9c9c; }\n\t<\/style>\n\n\t<div class=\"toko-cta cta-69f5c40994d2c text-center\">\n\t\t\t\t    \t\t        <h2 class=\"toko-cta-title\">Descubre nuestra oferta de servicios<\/h2>\n\t\t    \n\t\t\t\t\t\n        \t        <a href=\"\/web\/servicios-ofrecidos\/\" class=\"toko-cta-link\">ACTIVIDAD<\/a>\n\t        <\/div>\n\n\t[\/vc_column][\/vc_row][vc_row][vc_column][vc_images_carousel images=\u00bb8820,10187&#8243; img_size=\u00bbfull\u00bb onclick=\u00bblink_no\u00bb slides_per_view=\u00bb2&#8243; hide_pagination_control=\u00bbyes\u00bb hide_prev_next_buttons=\u00bbyes\u00bb][\/vc_column][\/vc_row]<\/p>\n<\/div>","protected":false},"excerpt":{"rendered":"<p>[vc_row full_width=\u00bbstretch_row\u00bb css=\u00bb.vc_custom_1598392485803{padding-top: 50px !important;background-color: #edf3f4 !important;}\u00bb][vc_column][vc_single_image image=\u00bb7956&#8243; img_size=\u00bbfull\u00bb alignment=\u00bbcenter\u00bb css_animation=\u00bbfadeIn\u00bb css=\u00bb.vc_custom_1598392797702{margin-right: 200px !important;margin-left: 200px !important;background-color: #ffffff !important;}\u00bb][\/vc_column][\/vc_row][vc_row full_width=\u00bbstretch_row\u00bb css=\u00bb.vc_custom_1598392493291{background-color: #edf3f4 !important;}\u00bb][vc_column][vc_column_text] Dos Acordes es una empresa de servicios musicales creada en el a\u00f1o 2002 en Vigo (Espa\u00f1a) y establecida en Baiona desde el 2005. Nuestro trabajo, que es tambi\u00e9n nuestra pasi\u00f3n, es la m\u00fasica. [&hellip;]<\/p>\n","protected":false},"author":1,"featured_media":308,"parent":0,"menu_order":0,"comment_status":"closed","ping_status":"closed","template":"page_visual_composer.php","meta":{"om_disable_all_campaigns":false,"_monsterinsights_skip_tracking":false,"_monsterinsights_sitenote_active":false,"_monsterinsights_sitenote_note":"","_monsterinsights_sitenote_category":0,"footnotes":""},"aioseo_notices":[],"lang":"es","translations":{"es":338,"ar":13177,"uy":13178,"en":13937},"pll_sync_post":[],"_links":{"self":[{"href":"https:\/\/www.dosacordes.es\/web\/wp-json\/wp\/v2\/pages\/338"}],"collection":[{"href":"https:\/\/www.dosacordes.es\/web\/wp-json\/wp\/v2\/pages"}],"about":[{"href":"https:\/\/www.dosacordes.es\/web\/wp-json\/wp\/v2\/types\/page"}],"author":[{"embeddable":true,"href":"https:\/\/www.dosacordes.es\/web\/wp-json\/wp\/v2\/users\/1"}],"replies":[{"embeddable":true,"href":"https:\/\/www.dosacordes.es\/web\/wp-json\/wp\/v2\/comments?post=338"}],"version-history":[{"count":36,"href":"https:\/\/www.dosacordes.es\/web\/wp-json\/wp\/v2\/pages\/338\/revisions"}],"predecessor-version":[{"id":10188,"href":"https:\/\/www.dosacordes.es\/web\/wp-json\/wp\/v2\/pages\/338\/revisions\/10188"}],"wp:featuredmedia":[{"embeddable":true,"href":"https:\/\/www.dosacordes.es\/web\/wp-json\/wp\/v2\/media\/308"}],"wp:attachment":[{"href":"https:\/\/www.dosacordes.es\/web\/wp-json\/wp\/v2\/media?parent=338"}],"curies":[{"name":"wp","href":"https:\/\/api.w.org\/{rel}","templated":true}]}}

<div class="wpb-content-wrapper"><p>[vc_row full_width=»stretch_row» css=».vc_custom_1598392485803{padding-top: 50px !important;background-color: #edf3f4 !important;}»][vc_column][vc_single_image image=»7956&#8243; img_size=»full» alignment=»center» css_animation=»fadeIn» css=».vc_custom_1598392797702{margin-right: 200px !important;margin-left: 200px !important;background-color: #ffffff !important;}»][/vc_column][/vc_row][vc_row full_width=»stretch_row» css=».vc_custom_1598392493291{background-color: #edf3f4 !important;}»][vc_column][vc_column_text]</p>
<p style="text-align: justify;">Dos Acordes es una empresa de servicios musicales creada en el año 2002 en Vigo (España) y establecida en Baiona desde el 2005. Nuestro trabajo, que es también nuestra pasión, es la música. La actividad de nuestra empresa se concreta, actualmente, en tres sectores: la enseñanza, la edición y el asesoramiento cultural.</p>
<p style="text-align: justify;">Nuestro plan de publicaciones incluye desde partituras hasta materiales didáctico-educativos y todo tipo de literatura, tanto técnica como ensayística, sobre música, así como la edición de material sonoro. En nuestra tienda online podrás consultar el catálogo actualizado y realizar tu compra, si lo deseas.</p>
<p style="text-align: justify;">En lo referente a la enseñanza, nuestro campo de trabajo se orienta hacia la preparación de oposiciones docentes. Tras muchos años preparando a opositores de música de secundaria, primaria y conservatorios con excelentes resultados, ampliamos desde el curso 2016-2017 nuestra oferta a otras especialidades del Cuerpo de Maestros, con vistas a convertirnos en una academia generalista de corte estatal (con clases impartidas online). Nuestro profesorado es siempre funcionario de carrera de la especialidad y posee amplia experiencia en el ámbito de la preparación.</p>
<p style="text-align: justify;">Nuestra experiencia y dedicación han hecho que nuestro índice de aprobados sea muy elevado. Si estás preparando oposiciones —o piensas prepararlas—, consulta en el menú nuestra oferta de clases y horarios; no te vas a arrepentir. También asesoramos proyectos culturales, así como campañas publicitarias, diseño&#8230; todo lo que precises y que tenga relación con actividades de índole musical. No dudes en ponerte en contacto con nosotros para cualquier consulta; aunque no se ajuste exactamente a las situaciones que te planteamos, estaremos encantados de atenderte.</p>
<p style="text-align: right;">Javier Jurado</p>
<p>[/vc_column_text][/vc_column][/vc_row][vc_row full_width=»stretch_row» parallax=»content-moving» parallax_image=»7998&#8243; parallax_speed_bg=»4&#8243;][vc_column]
	<style type="text/css">
		.cta-69f5c40994d2c.toko-cta .toko-cta-title { color: #ffffff; }
		.cta-69f5c40994d2c.toko-cta .toko-cta-description { color: #9c9c9c; }
		.cta-69f5c40994d2c.toko-cta a.toko-cta-button { background-color: #ecad25; }
		.cta-69f5c40994d2c.toko-cta a.toko-cta-button:hover { background-color: #dda326; }
		.cta-69f5c40994d2c.toko-cta a.toko-cta-button { color: #ffffff; }
		.cta-69f5c40994d2c.toko-cta a.toko-cta-button:hover { color: #ffffff !important; }
		.cta-69f5c40994d2c.toko-cta .toko-cta-title { border-bottom-color: #9c9c9c; }
	</style>

	<div class="toko-cta cta-69f5c40994d2c text-center">
				    		        <h2 class="toko-cta-title">Descubre nuestra oferta de servicios</h2>
		    
					
        	        <a href="/web/servicios-ofrecidos/" class="toko-cta-link">ACTIVIDAD</a>
	        </div>

	[/vc_column][/vc_row][vc_row][vc_column][vc_images_carousel images=»8820,10187&#8243; img_size=»full» onclick=»link_no» slides_per_view=»2&#8243; hide_pagination_control=»yes» hide_prev_next_buttons=»yes»][/vc_column][/vc_row]</p>
</div>

<p>[vc_row full_width=»stretch_row» css=».vc_custom_1598392485803{padding-top: 50px !important;background-color: #edf3f4 !important;}»][vc_column][vc_single_image image=»7956&#8243; img_size=»full» alignment=»center» css_animation=»fadeIn» css=».vc_custom_1598392797702{margin-right: 200px !important;margin-left: 200px !important;background-color: #ffffff !important;}»][/vc_column][/vc_row][vc_row full_width=»stretch_row» css=».vc_custom_1598392493291{background-color: #edf3f4 !important;}»][vc_column][vc_column_text] Dos Acordes es una empresa de servicios musicales creada en el año 2002 en Vigo (España) y establecida en Baiona desde el 2005. Nuestro trabajo, que es también nuestra pasión, es la música. [&hellip;]</p>
